000
CXUS56 KMTR 011000
CF6HWD
PRELIMINARY LOCAL CLIMATOLOGICAL DATA (WS FORM: F-6)
STATION: HAYWARD AIRPORT
MONTH: FEBRUARY
YEAR: 2023
LATITUDE: 37 39 N
LONGITUDE: 122 7 W
TEMPERATURE IN F: :PCPN: SNOW: WIND :SUNSHINE: SKY :PK WND
================================================================================
1 2 3 4 5 6A 6B 7 8 9 10 11 12 13 14 15 16 17 18
12Z AVG MX 2MIN
DY MAX MIN AVG DEP HDD CDD WTR SNW DPTH SPD SPD DIR MIN PSBL S-S WX SPD DR
================================================================================
1 59 37 48 -4 17 0 0.00 M M 4.9 12 280 M M 0 15 260
2 59 39 49 -3 16 0 0.00 M M 4.3 12 140 M M 0 8 16 150
3 57 48 53 1 12 0 0.46 M M 5.0 14 120 M M 8 18 21 130
4 62 47 55 3 10 0 0.24 M M 7.9 23 190 M M 9 128 31 180
5 57 42 50 -3 15 0 0.10 M M 8.6 22 290 M M 4 18 31 290
6 60 37 49 -4 16 0 0.00 M M 3.4 14 280 M M 0 18 280
7 59 39 49 -4 16 0 0.00 M M 4.6 12 290 M M 0 15 300
8 64 41 53 0 12 0 0.00 M M 4.5 12 280 M M 0 16 280
9 64 41 53 0 12 0 0.00 M M 3.9 13 290 M M 0 17 290
10 58 40 49 -4 16 0 0.01 M M 8.1 21 290 M M 4 18 27 280
11 56 43 50 -3 15 0 0.03 M M 7.4 15 30 M M 7 1 22 10
12 63 39 51 -2 14 0 0.00 M M 4.5 13 290 M M 0 16 300
13 61 39 50 -3 15 0 0.00 M M 7.8 25 290 M M 1 1 33 290
14 54 43 49 -5 16 0 T M M 11.2 24 280 M M 2 35 340
15 58 36 47 -7 18 0 0.00 M M 5.5 16 290 M M 0 20 10
16 59 37 48 -6 17 0 0.00 M M 4.4 12 300 M M 0 13 300
17 63 42 53 -1 12 0 0.00 M M 6.4 10 60 M M 0 16 60
18 62 37 50 -4 15 0 0.00 M M 5.1 12 290 M M 0 14 260
19 65 39 52 -2 13 0 0.00 M M 3.0 9 300 M M 0 12 300
20 66 42 54 0 11 0 0.00 M M 4.1 10 280 M M 0 13 280
21 59 44 52 -2 13 0 T M M 14.7 38 290 M M 1 8 60 290
22 52 42 47 -7 18 0 T M M 13.9 24 270 M M 3 33 280
23 51 39 45 -9 20 0 0.16 M M 14.3 25 150 M M 7 3 38 150
24 50 39 45 -9 20 0 0.78 M M 9.6 24 120 M M 7 13 35 150
25 52 40 46 -8 19 0 0.00 M M 5.6 16 280 M M 7 19 280
26 51 40 46 -9 19 0 0.28 M M 9.6 21 150 M M 9 18 27 160
27 52 39 46 -9 19 0 0.46 M M 10.1 22 210 M M 6 13 31 210
28 54 40 47 -8 18 0 0.45 M M 10.4 17 260 M M 9 18 24 170
================================================================================
SM 1627 1131 434 0 2.97 M 202.8 M 84
================================================================================
AV 58.1 40.4 7.2 FASTST M M 3 MAX(MPH)
MISC ----> 38 290 60 290
================================================================================
NOTES:
# LAST OF SEVERAL OCCURRENCES
COLUMN 17 PEAK WIND IN M.P.H.
PRELIMINARY LOCAL CLIMATOLOGICAL DATA (WS FORM: F-6) , PAGE 2
STATION: HAYWARD AIRPORT
MONTH: FEBRUARY
YEAR: 2023
LATITUDE: 37 39 N
LONGITUDE: 122 7 W
[TEMPERATURE DATA] [PRECIPITATION DATA] SYMBOLS USED IN COLUMN 16
AVERAGE MONTHLY: 49.3 TOTAL FOR MONTH: 2.97 1 = FOG OR MIST
DPTR FM NORMAL: -4.2 DPTR FM NORMAL: -0.14 2 = FOG REDUCING VISIBILITY
HIGHEST: 66 ON 20 GRTST 24HR 0.92 ON 23-24 TO 1/4 MILE OR LESS
LOWEST: 36 ON 15 3 = THUNDER
SNOW, ICE PELLETS, HAIL 4 = ICE PELLETS
TOTAL MONTH: M 5 = HAIL
GRTST 24HR M ON M 6 = FREEZING RAIN OR DRIZZLE
GRTST DEPTH: M ON M 7 = DUSTSTORM OR SANDSTORM:
VSBY 1/2 MILE OR LESS
8 = SMOKE OR HAZE
[NO. OF DAYS WITH] [WEATHER - DAYS WITH] 9 = BLOWING SNOW
X = TORNADO
MAX 32 OR BELOW: 0 0.01 INCH OR MORE: 10
MAX 90 OR ABOVE: 0 0.10 INCH OR MORE: 8
MIN 32 OR BELOW: 0 0.50 INCH OR MORE: 1
MIN 0 OR BELOW: 0 1.00 INCH OR MORE: 0
[HDD (BASE 65) ]
TOTAL THIS MO. 434 CLEAR (SCALE 0-3) 17
DPTR FM NORMAL 112 PTCLDY (SCALE 4-7) 8
TOTAL FM JUL 1 1788 CLOUDY (SCALE 8-10) 3
DPTR FM NORMAL 185
[CDD (BASE 65) ]
TOTAL THIS MO. 0
DPTR FM NORMAL 0 [PRESSURE DATA]
TOTAL FM JAN 1 0 HIGHEST SLP M ON M
DPTR FM NORMAL 0 LOWEST SLP 29.60 ON 24
[REMARKS]
#FINAL-02-23#