517
CXUS53 KICT 020005
CF6ICT
PRELIMINARY LOCAL CLIMATOLOGICAL DATA (WS FORM: F-6)
STATION: WICHITA EISENHOWER NATIONAL
MONTH: MAY
YEAR: 2020
LATITUDE: 37 39 N
LONGITUDE: 97 25 W
TEMPERATURE IN F: :PCPN: SNOW: WIND :SUNSHINE: SKY :PK WND
================================================================================
1 2 3 4 5 6A 6B 7 8 9 10 11 12 13 14 15 16 17 18
12Z AVG MX 2MIN
DY MAX MIN AVG DEP HDD CDD WTR SNW DPTH SPD SPD DIR MIN PSBL S-S WX SPD DR
================================================================================
1 87 60 74 13 0 9 0.00 0.0 0 12.3 25 170 M M 3 36 170
2 87 60 74 12 0 9 0.00 0.0 0 9.2 24 30 M M 4 30 30
3 78 56 67 5 0 2 0.09 0.0 0 13.8 31 340 M M 4 13 43 340
4 74 58 66 4 0 1 T 0.0 0 13.8 26 350 M M 7 18 36 360
5 76 51 64 2 1 0 0.00 0.0 0 11.2 22 340 M M 3 28 10
6 72 45 59 -4 6 0 0.00 0.0 0 8.8 18 360 M M 3 31 320
7 62 49 56 -7 9 0 0.26 0.0 0 12.2 46 360 M M 8 13 58 350
8 63 41 52 -11 13 0 0.02 0.0 0 14.3 30 20 M M 3 1 43 20
9 68 38 53 -11 12 0 0.00 0.0 0 3.9 12 200 M M 0 M M
10 63 43 53 -11 12 0 T 0.0 0 11.9 23 10 M M 5 38 350
11 50 41 46 -18 19 0 1.73 0.0 0 8.9 17 60 M M 9 13 22 60
12 50 41 46 -19 19 0 0.21 0.0 0 10.3 15 70 M M 10 1 19 70
13 70 49 60 -5 5 0 0.14 0.0 0 13.4 32 170 M M 9 13 47 160
14 84 62 73 8 0 8 0.06 0.0 0 13.9 24 190 M M 6 3 32 200
15 78 63 71 5 0 6 0.12 0.0 0 12.0 40 360 M M 9 13 53 360
16 75 59 67 1 0 2 0.00 0.0 0 4.3 13 330 M M 8 15 330
17 74 56 65 -1 0 0 0.00 0.0 0 14.8 25 330 M M 3 35 10
18 75 49 62 -4 3 0 0.00 0.0 0 6.8 16 360 M M 2 21 340
19 72 53 63 -4 2 0 0.00 0.0 0 9.0 16 50 M M 2 23 50
20 75 50 63 -4 2 0 0.00 0.0 0 9.4 20 90 M M 4 26 100
21 76 60 68 0 0 3 0.13 0.0 0 12.0 28 130 M M 8 13 41 140
22 80 59 70 2 0 5 1.23 0.0 0 9.4 26 70 M M 7 138 37 310
23 86 56 71 3 0 6 0.00 0.0 0 11.4 23 160 M M 6 31 200
24 84 70 77 9 0 12 T 0.0 0 15.3 35 210 M M 9 49 200
25 72 60 66 -3 0 1 0.20 0.0 0 10.6 24 300 M M 10 1 35 190
26 73 57 65 -4 0 0 0.07 0.0 0 11.6 23 330 M M 8 1 29 310
27 76 57 67 -2 0 2 T 0.0 0 6.7 15 340 M M 9 20 340
28 82 60 71 1 0 6 0.10 0.0 0 10.0 22 20 M M 7 1 30 10
29 83 56 70 0 0 5 0.00 0.0 0 6.9 14 30 M M 0 18 60
30 83 60 72 2 0 7 0.00 0.0 0 10.3 22 160 M M 3 29 150
31 86 64 75 4 0 10 0.00 0.0 0 12.5 22 160 M M 4 37 190
================================================================================
SM 2314 1683 103 94 4.36 0.0 330.9 M 173
================================================================================
AV 74.7 54.3 10.7 FASTST M M 6 MAX(MPH)
MISC ----> # 46 360 # 58 350
================================================================================
NOTES:
# LAST OF SEVERAL OCCURRENCES
COLUMN 17 PEAK WIND IN M.P.H.
PRELIMINARY LOCAL CLIMATOLOGICAL DATA (WS FORM: F-6) , PAGE 2
STATION: WICHITA EISENHOWER NATIONAL
MONTH: MAY
YEAR: 2020
LATITUDE: 37 39 N
LONGITUDE: 97 25 W
[TEMPERATURE DATA] [PRECIPITATION DATA] SYMBOLS USED IN COLUMN 16
AVERAGE MONTHLY: 64.5 TOTAL FOR MONTH: 4.36 1 = FOG OR MIST
DPTR FM NORMAL: -1.5 DPTR FM NORMAL: -0.21 2 = FOG REDUCING VISIBILITY
HIGHEST: 87 ON 2, 1 GRTST 24HR 1.73 ON 11-11 TO 1/4 MILE OR LESS
LOWEST: 38 ON 9 3 = THUNDER
SNOW, ICE PELLETS, HAIL 4 = ICE PELLETS
TOTAL MONTH: 0.0 INCH 5 = HAIL
GRTST 24HR 0.0 6 = FREEZING RAIN OR DRIZZLE
GRTST DEPTH: 0 7 = DUSTSTORM OR SANDSTORM:
VSBY 1/2 MILE OR LESS
8 = SMOKE OR HAZE
[NO. OF DAYS WITH] [WEATHER - DAYS WITH] 9 = BLOWING SNOW
X = TORNADO
MAX 32 OR BELOW: 0 0.01 INCH OR MORE: 13
MAX 90 OR ABOVE: 0 0.10 INCH OR MORE: 9
MIN 32 OR BELOW: 0 0.50 INCH OR MORE: 2
MIN 0 OR BELOW: 0 1.00 INCH OR MORE: 2
[HDD (BASE 65) ]
TOTAL THIS MO. 103 CLEAR (SCALE 0-3) 10
DPTR FM NORMAL 23 PTCLDY (SCALE 4-7) 13
TOTAL FM JUL 1 4291 CLOUDY (SCALE 8-10) 8
DPTR FM NORMAL -297
[CDD (BASE 65) ]
TOTAL THIS MO. 94
DPTR FM NORMAL -16 [PRESSURE DATA]
TOTAL FM JAN 1 110 HIGHEST SLP 30.41 ON 11
DPTR FM NORMAL -26 LOWEST SLP 29.62 ON 22
[REMARKS]
#FINAL-05-20#