000
CXUS55 KPIH 011929 RRA
CF6IDA
PRELIMINARY LOCAL CLIMATOLOGICAL DATA (WS FORM: F-6)
STATION: IDAHO FALLS
MONTH: JANUARY
YEAR: 2024
LATITUDE: 43 31 N
LONGITUDE: 112 4 W
TEMPERATURE IN F: :PCPN: SNOW: WIND :SUNSHINE: SKY :PK WND
================================================================================
1 2 3 4 5 6A 6B 7 8 9 10 11 12 13 14 15 16 17 18
12Z AVG MX 2MIN
DY MAX MIN AVG DEP HDD CDD WTR SNW DPTH SPD SPD DIR MIN PSBL S-S WX SPD DR
================================================================================
1 33 13 23 3 42 0 0.00 M M 4.5 9 360 M M 1 11 360
2 34 11 23 3 42 0 0.00 M M 4.3 10 360 M M 0 12 360
3 33 13 23 3 42 0 0.00 M M 5.8 12 10 M M 6 14 360
4 33 27 30 10 35 0 T M M 10.9 20 210 M M 10 18 23 200
5 32 27 30 10 35 0 T M M 9.6 22 220 M M 9 1 27 210
6 34 23 29 9 36 0 0.01 M M 10.6 23 210 M M 9 18 29 190
7 27 6 17 -3 48 0 0.15 M M 5.2 14 220 M M 10 1 17 220
8 23 2 13 -7 52 0 T M M 9.6 22 210 M M 9 128 26 200
9 30 22 26 6 39 0 T M M 16.2 35 190 M M 9 128 53 190
10 27 15 21 1 44 0 0.02 M M 18.3 31 210 M M 7 128 40 200
11 24 14 19 -1 46 0 T M M 19.3 30 220 M M 10 18 41 220
12 28 -4 12 -8 53 0 T M M 15.5 33 220 M M 7 189 53 220
13 11 -14 -1 -21 66 0 0.03 M M 8.0 16 10 M M 3 21 10
14 18 4 11 -9 54 0 0.01 M M 8.5 20 220 M M 8 18 25 230
15 16 -13 2 -18 63 0 T M M 7.4 21 30 M M 3 18 26 30
16 13 -14 0 -20 65 0 0.00 M M 5.9 10 360 M M 1 13 360
17 36 10 23 3 42 0 0.07 M M 9.2 29 220 M M 9 18 40 220
18 36 20 28 8 37 0 0.00 M M 9.2 28 230 M M 10 8 37 230
19 37 27 32 12 33 0 0.00 M M 5.5 12 360 M M 9 15 360
20 40 25 33 12 32 0 0.04 M M 4.9 12 360 M M 6 18 15 360
21 39 24 32 11 33 0 0.00 M M 4.3 9 190 M M 8 128 14 190
22 39 22 31 10 34 0 T M M 2.3 10 350 M M 10 126 12 350
23 37 34 36 15 29 0 0.10 M M 4.2 9 210 M M 10 12 12 200
24 40 34 37 16 28 0 0.00 M M 5.8 10 200 M M 9 12 13 210
25 36 33 35 14 30 0 0.09 M M 4.1 12 220 M M 10 12 13 220
26 35 26 31 10 34 0 0.00 M M 6.5 15 210 M M 9 1 19 210
27 37 24 31 10 34 0 0.00 M M 2.6 8 350 M M 10 1 11 360
28 42 29 36 15 29 0 T M M 4.9 10 340 M M 7 1 13 340
29 46 32 39 18 26 0 0.00 M M 5.2 12 360 M M 6 1 14 40
30 50 27 39 17 26 0 0.00 M M 3.5 9 340 M M 0 1 13 360
31 50 27 39 17 26 0 0.00 M M 4.6 10 330 M M 0 12 340
================================================================================
SM 1016 526 1235 0 0.52 M 236.4 M 215
================================================================================
AV 32.8 17.0 7.6 FASTST M M 7 MAX(MPH)
MISC ----> 35 190 # 53 190
================================================================================
NOTES:
# LAST OF SEVERAL OCCURRENCES
COLUMN 17 PEAK WIND IN M.P.H.
PRELIMINARY LOCAL CLIMATOLOGICAL DATA (WS FORM: F-6) , PAGE 2
STATION: IDAHO FALLS
MONTH: JANUARY
YEAR: 2024
LATITUDE: 43 31 N
LONGITUDE: 112 4 W
[TEMPERATURE DATA] [PRECIPITATION DATA] SYMBOLS USED IN COLUMN 16
AVERAGE MONTHLY: 24.9 TOTAL FOR MONTH: 0.52 1 = FOG OR MIST
DPTR FM NORMAL: 4.5 DPTR FM NORMAL: -0.15 2 = FOG REDUCING VISIBILITY
HIGHEST: 50 ON 31,30 GRTST 24HR 0.53 ON 8- 9 TO 1/4 MILE OR LESS
LOWEST: -14 ON 16,13 3 = THUNDER
SNOW, ICE PELLETS, HAIL 4 = ICE PELLETS
TOTAL MONTH: M 5 = HAIL
GRTST 24HR M ON M 6 = FREEZING RAIN OR DRIZZLE
GRTST DEPTH: M ON M 7 = DUSTSTORM OR SANDSTORM:
VSBY 1/2 MILE OR LESS
8 = SMOKE OR HAZE
[NO. OF DAYS WITH] [WEATHER - DAYS WITH] 9 = BLOWING SNOW
X = TORNADO
MAX 32 OR BELOW: 11 0.01 INCH OR MORE: 9
MAX 90 OR ABOVE: 0 0.10 INCH OR MORE: 2
MIN 32 OR BELOW: 28 0.50 INCH OR MORE: 0
MIN 0 OR BELOW: 4 1.00 INCH OR MORE: 0
[HDD (BASE 65) ]
TOTAL THIS MO. 1235 CLEAR (SCALE 0-3) 5
DPTR FM NORMAL -148 PTCLDY (SCALE 4-7) 10
TOTAL FM JUL 1 3901 CLOUDY (SCALE 8-10) 16
DPTR FM NORMAL -716
[CDD (BASE 65) ]
TOTAL THIS MO. 0
DPTR FM NORMAL 0 [PRESSURE DATA]
TOTAL FM JAN 1 0 HIGHEST SLP 30.64 ON 16
DPTR FM NORMAL 0 LOWEST SLP 29.48 ON 10
[REMARKS]
16TH: TIED RECORD LOW OF -14 LAST SET IN 1960
30TH: TIED RECORD HIGH OF 50 LAST SET IN 2018
#FINAL-01-24#