000
CXUS55 KPIH 021635
CF6IDA
PRELIMINARY LOCAL CLIMATOLOGICAL DATA (WS FORM: F-6)
STATION: IDAHO FALLS
MONTH: OCTOBER
YEAR: 2023
LATITUDE: 43 31 N
LONGITUDE: 112 4 W
TEMPERATURE IN F: :PCPN: SNOW: WIND :SUNSHINE: SKY :PK WND
================================================================================
1 2 3 4 5 6A 6B 7 8 9 10 11 12 13 14 15 16 17 18
12Z AVG MX 2MIN
DY MAX MIN AVG DEP HDD CDD WTR SNW DPTH SPD SPD DIR MIN PSBL S-S WX SPD DR
================================================================================
1 63 40 52 0 13 0 0.06 M M 7.2 28 230 M M 4 3 36 230
2 51 38 45 -6 20 0 0.13 M M 7.4 21 210 M M 8 1 28 230
3 55 46 51 0 14 0 0.16 M M 12.9 21 210 M M 9 1 27 200
4 60 46 53 3 12 0 0.00 M M 10.1 21 210 M M 7 1 26 200
5 66 39 53 3 12 0 0.00 M M 4.6 10 190 M M 2 1 14 170
6 68 36 52 3 13 0 0.00 M M 4.2 10 40 M M 0 14 50
7 73 37 55 6 10 0 0.00 M M 3.5 9 350 M M 0 12 270
8 74 37 56 8 9 0 0.00 M M 3.7 9 230 M M 0 15 240
9 77 39 58 10 7 0 0.00 M M 4.4 13 210 M M 0 16 200
10 73 45 59 11 6 0 0.01 M M 8.2 29 280 M M 3 41 280
11 57 45 51 4 14 0 0.34 M M 12.0 28 210 M M 8 1 36 210
12 52 41 47 0 18 0 0.26 M M 6.6 18 330 M M 9 1 24 360
13 59 33 46 0 19 0 0.00 M M 1.6 10 210 M M 3 12 15 170
14 62 35 49 3 16 0 0.00 M M 2.7 10 190 M M 2 1 15 230
15 68 36 52 7 13 0 0.00 M M 3.4 8 360 M M 0 9 230
16 74 36 55 10 10 0 0.00 M M 3.4 9 360 M M 0 12 360
17 71 42 57 13 8 0 0.00 M M 15.0 32 220 M M 0 42 220
18 67 38 53 9 12 0 0.00 M M 5.5 13 190 M M 0 19 160
19 72 35 54 10 11 0 0.00 M M 3.6 10 210 M M 0 16 220
20 73 37 55 12 10 0 0.00 M M 4.3 12 220 M M 0 15 240
21 71 38 55 12 10 0 0.00 M M 3.5 13 220 M M 0 18 210
22 71 35 53 11 12 0 0.00 M M 4.3 10 340 M M 1 15 340
23 57 40 49 7 16 0 0.01 M M 8.3 18 200 M M 7 1 25 200
24 59 41 50 9 15 0 0.00 M M 13.3 26 200 M M 2 34 210
25 55 42 49 8 16 0 0.22 M M 11.5 21 190 M M 8 1 29 170
26 44 28 36 -5 29 0 0.07 M M 12.5 30 210 M M 8 12 40 220
27 44 28 36 -4 29 0 0.00 M M 6.1 15 220 M M 5 22 250
28 39 22 31 -9 34 0 0.00 M M 9.7 16 360 M M 4 22 360
29 38 18 28 -11 37 0 0.00 M M 6.1 15 30 M M 0 20 50
30 42 15 29 -10 36 0 0.00 M M 2.8 9 220 M M 0 14 210
31 50 19 35 -4 30 0 0.00 M M 3.7 8 190 M M 0 11 220
================================================================================
SM 1885 1107 511 0 1.26 M 206.1 M 90
================================================================================
AV 60.8 35.7 6.6 FASTST M M 3 MAX(MPH)
MISC ----> 32 220 42 220
================================================================================
NOTES:
# LAST OF SEVERAL OCCURRENCES
COLUMN 17 PEAK WIND IN M.P.H.
PRELIMINARY LOCAL CLIMATOLOGICAL DATA (WS FORM: F-6) , PAGE 2
STATION: IDAHO FALLS
MONTH: OCTOBER
YEAR: 2023
LATITUDE: 43 31 N
LONGITUDE: 112 4 W
[TEMPERATURE DATA] [PRECIPITATION DATA] SYMBOLS USED IN COLUMN 16
AVERAGE MONTHLY: 48.3 TOTAL FOR MONTH: 1.26 1 = FOG OR MIST
DPTR FM NORMAL: 3.3 DPTR FM NORMAL: 0.38 2 = FOG REDUCING VISIBILITY
HIGHEST: 77 ON 9 GRTST 24HR 0.59 ON 11-12 TO 1/4 MILE OR LESS
LOWEST: 15 ON 30 3 = THUNDER
SNOW, ICE PELLETS, HAIL 4 = ICE PELLETS
TOTAL MONTH: M 5 = HAIL
GRTST 24HR M ON M 6 = FREEZING RAIN OR DRIZZLE
GRTST DEPTH: M ON M 7 = DUSTSTORM OR SANDSTORM:
VSBY 1/2 MILE OR LESS
8 = SMOKE OR HAZE
[NO. OF DAYS WITH] [WEATHER - DAYS WITH] 9 = BLOWING SNOW
X = TORNADO
MAX 32 OR BELOW: 0 0.01 INCH OR MORE: 9
MAX 90 OR ABOVE: 0 0.10 INCH OR MORE: 5
MIN 32 OR BELOW: 6 0.50 INCH OR MORE: 0
MIN 0 OR BELOW: 0 1.00 INCH OR MORE: 0
[HDD (BASE 65) ]
TOTAL THIS MO. 511 CLEAR (SCALE 0-3) 18
DPTR FM NORMAL -111 PTCLDY (SCALE 4-7) 10
TOTAL FM JUL 1 669 CLOUDY (SCALE 8-10) 3
DPTR FM NORMAL -255
[CDD (BASE 65) ]
TOTAL THIS MO. 0
DPTR FM NORMAL 0 [PRESSURE DATA]
TOTAL FM JAN 1 388 HIGHEST SLP 30.63 ON 30
DPTR FM NORMAL 140 LOWEST SLP 29.50 ON 11
[REMARKS]
#FINAL-10-23#