000
CXUS53 KUNR 052137
CF6IEN
PRELIMINARY LOCAL CLIMATOLOGICAL DATA (WS FORM: F-6)
STATION: PINE RIDGE SD
MONTH: JANUARY
YEAR: 2024
LATITUDE: 43 1 N
LONGITUDE: 102 31 W
TEMPERATURE IN F: :PCPN: SNOW: WIND :SUNSHINE: SKY :PK WND
================================================================================
1 2 3 4 5 6A 6B 7 8 9 10 11 12 13 14 15 16 17 18
12Z AVG MX 2MIN
DY MAX MIN AVG DEP HDD CDD WTR SNW DPTH SPD SPD DIR MIN PSBL S-S WX SPD DR
================================================================================
1 37 11 24 0 41 0 0.00 M M 5.0 13 240 M M 0 17 200
2 38 5 22 -2 43 0 0.00 M M 1.5 10 260 M M 0 15 270
3 25 1 13 -11 52 0 0.00 M M 4.3 14 80 M M 4 1 18 80
4 30 20 25 1 40 0 0.00 M M 9.8 18 200 M M 7 24 200
5 36 8 22 -2 43 0 0.06 M M 2.8 10 250 M M 7 1 14 250
6 31 3 17 -7 48 0 T M M 2.9 13 360 M M 2 1 19 20
7 34 0 17 -7 48 0 0.03 M M 3.1 14 20 M M 4 1 17 20
8 20 -10 5 -19 60 0 T M M 5.1 18 340 M M 8 128 25 340
9 36 -12 12 -12 53 0 T M M 5.5 24 280 M M 4 18 36 270
10 37 19 28 4 37 0 T M M 8.1 18 280 M M 6 1 26 270
11 19 -11 4 -20 61 0 0.23 M M 7.4 18 20 M M 9 18 24 10
12 -2 -19 -10 -34 75 0 T M M 8.1 22 350 M M 7 128 31 350
13 -15 -35 -25 -49 90 0 T M M 6.9 18 280 M M 5 8 25 20
14 -7 -35 -21 -45 86 0 T M M 3.0 8 70 M M 3 10 70
15 -8 -14 -11 -35 76 0 0.01 M M 9.4 17 270 M M 3 18 23 350
16 23 -13 5 -19 60 0 0.00 M M 10.0 18 260 M M 3 27 260
17 33 2 18 -6 47 0 0.00 M M 3.0 10 240 M M 5 13 240
18 18 -14 2 -22 63 0 0.06 M M 8.0 28 10 M M 7 1289 37 360
19 9 -18 -4 -28 69 0 0.00 M M 3.8 12 250 M M 0 15 280
20 23 -18 3 -21 62 0 0.00 M M 13.8 32 190 M M 0 43 200
21 43 19 31 7 34 0 0.00 M M 7.2 25 200 M M 0 1 32 200
22 43 13 28 4 37 0 0.00 M M 2.6 10 70 M M 0 1 12 270
23 44 14 29 5 36 0 0.00 M M 4.7 14 200 M M 3 1 18 190
24 41 25 33 9 32 0 T M M 4.8 12 250 M M 4 8 15 250
25 45 17 31 7 34 0 0.00 M M 1.5 10 260 M M 1 13 260
26 41 16 29 5 36 0 0.00 M M 2.2 8 240 M M 3 11 260
27 43 13 28 4 37 0 0.00 M M 2.9 12 240 M M 0 16 260
28 51 26 39 14 26 0 0.00 M M 4.6 13 250 M M 0 17 230
29 54 25 40 15 25 0 0.00 M M 4.8 15 280 M M 1 19 280
30 56 24 40 15 25 0 0.00 M M 4.0 10 240 M M 0 16 250
31 63 24 44 19 21 0 0.00 M M 2.9 13 230 M M 0 16 240
================================================================================
SM 941 86 1497 0 0.39 M 163.7 M 96
================================================================================
AV 30.4 2.8 5.3 FASTST M M 3 MAX(MPH)
MISC ----> 32 190 43 200
================================================================================
NOTES:
# LAST OF SEVERAL OCCURRENCES
COLUMN 17 PEAK WIND IN M.P.H.
PRELIMINARY LOCAL CLIMATOLOGICAL DATA (WS FORM: F-6) , PAGE 2
STATION: PINE RIDGE SD
MONTH: JANUARY
YEAR: 2024
LATITUDE: 43 1 N
LONGITUDE: 102 31 W
[TEMPERATURE DATA] [PRECIPITATION DATA] SYMBOLS USED IN COLUMN 16
AVERAGE MONTHLY: 16.6 TOTAL FOR MONTH: 0.39 1 = FOG OR MIST
DPTR FM NORMAL: -7.6 DPTR FM NORMAL: 0.06 2 = FOG REDUCING VISIBILITY
HIGHEST: 63 ON 31 GRTST 24HR 0.23 ON 11-11 TO 1/4 MILE OR LESS
LOWEST: -35 ON 14,13 3 = THUNDER
SNOW, ICE PELLETS, HAIL 4 = ICE PELLETS
TOTAL MONTH: M 5 = HAIL
GRTST 24HR M ON M 6 = FREEZING RAIN OR DRIZZLE
GRTST DEPTH: M ON M 7 = DUSTSTORM OR SANDSTORM:
VSBY 1/2 MILE OR LESS
8 = SMOKE OR HAZE
[NO. OF DAYS WITH] [WEATHER - DAYS WITH] 9 = BLOWING SNOW
X = TORNADO
MAX 32 OR BELOW: 13 0.01 INCH OR MORE: 5
MAX 90 OR ABOVE: 0 0.10 INCH OR MORE: 1
MIN 32 OR BELOW: 31 0.50 INCH OR MORE: 0
MIN 0 OR BELOW: 12 1.00 INCH OR MORE: 0
[HDD (BASE 65) ]
TOTAL THIS MO. 1497 CLEAR (SCALE 0-3) 18
DPTR FM NORMAL 231 PTCLDY (SCALE 4-7) 11
TOTAL FM JUL 1 4090 CLOUDY (SCALE 8-10) 2
DPTR FM NORMAL -47
[CDD (BASE 65) ]
TOTAL THIS MO. 0
DPTR FM NORMAL 0 [PRESSURE DATA]
TOTAL FM JAN 1 0 HIGHEST SLP 30.74 ON 19
DPTR FM NORMAL 0 LOWEST SLP 29.41 ON 10
[REMARKS]
#FINAL-01-24#