000
CXUS51 KPHI 150141
CF6ILG
PRELIMINARY LOCAL CLIMATOLOGICAL DATA (WS FORM: F-6)
STATION: WILMINGTON DE
MONTH: JULY
YEAR: 2022
LATITUDE: 39 40 N
LONGITUDE: 75 36 W
TEMPERATURE IN F: :PCPN: SNOW: WIND :SUNSHINE: SKY :PK WND
================================================================================
1 2 3 4 5 6A 6B 7 8 9 10 11 12 13 14 15 16 17 18
12Z AVG MX 2MIN
DY MAX MIN AVG DEP HDD CDD WTR SNW DPTH SPD SPD DIR MIN PSBL S-S WX SPD DR
================================================================================
1 93 72 83 6 0 18 0.02 0.0 0 8.9 23 280 M M 1 3 27 290
2 91 71 81 4 0 16 1.25 0.0 0 9.1 25 290 M M 3 13 31 300
3 90 67 79 2 0 14 0.03 0.0 0 6.1 15 300 M M 2 13 20 290
4 87 65 76 -1 0 11 0.00 0.0 0 5.8 10 300 M M 0 20 340
5 86 68 77 0 0 12 0.03 0.0 0 7.3 22 170 M M 5 28 180
6 89 72 81 4 0 16 T 0.0 0 6.2 15 310 M M 4 1 17 310
7 83 70 77 0 0 12 0.76 0.0 0 8.3 16 40 M M 8 1 19 40
8 86 66 76 -2 0 11 T 0.0 0 5.6 13 170 M M 2 15 170
9 77 66 72 -6 0 7 0.55 0.0 0 5.5 16 10 M M 7 1 18 20
10 82 64 73 -5 0 8 0.00 0.0 0 6.9 17 170 M M 1 1 21 160
11 83 60 72 -6 0 7 0.00 0.0 0 6.4 18 150 M M 0 22 160
12 90 68 79 1 0 14 0.03 0.0 0 10.4 29 210 M M 1 13 40 210
13 90 68 79 1 0 14 0.00 0.0 0 5.7 13 280 M M 1 15 280
14 89 72 81 3 0 16 0.00 0.0 0 6.2 16 290 M M 2 20 310
15 89 67 78 0 0 13 0.00 0.0 0 6.8 18 150 M M 1 23 150
16 87 71 79 1 0 14 0.19 0.0 0 5.6 15 180 M M 7 138 19 170
17 83 69 76 -2 0 11 0.00 0.0 0 3.6 12 160 M M 5 1 14 150
18 93 74 84 6 0 19 0.57 0.0 0 10.8 22 220 M M 3 138 29 230
19 90 73 82 4 0 17 0.00 0.0 0 8.2 16 240 M M 1 20 240
20 92 72 82 4 0 17 0.00 0.0 0 7.1 15 200 M M 1 18 210
21 94 77 86 8 0 21 0.00 0.0 0 8.9 21 260 M M 1 3 27 260
22 94 74 84 6 0 19 0.00 0.0 0 6.9 15 250 M M 0 19 220
23 95 75 85 7 0 20 0.00 0.0 0 6.0 14 240 M M 0 19 250
24 95 71 83 5 0 18 0.00 0.0 0 8.3 16 200 M M 0 22 210
25 90 78 84 6 0 19 T 0.0 0 10.0 21 240 M M 2 3 28 220
26 82 73 78 0 0 13 T 0.0 0 4.6 10 30 M M 3 14 30
27 87 72 80 2 0 15 0.00 0.0 0 5.8 14 150 M M 6 20 140
28 91 75 83 5 0 18 0.23 0.0 0 8.0 24 310 M M 1 3 35 310
29 86 71 79 2 0 14 0.01 0.0 0 5.4 14 340 M M 4 19 360
30 90 71 81 4 0 16 0.00 0.0 0 9.1 17 300 M M 2 24 310
31 88 66 77 0 0 12 0.43 0.0 0 5.5 16 270 M M 4 1 20 280
================================================================================
SM 2742 2178 0 452 4.10 0.0 219.0 M 78
================================================================================
AV 88.5 70.3 7.1 FASTST M M 3 MAX(MPH)
MISC ----> 29 210 40 210
================================================================================
NOTES:
# LAST OF SEVERAL OCCURRENCES
COLUMN 17 PEAK WIND IN M.P.H.
PRELIMINARY LOCAL CLIMATOLOGICAL DATA (WS FORM: F-6) , PAGE 2
STATION: WILMINGTON DE
MONTH: JULY
YEAR: 2022
LATITUDE: 39 40 N
LONGITUDE: 75 36 W
[TEMPERATURE DATA] [PRECIPITATION DATA] SYMBOLS USED IN COLUMN 16
AVERAGE MONTHLY: 79.4 TOTAL FOR MONTH: 4.10 1 = FOG OR MIST
DPTR FM NORMAL: 1.8 DPTR FM NORMAL: -0.31 2 = FOG REDUCING VISIBILITY
HIGHEST: 95 ON 23,24 GRTST 24HR 1.28 ON 2- 3 TO 1/4 MILE OR LESS
LOWEST: 60 ON 11 3 = THUNDER
SNOW, ICE PELLETS, HAIL 4 = ICE PELLETS
TOTAL MONTH: 0.0 INCH 5 = HAIL
GRTST 24HR 0.0 6 = FREEZING RAIN OR DRIZZLE
GRTST DEPTH: 0 7 = DUSTSTORM OR SANDSTORM:
VSBY 1/2 MILE OR LESS
8 = SMOKE OR HAZE
[NO. OF DAYS WITH] [WEATHER - DAYS WITH] 9 = BLOWING SNOW
X = TORNADO
MAX 32 OR BELOW: 0 0.01 INCH OR MORE: 12
MAX 90 OR ABOVE: 15 0.10 INCH OR MORE: 7
MIN 32 OR BELOW: 0 0.50 INCH OR MORE: 4
MIN 0 OR BELOW: 0 1.00 INCH OR MORE: 1
[HDD (BASE 65) ]
TOTAL THIS MO. 0 CLEAR (SCALE 0-3) 21
DPTR FM NORMAL 0 PTCLDY (SCALE 4-7) 10
TOTAL FM JUL 1 0 CLOUDY (SCALE 8-10) 0
DPTR FM NORMAL 0
[CDD (BASE 65) ]
TOTAL THIS MO. 452
DPTR FM NORMAL 63 [PRESSURE DATA]
TOTAL FM JAN 1 794 HIGHEST SLP 30.20 ON 4
DPTR FM NORMAL 77 LOWEST SLP 29.66 ON 21
[REMARKS]
#FINAL-07-22#