000
CXUS52 KILM 011218
CF6ILM
PRELIMINARY LOCAL CLIMATOLOGICAL DATA (WS FORM: F-6)
STATION: WILMINGTON NORTH CAROLINA
MONTH: DECEMBER
YEAR: 2020
LATITUDE: 34 16 N
LONGITUDE: 77 55 W
TEMPERATURE IN F: :PCPN: SNOW: WIND :SUNSHINE: SKY :PK WND
================================================================================
1 2 3 4 5 6A 6B 7 8 9 10 11 12 13 14 15 16 17 18
12Z AVG MX 2MIN
DY MAX MIN AVG DEP HDD CDD WTR SNW DPTH SPD SPD DIR MIN PSBL S-S WX SPD DR
================================================================================
1 51 38 45 -7 20 0 0.00 0.0 0 13.4 23 260 M M 0 28 260
2 53 32 43 -9 22 0 0.00 0.0 0 7.5 17 330 M M 0 22 290
3 60 29 45 -7 20 0 0.00 0.0 0 1.1 8 210 M M 0 1 12 210
4 73 39 56 5 9 0 0.07 0.0 0 6.0 22 210 M M 6 1 32 220
5 66 40 53 2 12 0 0.02 0.0 0 10.7 35 250 M M 1 1 49 230
6 58 33 46 -5 19 0 0.00 0.0 0 2.2 12 280 M M 0 8 13 270
7 55 38 47 -3 18 0 0.13 0.0 0 6.1 22 330 M M 9 18 27 330
8 48 30 39 -11 26 0 0.00 0.0 0 9.3 17 310 M M 1 24 320
9 57 29 43 -7 22 0 0.00 0.0 0 6.6 16 250 M M 0 1 20 240
10 60 35 48 -2 17 0 0.00 0.0 0 5.5 12 60 M M 0 15 60
11 71 42 57 7 8 0 0.00 0.0 0 2.2 7 210 M M 6 12 8 210
12 74 50 62 13 3 0 0.00 0.0 0 3.5 13 230 M M 4 12 15 230
13 72 54 63 14 2 0 0.23 0.0 0 3.7 9 250 M M 7 12 14 270
14 74 44 59 10 6 0 0.04 0.0 0 10.5 32 220 M M 5 128 45 210
15 52 36 44 -4 21 0 T 0.0 0 11.6 21 40 M M 5 29 40
16 67 43 55 7 10 0 0.56 0.0 0 10.1 24 280 M M 10 13 33 290
17 50 38 44 -4 21 0 0.00 0.0 0 5.8 18 320 M M 9 22 330
18 51 32 42 -6 23 0 0.00 0.0 0 6.6 16 360 M M 4 1 20 330
19 51 30 41 -7 24 0 0.00 0.0 0 2.8 10 30 M M 0 1 13 60
20 53 35 44 -3 21 0 0.95 0.0 0 4.4 14 320 M M 9 1 18 310
21 55 46 51 4 14 0 0.11 0.0 0 7.5 16 250 M M 6 1 22 240
22 62 35 49 2 16 0 0.00 0.0 0 8.0 21 320 M M 0 24 330
23 65 32 49 2 16 0 0.00 0.0 0 5.4 14 70 M M 1 20 100
24 73 60 67 20 0 2 0.24 0.0 0 14.3 43 240 M M 7 13 53 260
25 61 31 46 -1 19 0 0.01 0.0 0 16.5 33 250 M M 3 44 240
26 45 25 35 -11 30 0 0.00 0.0 0 5.3 13 300 M M 0 17 280
27 53 26 40 -6 25 0 0.00 0.0 0 2.3 9 120 M M 1 1 13 100
28 68 33 51 5 14 0 0.00 0.0 0 4.2 21 240 M M 0 25 220
29 61 37 49 3 16 0 0.00 0.0 0 6.7 20 10 M M 0 26 30
30 65 34 50 4 15 0 0.00 0.0 0 8.3 13 180 M M 3 19 180
31 74 64 69 23 0 4 0.30 0.0 0 11.0 24 250 M M 10 1 31 190
================================================================================
SM 1878 1170 489 6 2.66 0.0 219.1 M 107
================================================================================
AV 60.6 37.7 7.1 FASTST M M 3 MAX(MPH)
MISC ----> 43 240 53 260
================================================================================
NOTES:
# LAST OF SEVERAL OCCURRENCES
COLUMN 17 PEAK WIND IN M.P.H.
PRELIMINARY LOCAL CLIMATOLOGICAL DATA (WS FORM: F-6) , PAGE 2
STATION: WILMINGTON NORTH CAROLINA
MONTH: DECEMBER
YEAR: 2020
LATITUDE: 34 16 N
LONGITUDE: 77 55 W
[TEMPERATURE DATA] [PRECIPITATION DATA] SYMBOLS USED IN COLUMN 16
AVERAGE MONTHLY: 49.2 TOTAL FOR MONTH: 2.66 1 = FOG OR MIST
DPTR FM NORMAL: 0.6 DPTR FM NORMAL: -0.96 2 = FOG REDUCING VISIBILITY
HIGHEST: 74 ON 31,14 GRTST 24HR 1.06 ON 20-21 TO 1/4 MILE OR LESS
LOWEST: 25 ON 26 3 = THUNDER
SNOW, ICE PELLETS, HAIL 4 = ICE PELLETS
TOTAL MONTH: 0.0 INCH 5 = HAIL
GRTST 24HR 0.0 6 = FREEZING RAIN OR DRIZZLE
GRTST DEPTH: 0 7 = DUSTSTORM OR SANDSTORM:
VSBY 1/2 MILE OR LESS
8 = SMOKE OR HAZE
[NO. OF DAYS WITH] [WEATHER - DAYS WITH] 9 = BLOWING SNOW
X = TORNADO
MAX 32 OR BELOW: 0 0.01 INCH OR MORE: 11
MAX 90 OR ABOVE: 0 0.10 INCH OR MORE: 7
MIN 32 OR BELOW: 10 0.50 INCH OR MORE: 2
MIN 0 OR BELOW: 0 1.00 INCH OR MORE: 0
[HDD (BASE 65) ]
TOTAL THIS MO. 489 CLEAR (SCALE 0-3) 17
DPTR FM NORMAL -26 PTCLDY (SCALE 4-7) 9
TOTAL FM JUL 1 673 CLOUDY (SCALE 8-10) 5
DPTR FM NORMAL -209
[CDD (BASE 65) ]
TOTAL THIS MO. 6
DPTR FM NORMAL 1 [PRESSURE DATA]
TOTAL FM JAN 1 2363 HIGHEST SLP 30.51 ON 29
DPTR FM NORMAL 321 LOWEST SLP 29.59 ON 24
[REMARKS]
#FINAL-12-20#