000
CXUS53 KILX 011001
CF6ILX
PRELIMINARY LOCAL CLIMATOLOGICAL DATA (WS FORM: F-6)
STATION: LINCOLN IL
MONTH: JANUARY
YEAR: 2024
LATITUDE: 40 9 N
LONGITUDE: 89 20 W
TEMPERATURE IN F: :PCPN: SNOW: WIND :SUNSHINE: SKY :PK WND
================================================================================
1 2 3 4 5 6A 6B 7 8 9 10 11 12 13 14 15 16 17 18
12Z AVG MX 2MIN
DY MAX MIN AVG DEP HDD CDD WTR SNW DPTH SPD SPD DIR MIN PSBL S-S WX SPD DR
================================================================================
1 34 28 31 4 34 0 T T 0 M M M M M M M M
2 41 24 33 6 32 0 0.00 0.0 0 M M M M M M M M
3 34 27 31 4 34 0 T T 0 M M M M M M 12 M M
4 39 24 32 5 33 0 0.00 0.0 0 M M M M M M M M
5 37 23 30 3 35 0 0.08 0.9 0 M M M M M M 1 M M
6 33 31 32 5 33 0 0.15 1.6 2 M M M M M M 12 M M
7 34 31 33 7 32 0 0.09 0.5 1 M M M M M M 1 M M
8 36 29 33 7 32 0 0.36 0.2 0 M M M M M M 1 M M
9 38 32 35 9 30 0 0.55 0.3 T M M M M M M M M
10 35 28 32 6 33 0 T T T M M M M M M M M
11 36 29 33 7 32 0 0.01 0.0 0 M M M M M M 3 M M
12 42 18 30 4 35 0 0.71 0.2 0 M M M M M M 1 M M
13 18 -3 8 -18 57 0 0.05 1.0 T M M M M M M 9 M M
14 -3 -12 -7 -33 72 0 0.00 0.0 T M M M M M M M M
15 4 -8 -2 -28 67 0 T 0.1 T M M M M M M M M
16 9 -4 3 -23 62 0 0.01 0.1 T M M M M M M M M
17 27 4 16 -10 49 0 0.00 0.0 T M M M M M M M M
18 33 15 24 -2 41 0 0.09 2.0 T M M M M M M 1 M M
19 15 0 8 -18 57 0 0.03 0.5 3 M M M M M M 1 M M
20 12 -4 4 -22 61 0 0.00 0.0 3 M M M M M M M M
21 24 -6 9 -17 56 0 0.00 0.0 2 M M M M M M M M
22 34 24 29 3 36 0 0.40 T 1 M M M M M M 146 M M
23 41 33 37 11 28 0 0.44 0.0 T M M M M M M 12 M M
24 40 34 37 11 28 0 0.51 0.0 0 M M M M M M 12 M M
25 42 34 38 12 27 0 0.71 0.0 0 M M M M M M 12 M M
26 40 34 37 11 28 0 0.01 0.0 0 M M M M M M 12 M M
27 38 34 36 10 29 0 0.08 0.0 0 M M M M M M M M
28 35 31 33 7 32 0 0.04 0.0 0 M M M M M M M M
29 42 29 36 10 29 0 T T 0 M M M M M M 1 M M
30 41 34 38 12 27 0 0.06 0.0 0 M M M M M M M M
31 42 31 37 10 28 0 0.00 0.0 0 M M M M M M M M
================================================================================
SM 973 624 1209 0 4.38 7.4 M M M
================================================================================
AV 31.4 20.1 M FASTST M M M MAX(MPH)
MISC ----> M M M M
================================================================================
NOTES:
# LAST OF SEVERAL OCCURRENCES
COLUMN 17 PEAK WIND IN M.P.H.
PRELIMINARY LOCAL CLIMATOLOGICAL DATA (WS FORM: F-6) , PAGE 2
STATION: LINCOLN IL
MONTH: JANUARY
YEAR: 2024
LATITUDE: 40 9 N
LONGITUDE: 89 20 W
[TEMPERATURE DATA] [PRECIPITATION DATA] SYMBOLS USED IN COLUMN 16
AVERAGE MONTHLY: 25.8 TOTAL FOR MONTH: 4.38 1 = FOG OR MIST
DPTR FM NORMAL: -0.3 DPTR FM NORMAL: 2.21 2 = FOG REDUCING VISIBILITY
HIGHEST: 42 ON 31,29 GRTST 24HR 0.71 ON 8- 9 TO 1/4 MILE OR LESS
LOWEST: -12 ON 14 3 = THUNDER
SNOW, ICE PELLETS, HAIL 4 = ICE PELLETS
TOTAL MONTH: 7.4 INCHES 5 = HAIL
GRTST 24HR 2.0 ON 18-18 6 = FREEZING RAIN OR DRIZZLE
GRTST DEPTH: 3 ON 20,19 7 = DUSTSTORM OR SANDSTORM:
VSBY 1/2 MILE OR LESS
8 = SMOKE OR HAZE
[NO. OF DAYS WITH] [WEATHER - DAYS WITH] 9 = BLOWING SNOW
X = TORNADO
MAX 32 OR BELOW: 8 0.01 INCH OR MORE: 19
MAX 90 OR ABOVE: 0 0.10 INCH OR MORE: 8
MIN 32 OR BELOW: 25 0.50 INCH OR MORE: 4
MIN 0 OR BELOW: 7 1.00 INCH OR MORE: 0
[HDD (BASE 65) ]
TOTAL THIS MO. 1209 CLEAR (SCALE 0-3) 0
DPTR FM NORMAL 5 PTCLDY (SCALE 4-7) 0
TOTAL FM JUL 1 3036 CLOUDY (SCALE 8-10) 31
DPTR FM NORMAL -357
[CDD (BASE 65) ]
TOTAL THIS MO. 0
DPTR FM NORMAL 0 [PRESSURE DATA]
TOTAL FM JAN 1 0 HIGHEST SLP M ON M
DPTR FM NORMAL 0 LOWEST SLP M ON M
[REMARKS]
#FINAL-01-24#