000
CXUS53 KILX 011554
CLSILX
CLIMATE REPORT
NATIONAL WEATHER SERVICE LINCOLN IL
1054 AM CDT THU SEP 01 2022
...................................
...THE LINCOLN IL CLIMATE SUMMARY FOR THE SEASON, FROM
6/1/2022 TO 8/31/2022...
CLIMATE NORMAL PERIOD 1991 TO 2020
CLIMATE RECORD PERIOD 1905 TO 2022
WEATHER OBSERVED NORMAL DEPART LAST YEAR`S
VALUE DATE(S) VALUE FROM VALUE
NORMAL
..............................................................
TEMPERATURE (F)
RECORD
HIGH 113 07/15/1936
LOW 35 06/16/1917
06/11/1913
HIGHEST 96 07/05 MM MM 95
LOWEST 48 06/19 MM MM 49
AVG. MAXIMUM 83.9 84.3 -0.4 84.6
AVG. MINIMUM 62.0 62.1 -0.1 63.9
MEAN 73.0 73.2 -0.2 74.3
DAYS MAX >= 90 11 19.5 -8.5 12
DAYS MAX <= 32 0 0.0 0.0 0
DAYS MIN <= 32 0 0.0 0.0 0
DAYS MIN <= 0 0 0.0 0.0 0
PRECIPITATION (INCHES)
RECORD
MAXIMUM 23.76 1981
MINIMUM 3.15 1988
TOTALS 10.92 12.54 -1.62 14.68
DAILY AVG. 0.12 0.16
DAYS >= .01 25 28.0 -3.0 34
DAYS >= .10 14 18.5 -4.5 24
DAYS >= .50 8 8.4 -0.4 12
DAYS >= 1.00 3 3.6 -0.6 5
GREATEST
24 HR. TOTAL 2.10 08/02 TO 08/02 1.62
SNOWFALL (INCHES)
RECORDS
TOTAL T 2017
24 HR TOTAL 0.0 MM
TOTALS 0.0 0.0 0.0 0.0
DAYS >= TRACE 0 0.0 0.0 0
DAYS >= 1.0 0 0.0 0.0 0
GREATEST
SNOW DEPTH 0 0
24 HR TOTAL MM MM
DEGREE DAYS
HEATING TOTAL 1 23 -22 3
SINCE 7/1 0 2 -2 MM
COOLING TOTAL 756 778 -22 879
SINCE 1/1 908 879 29 MM
FREEZE DATES
RECORD
EARLIEST 09/11/1917
LATEST 05/29/1925
EARLIEST MM
LATEST 04/19
..............................................................
SKY COVER
POSSIBLE SUNSHINE (PERCENT) MM
WEATHER CONDITIONS. NUMBER OF DAYS WITH
THUNDERSTORM 16 MIXED PRECIP 0
HEAVY RAIN 12 RAIN 15
LIGHT RAIN 34 FREEZING RAIN 0
LT FREEZING RAIN 0 HAIL 0
HEAVY SNOW 0 SNOW 0
LIGHT SNOW 0 SLEET 0
FOG 17 FOG W/VIS <= 1/4 MILE 4
HAZE 1
- INDICATES NEGATIVE NUMBERS.
R INDICATES RECORD WAS SET OR TIED.
MM INDICATES DATA IS MISSING.
T INDICATES TRACE AMOUNT.
&&
RECORDS SET IN LINCOLN IL DURING 2022 SUMMER SEASON (JUN-AUG)...
NO MONTHLY OR SEASONAL RECORDS WERE SET.
$$
ERWIN