000
CXUS53 KIND 011508
CLMIND
CLIMATE REPORT
NATIONAL WEATHER SERVICE INDIANAPOLIS IN
1108 AM EDT SAT APR 01 2023
...................................
...THE INDIANAPOLIS IN CLIMATE SUMMARY FOR THE MONTH OF MARCH 2023...
CLIMATE NORMAL PERIOD 1991 TO 2020
CLIMATE RECORD PERIOD 1871 TO 2023
WEATHER OBSERVED NORMAL DEPART LAST YEAR`S
VALUE DATE(S) VALUE FROM VALUE DATE(S)
NORMAL
................................................................
TEMPERATURE (F)
RECORD
HIGH 85 03/31/1981
LOW -7 03/02/1980
HIGHEST 76 03/01 78 03/30
LOWEST 17 03/19 13 03/12
AVG. MAXIMUM 51.9 51.9 -0.0 55.9
AVG. MINIMUM 32.6 33.0 -0.4 35.1
MEAN 42.2 42.4 -0.2 45.5
DAYS MAX >= 90 0 0.0 0.0 0
DAYS MAX <= 32 1 1.6 -0.6 1
DAYS MIN <= 32 12 15.8 -3.8 11
DAYS MIN <= 0 0 0.0 0.0 0
PRECIPITATION (INCHES)
RECORD
MAXIMUM 10.95 1904
MINIMUM 0.07 1910
TOTALS 6.03 3.69 2.34 4.67
DAILY AVG. 0.19 0.12 0.07 0.15
DAYS >= .01 16 11.5 4.5 11
DAYS >= .10 10 6.7 3.3 5
DAYS >= .50 2 2.8 -0.8 4
DAYS >= 1.00 2 0.8 1.2 2
GREATEST
24 HR. TOTAL 2.24 03/03 TO 03/03
SNOWFALL (INCHES)
RECORDS
TOTAL 30.4 1906
SNOW DEPTH 15 03/19/1906
TOTALS 1.5 3.2 -1.7 T
SINCE 7/1 10.0 25.3 -15.3 MM
SNOWDEPTH AVG. 0
DAYS >= 1.0 0 0.9 -0.9 0
GREATEST
SNOW DEPTH 1 03/12 MM 03/29
03/30
03/11
24 HR TOTAL MM MM
DEGREE DAYS
HEATING TOTAL 699 702 -3 596
SINCE 7/1 4213 4750 -537 MM
COOLING TOTAL 0 3 -3 0
SINCE 1/1 0 3 -3 MM
................................................................
WIND (MPH)
AVERAGE WIND SPEED 12.4
HIGHEST WIND SPEED/DIRECTION 51/270 DATE 03/31
HIGHEST GUST SPEED/DIRECTION 67/280 DATE 03/31
SKY COVER
AVERAGE SKY COVER 0.69
AVERAGE RH (PERCENT) 67
WEATHER CONDITIONS. NUMBER OF DAYS WITH
THUNDERSTORM 4 MIXED PRECIP 1
HEAVY RAIN 3 RAIN 8
LIGHT RAIN 16 FREEZING RAIN 0
LT FREEZING RAIN 0 HAIL 0
HEAVY SNOW 0 SNOW 0
LIGHT SNOW 6 SLEET 0
FOG 16 FOG W/VIS <= 1/4 MILE 0
HAZE 1
- INDICATES NEGATIVE NUMBERS.
R INDICATES RECORD WAS SET OR TIED.
MM INDICATES DATA IS MISSING.
T INDICATES TRACE AMOUNT.
$$