000
CXUS54 KFWD 010732
CF6INJ
PRELIMINARY LOCAL CLIMATOLOGICAL DATA (WS FORM: F-6)
STATION: HILLSBORO
MONTH: AUGUST
YEAR: 2021
LATITUDE: 32 0 N
LONGITUDE: 97 6 W
TEMPERATURE IN F: :PCPN: SNOW: WIND :SUNSHINE: SKY :PK WND
================================================================================
1 2 3 4 5 6A 6B 7 8 9 10 11 12 13 14 15 16 17 18
12Z AVG MX 2MIN
DY MAX MIN AVG DEP HDD CDD WTR SNW DPTH SPD SPD DIR MIN PSBL S-S WX SPD DR
================================================================================
1 95 75 85 0 0 20 0.00 M M 6.5 22 90 M M 1 26 90
2 87 73 80 -5 0 15 0.03 M M 5.4 18 350 M M 8 1 25 350
3 90 71 81 -4 0 16 0.00 M M 5.1 12 40 M M 3 1 18 40
4 91 70 81 -4 0 16 0.00 M M 5.7 9 100 M M 2 1 16 80
5 92 74 83 -2 0 18 0.00 M M 8.9 14 150 M M 1 21 150
6 94 74 84 -1 0 19 0.00 M M 8.1 15 120 M M 5 20 140
7 96 74 85 0 0 20 0.00 M M 11.4 20 160 M M 4 25 160
8 97 78 88 3 0 23 0.00 M M 15.2 23 150 M M 3 33 150
9 96 77 87 2 0 22 0.00 M M 15.4 22 200 M M 2 29 180
10 97 77 87 2 0 22 0.00 M M 13.0 17 180 M M 4 26 190
11 97 76 87 2 0 22 0.00 M M 12.6 18 170 M M 4 24 180
12 98 76 87 2 0 22 0.00 M M 9.3 13 140 M M 1 20 130
13 96 76 86 1 0 21 0.00 M M 6.5 12 120 M M 1 16 130
14 95 73 84 0 0 19 0.94 M M 4.6 18 330 M M 3 3 28 170
15 84 73 79 -5 0 14 0.41 M M 2.5 9 60 M M 4 1 M M
16 92 71 82 -2 0 17 M M M 2.2 7 110 M M 2 1 M M
17 91 73 82 -2 0 17 0.20 M M 8.2 13 270 M M 3 3 20 270
18 87 73 80 -4 0 15 0.01 M M 7.8 17 110 M M 7 3 24 110
19 94 76 85 1 0 20 0.00 M M 11.6 17 190 M M 5 1 23 170
20 95 76 86 2 0 21 0.00 M M 11.6 15 170 M M 3 26 200
21 97 75 86 2 0 21 0.00 M M 10.3 15 170 M M 2 21 210
22 96 75 86 2 0 21 0.00 M M 8.2 12 170 M M 1 20 180
23 98 74 86 2 0 21 0.00 M M 7.1 13 160 M M 0 17 140
24 98 74 86 3 0 21 0.00 M M 8.1 12 150 M M 0 18 160
25 98 75 87 4 0 22 0.00 M M 5.1 10 120 M M 1 2 17 110
26 98 74 86 3 0 21 0.00 M M 4.1 10 100 M M 1 18 70
27 93 74 84 1 0 19 0.00 M M 8.6 13 140 M M 2 18 100
28 93 73 83 0 0 18 0.00 M M 5.9 14 70 M M 2 18 60
29 87 74 81 -1 0 16 0.13 M M 4.0 8 100 M M 6 M M
30 94 73 84 2 0 19 0.00 M M 5.5 12 50 M M 1 16 10
31 97 73 85 3 0 20 0.00 M M 4.1 9 110 M M 1 M M
================================================================================
SM 2913 2300 0 598 1.72 M 242.5 M 83
================================================================================
AV 94.0 74.2 7.8 FASTST M M 3 MAX(MPH)
MISC ----> 23 150 33 150
================================================================================
NOTES:
# LAST OF SEVERAL OCCURRENCES
COLUMN 17 PEAK WIND IN M.P.H.
PRELIMINARY LOCAL CLIMATOLOGICAL DATA (WS FORM: F-6) , PAGE 2
STATION: HILLSBORO
MONTH: AUGUST
YEAR: 2021
LATITUDE: 32 0 N
LONGITUDE: 97 6 W
[TEMPERATURE DATA] [PRECIPITATION DATA] SYMBOLS USED IN COLUMN 16
AVERAGE MONTHLY: 84.1 TOTAL FOR MONTH: 1.72 1 = FOG OR MIST
DPTR FM NORMAL: 0.2 DPTR FM NORMAL: -0.38 2 = FOG REDUCING VISIBILITY
HIGHEST: 98 ON 26,25 GRTST 24HR 0.94 ON 14-14 TO 1/4 MILE OR LESS
LOWEST: 70 ON 4 3 = THUNDER
SNOW, ICE PELLETS, HAIL 4 = ICE PELLETS
TOTAL MONTH: M 5 = HAIL
GRTST 24HR M ON M 6 = FREEZING RAIN OR DRIZZLE
GRTST DEPTH: M ON M 7 = DUSTSTORM OR SANDSTORM:
VSBY 1/2 MILE OR LESS
8 = SMOKE OR HAZE
[NO. OF DAYS WITH] [WEATHER - DAYS WITH] 9 = BLOWING SNOW
X = TORNADO
MAX 32 OR BELOW: 0 0.01 INCH OR MORE: 6
MAX 90 OR ABOVE: 27 0.10 INCH OR MORE: 4
MIN 32 OR BELOW: 0 0.50 INCH OR MORE: 1
MIN 0 OR BELOW: 0 1.00 INCH OR MORE: 0
[HDD (BASE 65) ]
TOTAL THIS MO. 0 CLEAR (SCALE 0-3) 19
DPTR FM NORMAL 0 PTCLDY (SCALE 4-7) 11
TOTAL FM JUL 1 0 CLOUDY (SCALE 8-10) 1
DPTR FM NORMAL 0
[CDD (BASE 65) ]
TOTAL THIS MO. 598
DPTR FM NORMAL 11 [PRESSURE DATA]
TOTAL FM JAN 1 1923 HIGHEST SLP M ON M
DPTR FM NORMAL -67 LOWEST SLP M ON M
[REMARKS]
#FINAL-08-21#