000
CXUS56 KFGZ 010910
CF6INW
PRELIMINARY LOCAL CLIMATOLOGICAL DATA (WS FORM: F-6)
STATION: WINSLOW AZ AIRPORT
MONTH: APRIL
YEAR: 2021
LATITUDE: 35 1 N
LONGITUDE: 110 44 W
TEMPERATURE IN F: :PCPN: SNOW: WIND :SUNSHINE: SKY :PK WND
================================================================================
1 2 3 4 5 6A 6B 7 8 9 10 11 12 13 14 15 16 17 18
12Z AVG MX 2MIN
DY MAX MIN AVG DEP HDD CDD WTR SNW DPTH SPD SPD DIR MIN PSBL S-S WX SPD DR
================================================================================
1 77 21 49 -1 16 0 0.00 M M 3.8 10 250 M M 0 15 110
2 77 38 58 8 7 0 T M M 5.8 18 230 M M 2 31 220
3 81 35 58 7 7 0 0.00 M M 4.6 14 220 M M M 16 220
4 88 39 64 13 1 0 0.00 M M 6.9 22 250 M M M 26 240
5 85 43 64 13 1 0 0.00 M M 14.2 36 240 M M 0 43 230
6 78 43 61 9 4 0 0.00 M M 12.5 28 290 M M 0 36 310
7 76 32 54 2 11 0 0.00 M M 6.7 25 230 M M 0 30 230
8 81 48 65 13 0 0 0.00 M M 13.4 32 240 M M 0 40 240
9 76 37 57 5 8 0 0.00 M M 7.9 15 290 M M 0 20 340
10 79 29 54 2 11 0 0.00 M M 6.8 18 320 M M 0 24 320
11 81 33 57 4 8 0 0.00 M M 8.1 21 200 M M 0 26 230
12 82 38 60 7 5 0 0.00 M M 8.2 23 200 M M 0 29 210
13 78 50 64 11 1 0 0.00 M M 12.4 30 200 M M 0 39 230
14 79 45 62 8 3 0 0.00 M M 15.4 33 200 M M 0 48 220
15 71 40 56 2 9 0 0.00 M M 15.1 31 250 M M 0 39 270
16 67 28 48 -6 17 0 0.00 M M 5.5 29 270 M M 3 39 270
17 62 34 48 -7 17 0 T M M 7.6 29 290 M M 4 38 280
18 63 31 47 -8 18 0 0.10 M M 5.9 26 20 M M 4 36 30
19 76 26 51 -4 14 0 0.00 M M 8.2 26 250 M M 0 35 250
20 80 36 58 2 7 0 0.00 M M 11.1 29 220 M M 0 37 220
21 77 44 61 5 4 0 0.00 M M 17.1 36 210 M M 0 45 210
22 73 40 57 1 8 0 T M M 12.1 25 250 M M 1 34 180
23 74 41 58 2 7 0 0.02 M M 14.3 31 250 M M 3 38 250
24 79 48 64 7 1 0 0.00 M M 15.8 35 230 M M 0 40 230
25 81 43 62 5 3 0 0.00 M M 15.0 31 230 M M 0 43 220
26 73 37 55 -2 10 0 0.00 M M 15.0 36 210 M M 0 47 220
27 64 38 51 -7 14 0 T M M 11.3 23 230 M M 5 30 220
28 65 35 50 -8 15 0 T M M 10.0 29 330 M M 4 38 330
29 77 31 54 -4 11 0 0.00 M M 6.3 14 60 M M 0 20 80
30 86 35 61 2 4 0 0.00 M M 5.9 15 230 M M 0 19 240
================================================================================
SM 2286 1118 242 0 0.12 M 302.9 M 26
================================================================================
AV 76.2 37.3 10.1 FASTST M M 1 MAX(MPH)
MISC ----> # 36 240 48 220
================================================================================
NOTES:
# LAST OF SEVERAL OCCURRENCES
COLUMN 17 PEAK WIND IN M.P.H.
PRELIMINARY LOCAL CLIMATOLOGICAL DATA (WS FORM: F-6) , PAGE 2
STATION: WINSLOW AZ AIRPORT
MONTH: APRIL
YEAR: 2021
LATITUDE: 35 1 N
LONGITUDE: 110 44 W
[TEMPERATURE DATA] [PRECIPITATION DATA] SYMBOLS USED IN COLUMN 16
AVERAGE MONTHLY: 56.7 TOTAL FOR MONTH: 0.12 1 = FOG OR MIST
DPTR FM NORMAL: 2.4 DPTR FM NORMAL: -0.14 2 = FOG REDUCING VISIBILITY
HIGHEST: 88 ON 4 GRTST 24HR 0.10 ON 17-18 TO 1/4 MILE OR LESS
LOWEST: 21 ON 1 3 = THUNDER
SNOW, ICE PELLETS, HAIL 4 = ICE PELLETS
TOTAL MONTH: M 5 = HAIL
GRTST 24HR M ON M 6 = FREEZING RAIN OR DRIZZLE
GRTST DEPTH: M ON M 7 = DUSTSTORM OR SANDSTORM:
VSBY 1/2 MILE OR LESS
8 = SMOKE OR HAZE
[NO. OF DAYS WITH] [WEATHER - DAYS WITH] 9 = BLOWING SNOW
X = TORNADO
MAX 32 OR BELOW: 0 0.01 INCH OR MORE: 2
MAX 90 OR ABOVE: 0 0.10 INCH OR MORE: 1
MIN 32 OR BELOW: 7 0.50 INCH OR MORE: 0
MIN 0 OR BELOW: 0 1.00 INCH OR MORE: 0
[HDD (BASE 65) ]
TOTAL THIS MO. 242 CLEAR (SCALE 0-3) 24
DPTR FM NORMAL -84 PTCLDY (SCALE 4-7) 4
TOTAL FM JUL 1 4343 CLOUDY (SCALE 8-10) 2
DPTR FM NORMAL -37
[CDD (BASE 65) ]
TOTAL THIS MO. 0
DPTR FM NORMAL -4 [PRESSURE DATA]
TOTAL FM JAN 1 0 HIGHEST SLP M ON M
DPTR FM NORMAL -4 LOWEST SLP 29.58 ON 21
[REMARKS]
#FINAL-04-21#