000
CXUS55 KFGZ 051156
CLMINW
CLIMATE REPORT
NATIONAL WEATHER SERVICE FLAGSTAFF AZ
456 AM MST SAT AUG 05 2023
...................................
...THE WINSLOW AZ AIRPORT CLIMATE SUMMARY FOR THE MONTH OF JULY 2023...
CLIMATE NORMAL PERIOD 1991 TO 2020
CLIMATE RECORD PERIOD 1915 TO 2023
WEATHER OBSERVED NORMAL DEPART LAST YEAR`S
VALUE DATE(S) VALUE FROM VALUE DATE(S)
NORMAL
................................................................
TEMPERATURE (F)
RECORD
HIGH 110 07/10/2021
LOW 42 07/01/1928
HIGHEST 107 104 07/21
07/22
LOWEST 54 51 07/07
AVG. MAXIMUM 101.6 94.6 7.0 95.7
AVG. MINIMUM 64.9 63.7 1.2 65.3
MEAN 83.3 79.1 4.2 80.5
DAYS MAX >= 90 31 25.9 5.1 25
DAYS MAX <= 32 0 0.0 0.0 0
DAYS MIN <= 32 0 0.0 0.0 0
DAYS MIN <= 0 0 0.0 0.0 0
PRECIPITATION (INCHES)
RECORD
MAXIMUM 4.81 1923
MINIMUM T 2005
TOTALS 0.04 0.89 -0.85 1.22
DAILY AVG. 0.00 0.03 -0.03 0.04
DAYS >= .01 2 6.3 -4.3 13
DAYS >= .10 0 2.4 -2.4 4
DAYS >= .50 0 0.5 -0.5 0
DAYS >= 1.00 0 0.0 0.0 0
GREATEST
24 HR. TOTAL 0.02 07/31 TO 07/31 0.47
07/12 TO 07/12
07/31 TO 07/31
DEGREE DAYS
HEATING TOTAL 0 0 0 0
SINCE 7/1 0 0 0 MM
COOLING TOTAL 572 439 133 487
SINCE 1/1 789 779 10 MM
................................................................
WIND (MPH)
AVERAGE WIND SPEED 8.8
HIGHEST WIND SPEED/DIRECTION 38/250 DATE 07/17
38/250 07/23
HIGHEST GUST SPEED/DIRECTION 47/220 DATE 07/17
47/240 07/23
SKY COVER
POSSIBLE SUNSHINE (PERCENT) MM
AVERAGE SKY COVER 0.06
NUMBER OF DAYS FAIR 30
NUMBER OF DAYS PC 1
NUMBER OF DAYS CLOUDY 0
AVERAGE RH (PERCENT) 27
WEATHER CONDITIONS. NUMBER OF DAYS WITH
THUNDERSTORM 9 MIXED PRECIP 0
HEAVY RAIN 0 RAIN 0
LIGHT RAIN 8 FREEZING RAIN 0
LT FREEZING RAIN 0 HAIL 0
HEAVY SNOW 0 SNOW 0
LIGHT SNOW 0 SLEET 0
FOG 0 FOG W/VIS <= 1/4 MILE 0
HAZE 2
- INDICATES NEGATIVE NUMBERS.
R INDICATES RECORD WAS SET OR TIED.
MM INDICATES DATA IS MISSING.
T INDICATES TRACE AMOUNT.
$$