000
CXUS53 KEAX 022108
CLAIRK
CLIMATE REPORT
NATIONAL WEATHER SERVICE KANSAS CITY/PLEASANT HILL MO
259 PM CST MON JAN 02 2023
...................................
...THE KIRKSVILLE MO CLIMATE SUMMARY FOR THE YEAR OF 2022...
CLIMATE NORMAL PERIOD: 1991 TO 2020
CLIMATE RECORD PERIOD: 9999 TO 9999
WEATHER OBSERVED NORMAL DEPART LAST YEAR`S
VALUE DATE(S) VALUE FROM VALUE
NORMAL
..............................................................
TEMPERATURE (F)
HIGHEST 97 07/05 95 2
LOWEST -11 12/22 -5 -6
12/23
AVG. MAXIMUM 62.5 62.1 0.4
AVG. MINIMUM 39.7 41.7 -2.0
MEAN 51.1 51.9 -0.8
DAYS MAX >= 90 23 24.1 -1.1
DAYS MAX <= 32 43 35.1 7.9
DAYS MIN <= 32 134 125.1 8.9
DAYS MIN <= 0 17 6.8 10.2
PRECIPITATION (INCHES)
TOTALS 30.91R 39.27 -8.36
DAILY AVG. 0.09 0.11 -0.02
DAYS >= .01 100 114.3 -14.3
DAYS >= .10 63 65.2 -2.2
DAYS >= .50 19 25.4 -6.4
DAYS >= 1.00 7 9.8 -2.8
GREATEST
24 HR. TOTAL 2.97
DEGREE DAYS
HEATING TOTAL 6021 5746 275
COOLING TOTAL 1126 1009 117
..............................................................
WIND (MPH)
AVERAGE WIND SPEED 8.8
HIGHEST WIND SPEED/DIRECTION 36/210 DATE 04/23
HIGHEST GUST SPEED/DIRECTION 52/210 DATE 04/23
SKY COVER
POSSIBLE SUNSHINE (PERCENT) MM
AVERAGE SKY COVER 0.32
NUMBER OF DAYS FAIR 227
NUMBER OF DAYS PC 89
NUMBER OF DAYS CLOUDY 49
AVERAGE RH (PERCENT) 69
WEATHER CONDITIONS. NUMBER OF DAYS WITH
THUNDERSTORM 39 MIXED PRECIP 0
HEAVY RAIN 26 RAIN 48
LIGHT RAIN 92 FREEZING RAIN 1
LT FREEZING RAIN 2 HAIL 0
HEAVY SNOW 5 SNOW 10
LIGHT SNOW 26 SLEET 0
FOG 161 FOG W/VIS <= 1/4 MILE 29
HAZE 43
- INDICATES NEGATIVE NUMBERS.
R INDICATES RECORD WAS SET OR TIED.
MM INDICATES DATA IS MISSING.
T INDICATES TRACE AMOUNT.
$$