000
CXUS53 KEAX 022153
CLAIRK
CLIMATE REPORT
NATIONAL WEATHER SERVICE
350 PM CST SUN JAN 02 2022
...................................
...THE KIRKSVILLE MO CLIMATE SUMMARY FOR THE YEAR OF 2021...
CLIMATE NORMAL PERIOD: 1991 TO 2020
CLIMATE RECORD PERIOD: 9999 TO 9999
WEATHER OBSERVED NORMAL DEPART LAST YEAR`S
VALUE DATE(S) VALUE FROM VALUE
NORMAL
..............................................................
TEMPERATURE (F)
HIGHEST 95 06/18 95 0
07/29
08/23
LOWEST -12 02/16 -5 -7
02/17
AVG. MAXIMUM 63.6 62.1 1.5
AVG. MINIMUM 43.2 41.7 1.5
MEAN 53.4 51.9 1.5
DAYS MAX >= 90 20 24.1 -4.1
DAYS MAX <= 32 28 35.1 -7.1
DAYS MIN <= 32 109 125.1 -16.1
DAYS MIN <= 0 11 6.8 4.2
PRECIPITATION (INCHES)
TOTALS 43.39 39.27 4.12
DAILY AVG. 0.12 0.11 0.01
DAYS >= .01 101 114.3 -13.3
DAYS >= .10 63 65.2 -2.2
DAYS >= .50 26 25.4 0.6
DAYS >= 1.00 11 9.8 1.2
GREATEST
24 HR. TOTAL 4.66 10/23 TO 10/24
DEGREE DAYS
HEATING TOTAL 5303 5746 -443
COOLING TOTAL 1228 1009 219
..............................................................
WIND (MPH)
AVERAGE WIND SPEED 8.4
HIGHEST WIND SPEED/DIRECTION 51/310 DATE 06/20
HIGHEST GUST SPEED/DIRECTION 76/290 DATE 06/20
SKY COVER
POSSIBLE SUNSHINE (PERCENT) MM
AVERAGE SKY COVER 0.35
NUMBER OF DAYS FAIR 222
NUMBER OF DAYS PC 74
NUMBER OF DAYS CLOUDY 69
AVERAGE RH (PERCENT) 71
WEATHER CONDITIONS. NUMBER OF DAYS WITH
THUNDERSTORM 40 MIXED PRECIP 0
HEAVY RAIN 29 RAIN 39
LIGHT RAIN 88 FREEZING RAIN 0
LT FREEZING RAIN 3 HAIL 0
HEAVY SNOW 2 SNOW 10
LIGHT SNOW 22 SLEET 0
FOG 185 FOG W/VIS <= 1/4 MILE 39
HAZE 77
- INDICATES NEGATIVE NUMBERS.
R INDICATES RECORD WAS SET OR TIED.
MM INDICATES DATA IS MISSING.
T INDICATES TRACE AMOUNT.
$$