768
CXUS53 KBIS 312059
CLMISN


CLIMATE REPORT
NATIONAL WEATHER SERVICE BISMARCK ND
358 PM CDT SAT MAR 31 2018

...................................

...THE WILLISTON ND CLIMATE SUMMARY FOR THE MONTH OF FEBRUARY 2018...

CLIMATE NORMAL PERIOD 1981 TO 2010
CLIMATE RECORD PERIOD 1894 TO 2018

WEATHER         OBSERVED          NORMAL  DEPART  LAST YEAR`S
                 VALUE   DATE(S)  VALUE   FROM    VALUE  DATE(S)
                                          NORMAL
................................................................
TEMPERATURE (F)
RECORD
 HIGH              66   02/27/1992
                        02/27/1932
 LOW              -50   02/16/1936
HIGHEST            39   02/14                         52  02/16
LOWEST            -31   02/12                        -25  02/08
AVG. MAXIMUM     15.4              27.5   -12.1     29.5
AVG. MINIMUM     -8.5               6.3   -14.8     10.1
MEAN              3.4              16.9   -13.5     19.8
DAYS MAX >= 90      0               0.0     0.0        0
DAYS MAX <= 32     26              15.7    10.3       14
DAYS MIN <= 32     28              27.5     0.5       27
DAYS MIN <= 0      22               9.5    12.5        8

PRECIPITATION (INCHES)
RECORD
 MAXIMUM         1.75   1998
 MINIMUM           MM   MM
TOTALS           0.38              0.39   -0.01     0.70
DAILY AVG.       0.01              0.01    0.00     0.03
DAYS >= .01         7               6.0     1.0       11
DAYS >= .10         2               1.1     0.9        2
DAYS >= .50         0               0.1    -0.1        0
DAYS >= 1.00        0               0.0     0.0        0
GREATEST
 24 HR. TOTAL    0.17   02/18 TO 02/18              0.33

SNOWFALL (INCHES)
TOTALS             MM
SINCE 7/1          MM
SNOWDEPTH AVG.     MM
DAYS >= 1.0         0
GREATEST
 SNOW DEPTH        MM
 24 HR TOTAL       MM

DEGREE_DAYS
HEATING TOTAL    1717              1347     370
 SINCE 7/1       6854              6768      86
.................................................................

WIND (MPH)
HIGHEST WIND SPEED/DIRECTION    32/010    DATE  02/15
HIGHEST GUST SPEED/DIRECTION    38/360    DATE  02/15

SKY COVER
POSSIBLE SUNSHINE (PERCENT)   MM
NUMBER OF DAYS FAIR           16
NUMBER OF DAYS PC              9
NUMBER OF DAYS CLOUDY          2


WEATHER CONDITIONS. NUMBER OF DAYS WITH
THUNDERSTORM              0     MIXED PRECIP               0
HEAVY RAIN                0     RAIN                       0
LIGHT RAIN                0     FREEZING RAIN              0
LT FREEZING RAIN          0     HAIL                       0
HEAVY SNOW                0     SNOW                       0
LIGHT SNOW               12     SLEET                      0
FOG                      11     FOG W/VIS <= 1/4 MILE      0
HAZE                     10

-  INDICATES NEGATIVE NUMBERS.
R  INDICATES RECORD WAS SET OR TIED.
MM INDICATES DATA IS MISSING.
T  INDICATES TRACE AMOUNT.

$$
