000
CXUS51 KOKX 012354
CF6ISP
PRELIMINARY LOCAL CLIMATOLOGICAL DATA (WS FORM: F-6)
STATION: ISLIP NY
MONTH: FEBRUARY
YEAR: 2023
LATITUDE: 40 47 N
LONGITUDE: 73 6 W
TEMPERATURE IN F: :PCPN: SNOW: WIND :SUNSHINE: SKY :PK WND
================================================================================
1 2 3 4 5 6A 6B 7 8 9 10 11 12 13 14 15 16 17 18
12Z AVG MX 2MIN
DY MAX MIN AVG DEP HDD CDD WTR SNW DPTH SPD SPD DIR MIN PSBL S-S WX SPD DR
================================================================================
1 37 26 32 1 33 0 0.04 0.3 T 8.3 15 30 M M 6 1 20 30
2 38 22 30 -2 35 0 0.00 0.0 0 7.5 18 240 M M 5 24 220
3 34 10 22 -10 43 0 0.00 0.0 0 21.4 40 320 M M 4 52 290
4 28 3 16 -16 49 0 T T 0 12.4 36 320 M M 4 47 320
5 44 28 36 4 29 0 0.00 0.0 0 12.5 22 230 M M 6 27 230
6 53 30 42 10 23 0 0.00 0.0 0 11.6 28 330 M M 4 1 34 350
7 41 27 34 2 31 0 0.07 0.0 0 8.6 16 210 M M 6 1 22 220
8 52 32 42 10 23 0 0.01 0.0 0 8.5 22 300 M M 2 1 30 320
9 53 27 40 8 25 0 0.00 0.0 0 7.1 18 180 M M 7 18 26 130
10 62 45 54 22 11 0 0.00 0.0 0 14.2 26 290 M M 4 35 270
11 46 29 38 6 27 0 0.00 0.0 0 11.3 28 290 M M 3 38 290
12 47 27 37 4 28 0 0.12 0.0 0 4.0 20 30 M M 7 24 20
13 56 37 47 14 18 0 0.03 0.0 0 11.5 22 10 M M 8 30 10
14 53 35 44 11 21 0 0.00 0.0 0 9.5 24 310 M M 2 33 320
15 57 36 47 14 18 0 0.00 0.0 0 11.8 25 190 M M 5 35 200
16 71 44 58 25 7 0 0.05 0.0 0 5.2 15 210 M M 7 1 22 220
17 57 31 44 10 21 0 0.31 T 0 13.3 36 330 M M 9 124 42 320
18 42 26 34 0 31 0 0.00 0.0 0 11.6 28 330 M M 1 39 320
19 48 32 40 6 25 0 0.00 0.0 0 7.7 18 180 M M 6 23 180
20 61 44 53 19 12 0 0.00 0.0 0 8.5 20 260 M M 8 1 25 280
21 47 36 42 8 23 0 0.29 0.0 0 8.7 20 20 M M 8 1 27 30
22 45 29 37 3 28 0 0.11 T 0 5.0 12 220 M M 7 14 15 210
23 44 37 41 6 24 0 0.03 0.0 0 9.4 16 40 M M 10 1 20 90
24 47 25 36 1 29 0 0.01 0.0 0 14.5 35 320 M M 5 1 46 320
25 30 21 26 -9 39 0 T T 0 4.6 15 360 M M 7 20 360
26 42 20 31 -4 34 0 0.00 0.0 0 5.8 21 240 M M 3 1 27 210
27 43 25 34 -2 31 0 0.10 1.8 0 9.8 22 100 M M 5 1 30 110
28 38 31 35 -1 30 0 0.45 0.9 3 9.7 21 80 M M 9 1 31 60
================================================================================
SM 1316 815 748 0 1.62 3.0 274.0 M 158
================================================================================
AV 47.0 29.1 9.8 FASTST M M 6 MAX(MPH)
MISC ----> 40 320 52 290
================================================================================
NOTES:
# LAST OF SEVERAL OCCURRENCES
COLUMN 17 PEAK WIND IN M.P.H.
PRELIMINARY LOCAL CLIMATOLOGICAL DATA (WS FORM: F-6) , PAGE 2
STATION: ISLIP NY
MONTH: FEBRUARY
YEAR: 2023
LATITUDE: 40 47 N
LONGITUDE: 73 6 W
[TEMPERATURE DATA] [PRECIPITATION DATA] SYMBOLS USED IN COLUMN 16
AVERAGE MONTHLY: 38.1 TOTAL FOR MONTH: 1.62 1 = FOG OR MIST
DPTR FM NORMAL: 4.8 DPTR FM NORMAL: -1.67 2 = FOG REDUCING VISIBILITY
HIGHEST: 71 ON 16 GRTST 24HR 0.55 ON 27-28 TO 1/4 MILE OR LESS
LOWEST: 3 ON 4 3 = THUNDER
SNOW, ICE PELLETS, HAIL 4 = ICE PELLETS
TOTAL MONTH: 3.0 INCHES 5 = HAIL
GRTST 24HR 1.8 ON 27-27 6 = FREEZING RAIN OR DRIZZLE
GRTST DEPTH: 3 ON 28 7 = DUSTSTORM OR SANDSTORM:
VSBY 1/2 MILE OR LESS
8 = SMOKE OR HAZE
[NO. OF DAYS WITH] [WEATHER - DAYS WITH] 9 = BLOWING SNOW
X = TORNADO
MAX 32 OR BELOW: 2 0.01 INCH OR MORE: 13
MAX 90 OR ABOVE: 0 0.10 INCH OR MORE: 6
MIN 32 OR BELOW: 20 0.50 INCH OR MORE: 0
MIN 0 OR BELOW: 0 1.00 INCH OR MORE: 0
[HDD (BASE 65) ]
TOTAL THIS MO. 748 CLEAR (SCALE 0-3) 4
DPTR FM NORMAL -141 PTCLDY (SCALE 4-7) 20
TOTAL FM JUL 1 3139 CLOUDY (SCALE 8-10) 4
DPTR FM NORMAL -580
[CDD (BASE 65) ]
TOTAL THIS MO. 0
DPTR FM NORMAL 0 [PRESSURE DATA]
TOTAL FM JAN 1 0 HIGHEST SLP 30.65 ON 4
DPTR FM NORMAL 0 LOWEST SLP 29.48 ON 17
[REMARKS]
#FINAL-02-23#