000
CXUS53 KGRB 301401
CF6ISW
PRELIMINARY LOCAL CLIMATOLOGICAL DATA (WS FORM: F-6)
STATION: WISCONSIN RAPIDS ASOS
MONTH: MAY
YEAR: 2023
LATITUDE: 44 22 N
LONGITUDE: 89 50 W
TEMPERATURE IN F: :PCPN: SNOW: WIND :SUNSHINE: SKY :PK WND
================================================================================
1 2 3 4 5 6A 6B 7 8 9 10 11 12 13 14 15 16 17 18
12Z AVG MX 2MIN
DY MAX MIN AVG DEP HDD CDD WTR SNW DPTH SPD SPD DIR MIN PSBL S-S WX SPD DR
================================================================================
1 49 38 44 -7 21 0 T 0.0 0 20.2 30 320 M M 10 46 320
2 51 33 42 -9 23 0 0.00 0.0 0 16.2 30 340 M M 7 44 360
3 60 28 44 -7 21 0 0.00 0.0 0 5.6 15 350 M M 3 22 320
4 76 43 60 8 5 0 0.00 0.0 0 7.8 20 200 M M 6 28 210
5 61 47 54 2 11 0 0.14 0.0 0 6.8 18 80 M M 6 13 26 70
6 61 50 56 3 9 0 0.16 0.0 0 8.8 18 340 M M 10 13 26 320
7 75 48 62 9 3 0 0.00 0.0 0 5.3 18 100 M M 5 1 27 100
8 54 47 51 -3 14 0 1.05 0.0 0 6.6 16 80 M M 10 12 23 80
9 71 50 61 7 4 0 0.00 0.0 0 3.1 8 230 M M 6 12 12 240
10 79 46 63 9 2 0 0.00 0.0 0 4.6 14 220 M M 0 12 21 250
11 84 49 67 12 0 2 0.00 0.0 0 5.3 15 230 M M 0 23 240
12 66 57 62 7 3 0 0.28 0.0 0 4.6 10 60 M M 8 1 16 70
13 69 57 63 7 2 0 0.20 0.0 0 7.8 18 80 M M 10 28 80
14 60 39 50 -6 15 0 0.15 0.0 0 5.0 17 80 M M 7 1 24 60
15 76 34 55 -1 10 0 0.00 0.0 0 3.7 14 300 M M 0 12 21 310
16 78 47 63 6 2 0 0.00 0.0 0 8.3 16 70 M M 0 24 10
17 64 36 50 -7 15 0 0.00 0.0 0 6.5 13 110 M M 0 18 120
18 75 39 57 0 8 0 0.16 0.0 0 6.6 16 310 M M 3 13 24 210
19 61 45 53 -5 12 0 0.00 0.0 0 11.2 21 310 M M 6 18 30 320
20 75 40 58 0 7 0 0.00 0.0 0 7.6 17 310 M M 0 26 320
21 78 42 60 1 5 0 0.00 0.0 0 2.3 10 290 M M 0 18 15 220
22 80 48 64 5 1 0 0.00 0.0 0 3.7 14 210 M M 0 19 210
23 82 48 65 6 0 0 0.00 0.0 0 4.0 15 200 M M 0 21 200
24 66 51 59 -1 6 0 0.00 0.0 0 11.6 21 70 M M 4 28 70
25 71 41 56 -4 9 0 0.00 0.0 0 8.3 12 110 M M 0 20 70
26 77 33 55 -5 10 0 0.00 0.0 0 4.3 13 210 M M 0 20 200
27 81 37 59 -2 6 0 0.00 0.0 0 3.9 13 160 M M 0 20 130
28 83 42 63 2 2 0 0.00 0.0 0 3.0 14 160 M M 0 18 200
29 82 48 65 4 0 0 0.00 0.0 0 3.8 14 130 M M 0 18 140
30 90 50 70 8 0 5 0.00 0.0 0 6.9 17 230 M M 0 23 240
31 92 56 74 12 0 9 0.00 0.0 0 4.7 16 120 M M 2 23 160
================================================================================
SM 2227 1369 226 16 2.14 0.0 208.1 M 103
================================================================================
AV 71.8 44.2 6.7 FASTST M M 3 MAX(MPH)
MISC ----> # 30 320 46 320
================================================================================
NOTES:
# LAST OF SEVERAL OCCURRENCES
COLUMN 17 PEAK WIND IN M.P.H.
PRELIMINARY LOCAL CLIMATOLOGICAL DATA (WS FORM: F-6) , PAGE 2
STATION: WISCONSIN RAPIDS ASOS
MONTH: MAY
YEAR: 2023
LATITUDE: 44 22 N
LONGITUDE: 89 50 W
[TEMPERATURE DATA] [PRECIPITATION DATA] SYMBOLS USED IN COLUMN 16
AVERAGE MONTHLY: 58.0 TOTAL FOR MONTH: 2.14 1 = FOG OR MIST
DPTR FM NORMAL: 1.4 DPTR FM NORMAL: -1.54 2 = FOG REDUCING VISIBILITY
HIGHEST: 92 ON 31 GRTST 24HR 1.05 ON 8- 8 TO 1/4 MILE OR LESS
LOWEST: 28 ON 3 3 = THUNDER
SNOW, ICE PELLETS, HAIL 4 = ICE PELLETS
TOTAL MONTH: T 5 = HAIL
GRTST 24HR 0.0 6 = FREEZING RAIN OR DRIZZLE
GRTST DEPTH: 0 7 = DUSTSTORM OR SANDSTORM:
VSBY 1/2 MILE OR LESS
8 = SMOKE OR HAZE
[NO. OF DAYS WITH] [WEATHER - DAYS WITH] 9 = BLOWING SNOW
X = TORNADO
MAX 32 OR BELOW: 0 0.01 INCH OR MORE: 7
MAX 90 OR ABOVE: 2 0.10 INCH OR MORE: 7
MIN 32 OR BELOW: 1 0.50 INCH OR MORE: 1
MIN 0 OR BELOW: 0 1.00 INCH OR MORE: 1
[HDD (BASE 65) ]
TOTAL THIS MO. 226 CLEAR (SCALE 0-3) 18
DPTR FM NORMAL -60 PTCLDY (SCALE 4-7) 8
TOTAL FM JUL 1 7200 CLOUDY (SCALE 8-10) 5
DPTR FM NORMAL -571
[CDD (BASE 65) ]
TOTAL THIS MO. 16
DPTR FM NORMAL -8 [PRESSURE DATA]
TOTAL FM JAN 1 28 HIGHEST SLP 30.49 ON 15
DPTR FM NORMAL 2 LOWEST SLP 29.47 ON 1
[REMARKS]
#FINAL-05-23#