000
CXHW53 PHFO 011250
CF6ITO
PRELIMINARY LOCAL CLIMATOLOGICAL DATA (WS FORM: F-6)
STATION: HILO HI
MONTH: JANUARY
YEAR: 2022
LATITUDE: 19 43 N
LONGITUDE: 155 4 W
TEMPERATURE IN F: :PCPN: SNOW: WIND :SUNSHINE: SKY :PK WND
================================================================================
1 2 3 4 5 6A 6B 7 8 9 10 11 12 13 14 15 16 17 18
12Z AVG MX 2MIN
DY MAX MIN AVG DEP HDD CDD WTR SNW DPTH SPD SPD DIR MIN PSBL S-S WX SPD DR
================================================================================
1 82 64 73 1 0 8 0.03 M M 5.8 20 120 M M 6 12 26 110
2 85 66 76 4 0 11 T M M 7.9 18 140 M M 3 24 140
3 83 67 75 3 0 10 0.06 M M 6.3 21 100 M M 5 25 100
4 83 61 72 0 0 7 T M M 5.8 14 340 M M 1 16 340
5 82 65 74 2 0 9 0.00 M M 6.3 12 360 M M 3 15 50
6 81 66 74 2 0 9 0.00 M M 6.8 13 10 M M 2 16 20
7 81 67 74 2 0 9 0.00 M M 6.3 14 10 M M 2 18 20
8 81 65 73 1 0 8 0.00 M M 5.2 13 30 M M 3 16 20
9 82 66 74 2 0 9 T M M 4.8 13 50 M M 5 16 70
10 83 64 74 2 0 9 0.00 M M 4.6 12 30 M M 2 8 15 50
11 83 66 75 3 0 10 0.28 M M 6.1 12 40 M M 2 8 15 20
12 82 66 74 2 0 9 0.38 M M 5.4 12 100 M M 8 16 110
13 82 67 75 4 0 10 T M M 6.4 17 100 M M 4 21 130
14 82 63 73 2 0 8 T M M 8.3 16 100 M M 3 20 120
15 82 65 74 3 0 9 0.01 M M 6.2 14 100 M M 5 17 100
16 82 66 74 3 0 9 0.00 M M 5.9 14 100 M M 3 19 100
17 83 64 74 3 0 9 0.01 M M 7.2 14 100 M M 1 18 100
18 81 67 74 3 0 9 0.02 M M 5.5 14 130 M M 8 18 140
19 83 65 74 3 0 9 0.02 M M 8.3 16 100 M M 4 19 140
20 79 68 74 3 0 9 0.18 M M 5.8 15 180 M M 9 1 22 150
21 81 63 72 1 0 7 0.00 M M 5.6 13 40 M M 4 16 40
22 81 60 71 0 0 6 0.01 M M 4.8 9 30 M M 3 12 360
23 82 67 75 4 0 10 0.10 M M 6.6 13 30 M M 5 16 40
24 81 65 73 2 0 8 T M M 7.5 14 40 M M 5 17 20
25 81 65 73 2 0 8 0.00 M M 5.7 10 70 M M 6 18 360
26 83 66 75 4 0 10 0.01 M M 6.6 14 80 M M 4 21 100
27 83 63 73 2 0 8 0.00 M M 8.4 15 100 M M 3 19 110
28 84 65 75 4 0 10 0.00 M M 8.0 16 100 M M 5 21 110
29 84 65 75 4 0 10 0.00 M M 7.4 15 60 M M 4 21 90
30 81 64 73 2 0 8 0.01 M M 6.3 12 110 M M 3 16 100
31 81 65 73 2 0 8 0.08 M M 7.2 14 40 M M 6 19 20
================================================================================
SM 2544 2016 0 273 1.20 M 199.0 M 127
================================================================================
AV 82.1 65.0 6.4 FASTST M M 4 MAX(MPH)
MISC ----> 21 100 26 110
================================================================================
NOTES:
# LAST OF SEVERAL OCCURRENCES
COLUMN 17 PEAK WIND IN M.P.H.
PRELIMINARY LOCAL CLIMATOLOGICAL DATA (WS FORM: F-6) , PAGE 2
STATION: HILO HI
MONTH: JANUARY
YEAR: 2022
LATITUDE: 19 43 N
LONGITUDE: 155 4 W
[TEMPERATURE DATA] [PRECIPITATION DATA] SYMBOLS USED IN COLUMN 16
AVERAGE MONTHLY: 73.5 TOTAL FOR MONTH: 1.20 1 = FOG OR MIST
DPTR FM NORMAL: 2.1 DPTR FM NORMAL: -6.66 2 = FOG REDUCING VISIBILITY
HIGHEST: 85 ON 2 GRTST 24HR 2.23 ON 2- 3 TO 1/4 MILE OR LESS
LOWEST: 60 ON 22 3 = THUNDER
SNOW, ICE PELLETS, HAIL 4 = ICE PELLETS
TOTAL MONTH: M 5 = HAIL
GRTST 24HR M ON M 6 = FREEZING RAIN OR DRIZZLE
GRTST DEPTH: M ON M 7 = DUSTSTORM OR SANDSTORM:
VSBY 1/2 MILE OR LESS
8 = SMOKE OR HAZE
[NO. OF DAYS WITH] [WEATHER - DAYS WITH] 9 = BLOWING SNOW
X = TORNADO
MAX 32 OR BELOW: 0 0.01 INCH OR MORE: 14
MAX 90 OR ABOVE: 0 0.10 INCH OR MORE: 4
MIN 32 OR BELOW: 0 0.50 INCH OR MORE: 0
MIN 0 OR BELOW: 0 1.00 INCH OR MORE: 0
[HDD (BASE 65) ]
TOTAL THIS MO. 0 CLEAR (SCALE 0-3) 9
DPTR FM NORMAL 0 PTCLDY (SCALE 4-7) 20
TOTAL FM JUL 1 0 CLOUDY (SCALE 8-10) 2
DPTR FM NORMAL 0
[CDD (BASE 65) ]
TOTAL THIS MO. 273
DPTR FM NORMAL 75 [PRESSURE DATA]
TOTAL FM JAN 1 273 HIGHEST SLP 30.15 ON 28
DPTR FM NORMAL 75 LOWEST SLP 29.82 ON 1
[REMARKS]
#FINAL-01-22#