000
CXHW53 PHFO 011250
CF6ITO
PRELIMINARY LOCAL CLIMATOLOGICAL DATA (WS FORM: F-6)
STATION: HILO HI
MONTH: JUNE
YEAR: 2021
LATITUDE: 19 43 N
LONGITUDE: 155 4 W
TEMPERATURE IN F: :PCPN: SNOW: WIND :SUNSHINE: SKY :PK WND
================================================================================
1 2 3 4 5 6A 6B 7 8 9 10 11 12 13 14 15 16 17 18
12Z AVG MX 2MIN
DY MAX MIN AVG DEP HDD CDD WTR SNW DPTH SPD SPD DIR MIN PSBL S-S WX SPD DR
================================================================================
1 84 69 77 2 0 12 0.01 M M 6.9 14 50 M M 5 1 20 80
2 84 72 78 3 0 13 0.01 M M 6.4 13 50 M M 8 17 10
3 84 68 76 1 0 11 0.01 M M 7.1 14 40 M M 5 1 19 50
4 86 67 77 2 0 12 0.00 M M 7.8 16 70 M M 4 22 70
5 85 69 77 2 0 12 T M M 7.6 16 80 M M 5 23 70
6 83 66 75 0 0 10 0.28 M M 7.7 20 80 M M 8 1 23 80
7 83 69 76 1 0 11 0.05 M M 7.8 16 80 M M 9 1 21 80
8 84 70 77 2 0 12 0.07 M M 7.2 21 50 M M 9 1 25 50
9 83 69 76 1 0 11 0.19 M M 7.9 18 80 M M 8 18 24 40
10 80 68 74 -1 0 9 0.38 M M 5.9 16 90 M M 9 18 19 80
11 84 64 74 -1 0 9 T M M 6.6 12 60 M M 4 1 16 50
12 82 66 74 -1 0 9 0.17 M M 6.4 13 50 M M 8 1 19 30
13 82 67 75 0 0 10 0.04 M M 8.0 17 40 M M 6 1 21 70
14 83 68 76 1 0 11 T M M 6.4 16 80 M M 6 19 70
15 84 63 74 -1 0 9 0.00 M M 7.1 12 50 M M 2 16 40
16 82 66 74 -1 0 9 0.09 M M 6.2 14 120 M M 9 18 20 70
17 80 70 75 0 0 10 0.32 M M 5.6 15 70 M M 9 18 19 80
18 82 68 75 0 0 10 T M M 5.6 12 40 M M 4 14 20
19 83 66 75 0 0 10 0.00 M M 5.7 13 60 M M 3 18 40
20 83 67 75 0 0 10 0.01 M M 6.6 14 30 M M 4 20 60
21 83 66 75 0 0 10 0.05 M M 6.5 15 60 M M 8 18 20 70
22 84 69 77 1 0 12 0.02 M M 5.8 14 30 M M 7 22 30
23 84 71 78 2 0 13 0.01 M M 6.3 15 60 M M 9 18 20 40
24 85 70 78 2 0 13 0.06 M M 7.1 17 110 M M 8 18 29 110
25 87 68 78 2 0 13 0.00 M M 6.3 15 90 M M 8 22 120
26 86 71 79 3 0 14 0.15 M M 6.2 16 90 M M 5 1 21 100
27 82 66 74 -2 0 9 0.18 M M 5.6 12 40 M M 7 18 16 80
28 85 66 76 0 0 11 0.00 M M 6.7 15 70 M M 4 8 25 90
29 86 67 77 1 0 12 0.15 M M 8.6 18 80 M M 8 18 26 100
30 83 72 78 2 0 13 0.01 M M 7.3 17 70 M M 9 1 22 80
================================================================================
SM 2506 2038 0 330 2.26 M 202.9 M 198
================================================================================
AV 83.5 67.9 6.8 FASTST M M 7 MAX(MPH)
MISC ----> 21 50 29 110
================================================================================
NOTES:
# LAST OF SEVERAL OCCURRENCES
COLUMN 17 PEAK WIND IN M.P.H.
PRELIMINARY LOCAL CLIMATOLOGICAL DATA (WS FORM: F-6) , PAGE 2
STATION: HILO HI
MONTH: JUNE
YEAR: 2021
LATITUDE: 19 43 N
LONGITUDE: 155 4 W
[TEMPERATURE DATA] [PRECIPITATION DATA] SYMBOLS USED IN COLUMN 16
AVERAGE MONTHLY: 75.7 TOTAL FOR MONTH: 2.26 1 = FOG OR MIST
DPTR FM NORMAL: 0.5 DPTR FM NORMAL: -5.04 2 = FOG REDUCING VISIBILITY
HIGHEST: 87 ON 25 GRTST 24HR 0.46 ON 9-10 TO 1/4 MILE OR LESS
LOWEST: 63 ON 15 3 = THUNDER
SNOW, ICE PELLETS, HAIL 4 = ICE PELLETS
TOTAL MONTH: M 5 = HAIL
GRTST 24HR M ON M 6 = FREEZING RAIN OR DRIZZLE
GRTST DEPTH: M ON M 7 = DUSTSTORM OR SANDSTORM:
VSBY 1/2 MILE OR LESS
8 = SMOKE OR HAZE
[NO. OF DAYS WITH] [WEATHER - DAYS WITH] 9 = BLOWING SNOW
X = TORNADO
MAX 32 OR BELOW: 0 0.01 INCH OR MORE: 21
MAX 90 OR ABOVE: 0 0.10 INCH OR MORE: 8
MIN 32 OR BELOW: 0 0.50 INCH OR MORE: 0
MIN 0 OR BELOW: 0 1.00 INCH OR MORE: 0
[HDD (BASE 65) ]
TOTAL THIS MO. 0 CLEAR (SCALE 0-3) 1
DPTR FM NORMAL 0 PTCLDY (SCALE 4-7) 17
TOTAL FM JUL 1 0 CLOUDY (SCALE 8-10) 12
DPTR FM NORMAL 0
[CDD (BASE 65) ]
TOTAL THIS MO. 330
DPTR FM NORMAL 22 [PRESSURE DATA]
TOTAL FM JAN 1 1697 HIGHEST SLP 30.23 ON 10
DPTR FM NORMAL 299 LOWEST SLP 29.96 ON 28
[REMARKS]
#FINAL-06-21#