000
CXHW53 PHFO 011250
CF6ITO
PRELIMINARY LOCAL CLIMATOLOGICAL DATA (WS FORM: F-6)
STATION: HILO HI
MONTH: MARCH
YEAR: 2020
LATITUDE: 19 43 N
LONGITUDE: 155 4 W
TEMPERATURE IN F: :PCPN: SNOW: WIND :SUNSHINE: SKY :PK WND
================================================================================
1 2 3 4 5 6A 6B 7 8 9 10 11 12 13 14 15 16 17 18
12Z AVG MX 2MIN
DY MAX MIN AVG DEP HDD CDD WTR SNW DPTH SPD SPD DIR MIN PSBL S-S WX SPD DR
================================================================================
1 77 64 71 0 0 6 1.41 0.0 M 6.5 21 70 M M M 18 26 80
2 83 64 74 2 0 9 2.14 0.0 M 9.3 24 130 M M M 18 30 120
3 76 68 72 0 0 7 9.16 0.0 M 5.9 18 260 M M M 18 21 250
4 80 68 74 2 0 9 0.86 0.0 M 7.5 20 120 M M M 18 24 120
5 81 69 75 3 0 10 0.35 0.0 M 6.2 14 60 M M M 1 18 40
6 81 68 75 3 0 10 0.42 0.0 M 7.5 22 50 M M M 18 27 50
7 79 66 73 1 0 8 0.05 0.0 M 9.2 20 60 M M M 25 60
8 80 68 74 2 0 9 0.01 0.0 M 10.5 17 30 M M M 22 50
9 79 67 73 1 0 8 0.51 0.0 M 6.3 16 60 M M M 18 19 70
10 78 66 72 0 0 7 0.08 0.0 M 5.8 12 90 M M M 18 16 100
11 83 65 74 2 0 9 0.06 0.0 M 7.2 18 110 M M M 26 330
12 84 68 76 4 0 11 0.00 0.0 M 8.0 21 110 M M M 26 100
13 83 67 75 3 0 10 0.11 0.0 M 5.7 17 340 M M M 1 24 140
14 79 69 74 2 0 9 T 0.0 M 4.2 12 130 M M M 14 120
15 81 71 76 4 0 11 0.08 0.0 M 6.7 18 130 M M M 8 22 120
16 84 70 77 5 0 12 0.43 0.0 M 8.1 23 120 M M M 18 29 140
17 79 71 75 3 0 10 2.29 0.0 M 7.4 21 130 M M M 18 27 140
18 81 70 76 4 0 11 2.19 0.0 M 6.7 17 130 M M M 1 20 120
19 82 70 76 4 0 11 0.31 0.0 M 5.5 15 110 M M M 18 20 120
20 82 70 76 4 0 11 0.04 0.0 M 6.5 21 120 M M M 18 25 140
21 78 69 74 2 0 9 0.12 0.0 M 4.8 13 60 M M M 18 16 80
22 77 65 71 -1 0 6 0.07 0.0 M 4.8 16 80 M M M 18 20 80
23 77 67 72 0 0 7 0.85 0.0 M 5.1 18 80 M M M 18 23 80
24 82 63 73 1 0 8 0.33 0.0 M 5.7 16 100 M M M 1 20 100
25 74 66 70 -2 0 5 0.65 0.0 M 5.3 17 80 M M M 18 22 70
26 75 66 71 -1 0 6 0.86 0.0 M 5.1 17 80 M M M 18 23 80
27 75 66 71 -1 0 6 0.85 0.0 M 5.0 13 160 M M M 18 15 140
28 82 68 75 3 0 10 0.51 0.0 M 6.3 16 110 M M M 18 19 110
29 79 68 74 2 0 9 1.95 0.0 M 4.7 16 60 M M M 18 22 70
30 79 66 73 1 0 8 0.87 0.0 M 5.0 15 60 M M M 18 18 70
31 77 67 72 0 0 7 0.39 0.0 M 4.5 12 30 M M M 18 16 30
================================================================================
SM 2467 2090 0 269 27.95 0.0 197.0 M M
================================================================================
AV 79.6 67.4 6.4 FASTST M M 0 MAX(MPH)
MISC ----> # 24 130 # 30 120
================================================================================
NOTES:
# LAST OF SEVERAL OCCURRENCES
COLUMN 17 PEAK WIND IN M.P.H.
PRELIMINARY LOCAL CLIMATOLOGICAL DATA (WS FORM: F-6) , PAGE 2
STATION: HILO HI
MONTH: MARCH
YEAR: 2020
LATITUDE: 19 43 N
LONGITUDE: 155 4 W
[TEMPERATURE DATA] [PRECIPITATION DATA] SYMBOLS USED IN COLUMN 16
AVERAGE MONTHLY: 73.5 TOTAL FOR MONTH: 27.95 1 = FOG OR MIST
DPTR FM NORMAL: 1.7 DPTR FM NORMAL: 14.52 2 = FOG REDUCING VISIBILITY
HIGHEST: 84 ON 16,12 GRTST 24HR 9.16 ON 3- 3 TO 1/4 MILE OR LESS
LOWEST: 63 ON 24 3 = THUNDER
SNOW, ICE PELLETS, HAIL 4 = ICE PELLETS
TOTAL MONTH: 0.0 INCH 5 = HAIL
GRTST 24HR 0.0 6 = FREEZING RAIN OR DRIZZLE
GRTST DEPTH: M ON M 7 = DUSTSTORM OR SANDSTORM:
VSBY 1/2 MILE OR LESS
8 = SMOKE OR HAZE
[NO. OF DAYS WITH] [WEATHER - DAYS WITH] 9 = BLOWING SNOW
X = TORNADO
MAX 32 OR BELOW: 0 0.01 INCH OR MORE: 29
MAX 90 OR ABOVE: 0 0.10 INCH OR MORE: 22
MIN 32 OR BELOW: 0 0.50 INCH OR MORE: 14
MIN 0 OR BELOW: 0 1.00 INCH OR MORE: 6
[HDD (BASE 65) ]
TOTAL THIS MO. 0 CLEAR (SCALE 0-3) 0
DPTR FM NORMAL 0 PTCLDY (SCALE 4-7) 0
TOTAL FM JUL 1 0 CLOUDY (SCALE 8-10) 0
DPTR FM NORMAL 0
[CDD (BASE 65) ]
TOTAL THIS MO. 269
DPTR FM NORMAL 58 [PRESSURE DATA]
TOTAL FM JAN 1 846 HIGHEST SLP 30.27 ON 24
DPTR FM NORMAL 265 LOWEST SLP 29.88 ON 12
[REMARKS]
#FINAL-03-20#