000
CXHW53 PHFO 011250
CF6ITO
PRELIMINARY LOCAL CLIMATOLOGICAL DATA (WS FORM: F-6)
STATION: HILO HI
MONTH: OCTOBER
YEAR: 2023
LATITUDE: 19 43 N
LONGITUDE: 155 4 W
TEMPERATURE IN F: :PCPN: SNOW: WIND :SUNSHINE: SKY :PK WND
================================================================================
1 2 3 4 5 6A 6B 7 8 9 10 11 12 13 14 15 16 17 18
12Z AVG MX 2MIN
DY MAX MIN AVG DEP HDD CDD WTR SNW DPTH SPD SPD DIR MIN PSBL S-S WX SPD DR
================================================================================
1 85 71 78 2 0 13 0.04 M M 5.3 15 80 M M 7 1 20 80
2 84 70 77 1 0 12 0.12 M M 5.5 17 80 M M 8 1 22 60
3 85 72 79 3 0 14 T M M 6.4 16 100 M M 7 23 100
4 85 68 77 1 0 12 0.00 M M 6.0 13 60 M M 4 19 120
5 85 71 78 2 0 13 0.00 M M 6.6 14 90 M M 3 19 50
6 85 68 77 1 0 12 0.00 M M 6.3 13 60 M M 2 25 50
7 85 68 77 1 0 12 0.01 M M 7.0 14 20 M M 4 20 40
8 84 68 76 0 0 11 0.18 M M 5.7 15 60 M M 7 1 18 60
9 85 68 77 1 0 12 T M M 5.9 14 70 M M 5 20 70
10 82 71 77 1 0 12 0.03 M M 6.0 14 70 M M 8 1 17 70
11 84 71 78 2 0 13 0.04 M M 6.3 14 40 M M 7 1 19 60
12 85 68 77 1 0 12 0.20 M M 6.8 17 40 M M 7 1 23 40
13 86 67 77 1 0 12 0.00 M M 5.3 13 30 M M 1 17 70
14 85 69 77 1 0 12 0.01 M M 5.8 13 50 M M 3 19 60
15 87 70 79 3 0 14 0.02 M M 6.0 13 70 M M 5 1 17 80
16 86 71 79 3 0 14 0.00 M M 5.8 16 80 M M 6 26 110
17 87 67 77 1 0 12 T M M 6.8 13 90 M M 4 22 90
18 86 69 78 2 0 13 0.00 M M 6.5 14 40 M M 5 18 20
19 85 67 76 0 0 11 0.06 M M 5.3 17 30 M M 6 1 23 20
20 85 68 77 1 0 12 0.03 M M 5.9 14 80 M M 5 1 19 110
21 87 67 77 1 0 12 0.00 M M 6.8 14 90 M M 6 21 80
22 87 68 78 3 0 13 0.00 M M 6.7 18 110 M M 2 28 100
23 87 65 76 1 0 11 0.00 M M 4.9 12 70 M M 6 17 30
24 87 69 78 3 0 13 0.00 M M 4.6 13 30 M M 6 19 50
25 84 72 78 3 0 13 0.30 M M 5.5 12 70 M M 8 1 18 50
26 83 71 77 2 0 12 0.20 M M 5.6 17 80 M M 10 1 21 70
27 85 70 78 3 0 13 0.00 M M 5.3 13 80 M M 5 18 60
28 85 68 77 2 0 12 0.00 M M 5.8 12 40 M M 3 18 30
29 85 67 76 1 0 11 0.07 M M 6.4 13 50 M M 5 1 17 40
30 85 72 79 4 0 14 0.02 M M 6.0 13 140 M M 10 1 21 80
31 85 70 78 3 0 13 0.03 M M 6.2 13 110 M M 5 18 100
================================================================================
SM 2641 2141 0 385 1.36 M 185.0 M 170
================================================================================
AV 85.2 69.1 6.0 FASTST M M 5 MAX(MPH)
MISC ----> 18 110 28 100
================================================================================
NOTES:
# LAST OF SEVERAL OCCURRENCES
COLUMN 17 PEAK WIND IN M.P.H.
PRELIMINARY LOCAL CLIMATOLOGICAL DATA (WS FORM: F-6) , PAGE 2
STATION: HILO HI
MONTH: OCTOBER
YEAR: 2023
LATITUDE: 19 43 N
LONGITUDE: 155 4 W
[TEMPERATURE DATA] [PRECIPITATION DATA] SYMBOLS USED IN COLUMN 16
AVERAGE MONTHLY: 77.1 TOTAL FOR MONTH: 1.36 1 = FOG OR MIST
DPTR FM NORMAL: 1.4 DPTR FM NORMAL: -8.88 2 = FOG REDUCING VISIBILITY
HIGHEST: 87 ON 24,23 GRTST 24HR 0.50 ON 25-26 TO 1/4 MILE OR LESS
LOWEST: 65 ON 23 3 = THUNDER
SNOW, ICE PELLETS, HAIL 4 = ICE PELLETS
TOTAL MONTH: M 5 = HAIL
GRTST 24HR M ON M 6 = FREEZING RAIN OR DRIZZLE
GRTST DEPTH: M ON M 7 = DUSTSTORM OR SANDSTORM:
VSBY 1/2 MILE OR LESS
8 = SMOKE OR HAZE
[NO. OF DAYS WITH] [WEATHER - DAYS WITH] 9 = BLOWING SNOW
X = TORNADO
MAX 32 OR BELOW: 0 0.01 INCH OR MORE: 16
MAX 90 OR ABOVE: 0 0.10 INCH OR MORE: 5
MIN 32 OR BELOW: 0 0.50 INCH OR MORE: 0
MIN 0 OR BELOW: 0 1.00 INCH OR MORE: 0
[HDD (BASE 65) ]
TOTAL THIS MO. 0 CLEAR (SCALE 0-3) 3
DPTR FM NORMAL 0 PTCLDY (SCALE 4-7) 25
TOTAL FM JUL 1 0 CLOUDY (SCALE 8-10) 3
DPTR FM NORMAL 0
[CDD (BASE 65) ]
TOTAL THIS MO. 385
DPTR FM NORMAL 53 [PRESSURE DATA]
TOTAL FM JAN 1 3182 HIGHEST SLP 30.10 ON 10
DPTR FM NORMAL 393 LOWEST SLP 29.87 ON 31
[REMARKS]
#FINAL-10-23#