152
CXUS53 KGLD 010800
CF6ITR
PRELIMINARY LOCAL CLIMATOLOGICAL DATA (WS FORM: F-6)
STATION: BURLINGTON CO
MONTH: SEPTEMBER
YEAR: 2020
LATITUDE: 39 15 N
LONGITUDE: 102 17 W
TEMPERATURE IN F: :PCPN: SNOW: WIND :SUNSHINE: SKY :PK WND
================================================================================
1 2 3 4 5 6A 6B 7 8 9 10 11 12 13 14 15 16 17 18
12Z AVG MX 2MIN
DY MAX MIN AVG DEP HDD CDD WTR SNW DPTH SPD SPD DIR MIN PSBL S-S WX SPD DR
================================================================================
1 83 55 69 1 0 4 0.01 M M 6.6 16 140 M M 2 8 20 150
2 91 50 71 3 0 6 0.00 M M 8.4 16 220 M M 0 18 22 220
3 81 54 68 0 0 3 0.00 M M 13.3 32 10 M M 0 43 20
4 93 51 72 4 0 7 0.00 M M 11.7 22 200 M M 0 28 180
5 98 55 77 10 0 12 0.00 M M 12.1 22 180 M M 0 28 180
6 101 59 80 13 0 15 0.00 M M 13.1 30 320 M M 0 40 320
7 91 47 69 2 0 4 T M M 14.4 37 70 M M 1 50 70
8 47 33 40 -26 25 0 0.14 M M 21.9 37 30 M M 10 1 46 40
9 41 32 37 -29 28 0 0.08 M M 11.4 21 30 M M 10 16 27 20
10 54 40 47 -19 18 0 0.01 M M 4.3 12 170 M M 9 1 14 170
11 70 40 55 -10 10 0 0.00 M M 9.1 17 200 M M 4 1 23 210
12 80 46 63 -2 2 0 0.00 M M 11.0 25 310 M M 0 37 320
13 87 44 66 2 0 1 0.00 M M 8.0 14 170 M M 0 18 120
14 87 48 68 4 0 3 0.00 M M 11.9 20 170 M M 0 26 160
15 87 49 68 4 0 3 0.00 M M 10.8 18 200 M M 0 22 170
16 77 48 63 0 2 0 T M M 10.9 26 50 M M 0 8 33 50
17 86 45 66 3 0 1 0.00 M M 12.6 21 200 M M 0 18 27 210
18 87 47 67 5 0 2 0.00 M M 12.3 22 180 M M 0 8 28 190
19 91 54 73 11 0 8 0.00 M M 19.4 31 170 M M 0 8 41 160
20 88 50 69 7 0 4 0.00 M M 10.7 23 190 M M 0 8 30 190
21 91 49 70 9 0 5 0.00 M M 12.4 22 150 M M 0 8 29 170
22 89 46 68 7 0 3 0.00 M M 11.9 21 150 M M 0 8 30 140
23 89 46 68 8 0 3 0.00 M M 8.3 15 280 M M 0 21 320
24 93 52 73 13 0 8 0.00 M M 9.6 17 190 M M 0 8 19 200
25 92 52 72 12 0 7 0.00 M M 10.3 16 360 M M 0 22 350
26 95 56 76 17 0 11 0.00 M M 11.3 22 40 M M 0 8 30 20
27 62 38 50 -9 15 0 T M M 12.6 29 10 M M 4 39 360
28 65 36 51 -7 14 0 0.00 M M 15.3 28 310 M M 0 43 330
29 83 37 60 2 5 0 0.00 M M 10.9 23 320 M M 0 8 29 330
30 76 43 60 3 5 0 0.00 M M 10.7 23 10 M M 0 8 31 40
================================================================================
SM 2455 1402 124 110 0.24 M 347.2 M 40
================================================================================
AV 81.8 46.7 11.6 FASTST M M 1 MAX(MPH)
MISC ----> # 37 70 50 70
================================================================================
NOTES:
# LAST OF SEVERAL OCCURRENCES
COLUMN 17 PEAK WIND IN M.P.H.
PRELIMINARY LOCAL CLIMATOLOGICAL DATA (WS FORM: F-6) , PAGE 2
STATION: BURLINGTON CO
MONTH: SEPTEMBER
YEAR: 2020
LATITUDE: 39 15 N
LONGITUDE: 102 17 W
[TEMPERATURE DATA] [PRECIPITATION DATA] SYMBOLS USED IN COLUMN 16
AVERAGE MONTHLY: 64.3 TOTAL FOR MONTH: 0.24 1 = FOG OR MIST
DPTR FM NORMAL: 1.0 DPTR FM NORMAL: -0.90 2 = FOG REDUCING VISIBILITY
HIGHEST: 101 ON 6 GRTST 24HR 0.15 ON 8- 9 TO 1/4 MILE OR LESS
LOWEST: 32 ON 9 3 = THUNDER
SNOW, ICE PELLETS, HAIL 4 = ICE PELLETS
TOTAL MONTH: M 5 = HAIL
GRTST 24HR M ON M 6 = FREEZING RAIN OR DRIZZLE
GRTST DEPTH: M ON M 7 = DUSTSTORM OR SANDSTORM:
VSBY 1/2 MILE OR LESS
8 = SMOKE OR HAZE
[NO. OF DAYS WITH] [WEATHER - DAYS WITH] 9 = BLOWING SNOW
X = TORNADO
MAX 32 OR BELOW: 0 0.01 INCH OR MORE: 4
MAX 90 OR ABOVE: 10 0.10 INCH OR MORE: 1
MIN 32 OR BELOW: 1 0.50 INCH OR MORE: 0
MIN 0 OR BELOW: 0 1.00 INCH OR MORE: 0
[HDD (BASE 65) ]
TOTAL THIS MO. 124 CLEAR (SCALE 0-3) 25
DPTR FM NORMAL -6 PTCLDY (SCALE 4-7) 2
TOTAL FM JUL 1 124 CLOUDY (SCALE 8-10) 3
DPTR FM NORMAL -21
[CDD (BASE 65) ]
TOTAL THIS MO. 110
DPTR FM NORMAL 33 [PRESSURE DATA]
TOTAL FM JAN 1 1199 HIGHEST SLP M ON M
DPTR FM NORMAL 416 LOWEST SLP 29.56 ON 7
[REMARKS]
#FINAL-09-20#