000
CXUS53 KIWX 010810
CF6IWX
PRELIMINARY LOCAL CLIMATOLOGICAL DATA (WS FORM: F-6)
STATION: NORTH WEBSTER WFO
MONTH: MAY
YEAR: 2023
LATITUDE: 41 21 N
LONGITUDE: 85 42 W
TEMPERATURE IN F: :PCPN: SNOW: WIND :SUNSHINE: SKY :PK WND
================================================================================
1 2 3 4 5 6A 6B 7 8 9 10 11 12 13 14 15 16 17 18
12Z AVG MX 2MIN
DY MAX MIN AVG DEP HDD CDD WTR SNW DPTH SPD SPD DIR MIN PSBL S-S WX SPD DR
================================================================================
1 43 35 39 -16 26 0 0.44 T 0 M M M M M M 1 M M
2 45 37 41 -14 24 0 0.07 0.0 0 M M M M M M 1 M M
3 53 37 45 -11 20 0 0.01 0.0 0 M M M M M M M M
4 63 29 46 -10 19 0 0.00 0.0 0 M M M M M M M M
5 72 49 61 5 4 0 0.00 0.0 0 M M M M M M M M
6 73 50 62 5 3 0 0.02 0.0 0 M M M M M M 3 M M
7 81 58 70 13 0 5 0.68 0.0 0 M M M M M M 3 M M
8 63 54 59 1 6 0 0.01 0.0 0 M M M M M M M M
9 72 49 61 3 4 0 0.00 0.0 0 M M M M M M M M
10 74 49 62 4 3 0 0.00 0.0 0 M M M M M M M M
11 80 56 68 10 0 3 0.00 0.0 0 M M M M M M M M
12 80 56 68 9 0 3 0.22 0.0 0 M M M M M M M M
13 73 64 69 10 0 4 0.09 0.0 0 M M M M M M M M
14 69 57 63 3 2 0 T 0.0 0 M M M M M M M M
15 72 51 62 2 3 0 0.00 0.0 0 M M M M M M M M
16 76 47 62 2 3 0 0.00 0.0 0 M M M M M M M M
17 64 47 56 -5 9 0 0.00 0.0 0 M M M M M M M M
18 70 41 56 -5 9 0 0.00 0.0 0 M M M M M M M M
19 77 51 64 3 1 0 0.55 0.0 0 M M M M M M M M
20 61 45 53 -9 12 0 0.00 0.0 0 M M M M M M M M
21 77 45 61 -1 4 0 0.00 0.0 0 M M M M M M M M
22 79 47 63 1 2 0 0.00 0.0 0 M M M M M M M M
23 81 53 67 4 0 2 0.00 0.0 0 M M M M M M M M
24 81 51 66 3 0 1 0.00 0.0 0 M M M M M M M M
25 65 43 54 -9 11 0 0.00 0.0 0 M M M M M M M M
26 72 42 57 -7 8 0 0.00 0.0 0 M M M M M M M M
27 76 47 62 -2 3 0 0.00 0.0 0 M M M M M M M M
28 80 53 67 3 0 2 0.00 0.0 0 M M M M M M M M
29 84 53 69 4 0 4 0.00 0.0 0 M M M M M M M M
30 88 61 75 10 0 10 0.00 0.0 0 M M M M M M M M
31 87 65 76 11 0 11 0.00 0.0 0 M M M M M M M M
================================================================================
SM 2231 1522 176 45 2.09 T M M M
================================================================================
AV 72.0 49.1 M FASTST M M M MAX(MPH)
MISC ----> M M M M
================================================================================
NOTES:
# LAST OF SEVERAL OCCURRENCES
COLUMN 17 PEAK WIND IN M.P.H.
PRELIMINARY LOCAL CLIMATOLOGICAL DATA (WS FORM: F-6) , PAGE 2
STATION: NORTH WEBSTER WFO
MONTH: MAY
YEAR: 2023
LATITUDE: 41 21 N
LONGITUDE: 85 42 W
[TEMPERATURE DATA] [PRECIPITATION DATA] SYMBOLS USED IN COLUMN 16
AVERAGE MONTHLY: 60.5 TOTAL FOR MONTH: 2.09 1 = FOG OR MIST
DPTR FM NORMAL: 0.2 DPTR FM NORMAL: -1.99 2 = FOG REDUCING VISIBILITY
HIGHEST: 88 ON 30 GRTST 24HR 0.68 ON 7- 7 TO 1/4 MILE OR LESS
LOWEST: 29 ON 4 3 = THUNDER
SNOW, ICE PELLETS, HAIL 4 = ICE PELLETS
TOTAL MONTH: T 5 = HAIL
GRTST 24HR T ON 1- 1 6 = FREEZING RAIN OR DRIZZLE
GRTST DEPTH: 0 7 = DUSTSTORM OR SANDSTORM:
VSBY 1/2 MILE OR LESS
8 = SMOKE OR HAZE
[NO. OF DAYS WITH] [WEATHER - DAYS WITH] 9 = BLOWING SNOW
X = TORNADO
MAX 32 OR BELOW: 0 0.01 INCH OR MORE: 9
MAX 90 OR ABOVE: 0 0.10 INCH OR MORE: 4
MIN 32 OR BELOW: 1 0.50 INCH OR MORE: 2
MIN 0 OR BELOW: 0 1.00 INCH OR MORE: 0
[HDD (BASE 65) ]
TOTAL THIS MO. 176 CLEAR (SCALE 0-3) 0
DPTR FM NORMAL -20 PTCLDY (SCALE 4-7) 0
TOTAL FM JUL 1 5582 CLOUDY (SCALE 8-10) 31
DPTR FM NORMAL -546
[CDD (BASE 65) ]
TOTAL THIS MO. 45
DPTR FM NORMAL -3 [PRESSURE DATA]
TOTAL FM JAN 1 58 HIGHEST SLP M ON M
DPTR FM NORMAL 2 LOWEST SLP M ON M
[REMARKS]
#FINAL-05-23#