809
CXUS55 KRIW 010945
CF6JAC
PRELIMINARY LOCAL CLIMATOLOGICAL DATA (WS FORM: F-6)
STATION: JACKSON WY
MONTH: SEPTEMBER
YEAR: 2020
LATITUDE: 43 35 N
LONGITUDE: 110 44 W
TEMPERATURE IN F: :PCPN: SNOW: WIND :SUNSHINE: SKY :PK WND
================================================================================
1 2 3 4 5 6A 6B 7 8 9 10 11 12 13 14 15 16 17 18
12Z AVG MX 2MIN
DY MAX MIN AVG DEP HDD CDD WTR SNW DPTH SPD SPD DIR MIN PSBL S-S WX SPD DR
================================================================================
1 68 32 50 -6 15 0 0.00 M M 3.9 9 190 M M 3 12 M M
2 80 35 58 2 7 0 0.00 M M 5.9 16 240 M M 0 25 250
3 82 39 61 5 4 0 0.00 M M 6.3 13 290 M M 0 20 290
4 87 37 62 6 3 0 0.00 M M 4.6 9 20 M M 0 M M
5 90 37 64 9 1 0 0.00 M M 6.0 15 270 M M 0 21 270
6 84 40 62 7 3 0 0.00 M M 6.8 18 300 M M 0 8 25 320
7 75 32 54 -1 11 0 1.10 M M 11.9 33 10 M M 4 8 43 10
8 44 29 37 -17 28 0 0.01 M M 14.4 29 20 M M 3 37 20
9 62 24 43 -11 22 0 0.00 M M 10.5 16 340 M M 0 17 40
10 71 31 51 -3 14 0 0.00 M M 7.0 13 350 M M 0 M M
11 71 28 50 -3 15 0 0.00 M M 5.1 14 290 M M 0 22 320
12 77 32 55 2 10 0 0.00 M M 5.5 13 250 M M 0 25 250
13 79 33 56 4 9 0 0.00 M M 4.9 9 10 M M 0 8 M M
14 81 31 56 4 9 0 0.00 M M 5.6 15 180 M M 0 8 22 180
15 80 32 56 4 9 0 0.00 M M 5.2 13 240 M M 0 16 240
16 79 31 55 4 10 0 0.00 M M 4.7 13 290 M M 0 21 290
17 79 33 56 5 9 0 0.00 M M 3.5 8 270 M M 0 8 M M
18 73 34 54 3 11 0 0.00 M M 3.7 12 220 M M 2 8 M M
19 57 39 48 -2 17 0 0.08 M M 8.4 16 190 M M 6 3 M M
20 63 34 49 -1 16 0 0.00 M M 6.2 15 210 M M 5 21 190
21 74 27 51 2 14 0 0.00 M M 5.4 14 220 M M 0 20 180
22 74 32 53 4 12 0 T M M 5.4 10 230 M M 1 3 M M
23 74 34 54 5 11 0 0.00 M M 6.2 16 220 M M 0 22 220
24 77 40 59 11 6 0 0.00 M M 9.1 24 250 M M 1 35 250
25 65 48 57 9 8 0 0.05 M M 14.1 22 250 M M 3 38 230
26 55 43 49 2 16 0 0.10 M M 10.6 23 230 M M 7 45 230
27 53 27 40 -7 25 0 T M M 9.3 20 320 M M 3 30 310
28 63 20 42 -5 23 0 0.00 M M 2.7 8 10 M M 0 M M
29 72 22 47 1 18 0 0.00 M M 4.8 9 280 M M 0 M M
30 72 27 50 4 15 0 0.00 M M 5.5 10 310 M M 0 M M
================================================================================
SM 2161 983 371 0 1.34 M 203.2 M 38
================================================================================
AV 72.0 32.8 6.8 FASTST M M 1 MAX(MPH)
MISC ----> # 33 10 # 45 230
================================================================================
NOTES:
# LAST OF SEVERAL OCCURRENCES
COLUMN 17 PEAK WIND IN M.P.H.
PRELIMINARY LOCAL CLIMATOLOGICAL DATA (WS FORM: F-6) , PAGE 2
STATION: JACKSON WY
MONTH: SEPTEMBER
YEAR: 2020
LATITUDE: 43 35 N
LONGITUDE: 110 44 W
[TEMPERATURE DATA] [PRECIPITATION DATA] SYMBOLS USED IN COLUMN 16
AVERAGE MONTHLY: 52.4 TOTAL FOR MONTH: 1.34 1 = FOG OR MIST
DPTR FM NORMAL: 1.0 DPTR FM NORMAL: -0.10 2 = FOG REDUCING VISIBILITY
HIGHEST: 90 ON 5 GRTST 24HR 1.10 ON 7- 7 TO 1/4 MILE OR LESS
LOWEST: 20 ON 28 3 = THUNDER
SNOW, ICE PELLETS, HAIL 4 = ICE PELLETS
TOTAL MONTH: M 5 = HAIL
GRTST 24HR M ON M 6 = FREEZING RAIN OR DRIZZLE
GRTST DEPTH: M ON M 7 = DUSTSTORM OR SANDSTORM:
VSBY 1/2 MILE OR LESS
8 = SMOKE OR HAZE
[NO. OF DAYS WITH] [WEATHER - DAYS WITH] 9 = BLOWING SNOW
X = TORNADO
MAX 32 OR BELOW: 0 0.01 INCH OR MORE: 5
MAX 90 OR ABOVE: 1 0.10 INCH OR MORE: 2
MIN 32 OR BELOW: 16 0.50 INCH OR MORE: 1
MIN 0 OR BELOW: 0 1.00 INCH OR MORE: 1
[HDD (BASE 65) ]
TOTAL THIS MO. 371 CLEAR (SCALE 0-3) 24
DPTR FM NORMAL -37 PTCLDY (SCALE 4-7) 6
TOTAL FM JUL 1 600 CLOUDY (SCALE 8-10) 0
DPTR FM NORMAL -91
[CDD (BASE 65) ]
TOTAL THIS MO. 0
DPTR FM NORMAL 0 [PRESSURE DATA]
TOTAL FM JAN 1 27 HIGHEST SLP 30.64 ON 28
DPTR FM NORMAL -16 LOWEST SLP 29.68 ON 7
[REMARKS]
#FINAL-09-20#