000
CXUS54 KJAN 190932
CF6JAN
PRELIMINARY LOCAL CLIMATOLOGICAL DATA (WS FORM: F-6)
STATION: JACKSON
MONTH: FEBRUARY
YEAR: 2023
LATITUDE: 32 19 N
LONGITUDE: 90 5 W
TEMPERATURE IN F: :PCPN: SNOW: WIND :SUNSHINE: SKY :PK WND
================================================================================
1 2 3 4 5 6A 6B 7 8 9 10 11 12 13 14 15 16 17 18
12Z AVG MX 2MIN
DY MAX MIN AVG DEP HDD CDD WTR SNW DPTH SPD SPD DIR MIN PSBL S-S WX SPD DR
================================================================================
1 41 35 38 -10 27 0 0.24 0.0 0 6.9 13 10 M M 10 1 18 20
2 44 40 42 -6 23 0 1.57 0.0 0 8.8 16 360 M M 10 1 22 10
3 54 33 44 -4 21 0 T 0.0 0 9.2 16 360 M M 2 18 22 10
4 62 30 46 -3 19 0 0.00 0.0 0 4.5 14 160 M M 1 18 150
5 68 35 52 3 13 0 0.00 0.0 0 3.5 12 230 M M 1 16 230
6 72 38 55 6 10 0 0.00 0.0 0 5.3 15 150 M M 0 1 20 160
7 71 48 60 11 5 0 0.00 0.0 0 5.9 13 130 M M 6 1 15 110
8 81 63 72 23 0 7 1.29 0.0 0 11.7 26 170 M M 10 13 42 220
9 67 44 56 6 9 0 0.11 0.0 0 7.6 23 270 M M 3 1 31 270
10 64 39 52 2 13 0 0.00 0.0 0 6.3 16 10 M M 2 25 40
11 50 43 47 -3 18 0 1.14 0.0 0 12.0 18 350 M M 7 18 27 310
12 61 36 49 -1 16 0 0.00 0.0 0 5.7 16 340 M M 2 21 340
13 71 33 52 2 13 0 0.00 0.0 0 3.3 15 260 M M 1 20 220
14 74 47 61 10 4 0 0.01 0.0 0 14.1 31 160 M M 6 1 43 160
15 76 64 70 19 0 5 T 0.0 0 10.5 18 170 M M 9 18 26 170
16 74 47 61 10 4 0 0.73 0.0 0 10.3 24 340 M M 9 13 33 330
17 49 36 43 -8 22 0 0.00 0.0 0 13.0 24 340 M M 7 32 330
18 60 30 45 -7 20 0 0.00 0.0 0 4.6 15 50 M M 1 21 50
19 67 38 53 1 12 0 0.00 0.0 0 5.9 13 190 M M 2 18 240
20 77 53 65 13 0 0 0.00 0.0 0 12.7 24 250 M M 6 8 35 260
21 81 68 75 23 0 10 0.00 0.0 0 10.9 18 200 M M 6 8 32 220
22 83 66 75 22 0 10 0.00 0.0 0 17.6 32 180 M M 7 44 180
23 87 66 77 24 0 12 T 0.0 0 6.8 17 160 M M 6 18 24 190
24 78 61 70 17 0 5 0.00 0.0 0 7.2 14 10 M M 6 18 19 40
25 83 56 70 17 0 5 0.00 0.0 0 5.0 16 220 M M 5 18 22 230
26 81 55 68 14 0 3 T 0.0 0 5.7 20 180 M M 6 12 25 160
27 82 63 73 19 0 8 T 0.0 0 12.5 26 230 M M 7 37 230
28 82 53 68 14 0 3 T 0.0 0 4.7 13 210 M M 1 128 18 230
================================================================================
SM 1940 1320 249 68 5.09 0.0 232.2 M 139
================================================================================
AV 69.3 47.1 8.3 FASTST M M 5 MAX(MPH)
MISC ----> 32 180 44 180
================================================================================
NOTES:
# LAST OF SEVERAL OCCURRENCES
COLUMN 17 PEAK WIND IN M.P.H.
PRELIMINARY LOCAL CLIMATOLOGICAL DATA (WS FORM: F-6) , PAGE 2
STATION: JACKSON
MONTH: FEBRUARY
YEAR: 2023
LATITUDE: 32 19 N
LONGITUDE: 90 5 W
[TEMPERATURE DATA] [PRECIPITATION DATA] SYMBOLS USED IN COLUMN 16
AVERAGE MONTHLY: 58.2 TOTAL FOR MONTH: 5.09 1 = FOG OR MIST
DPTR FM NORMAL: 7.3 DPTR FM NORMAL: -0.01 2 = FOG REDUCING VISIBILITY
HIGHEST: 87 ON 23 GRTST 24HR 1.61 ON 1- 2 TO 1/4 MILE OR LESS
LOWEST: 30 ON 4,18 3 = THUNDER
SNOW, ICE PELLETS, HAIL 4 = ICE PELLETS
TOTAL MONTH: 0.0 INCH 5 = HAIL
GRTST 24HR 0.0 6 = FREEZING RAIN OR DRIZZLE
GRTST DEPTH: 0 7 = DUSTSTORM OR SANDSTORM:
VSBY 1/2 MILE OR LESS
8 = SMOKE OR HAZE
[NO. OF DAYS WITH] [WEATHER - DAYS WITH] 9 = BLOWING SNOW
X = TORNADO
MAX 32 OR BELOW: 0 0.01 INCH OR MORE: 7
MAX 90 OR ABOVE: 0 0.10 INCH OR MORE: 6
MIN 32 OR BELOW: 2 0.50 INCH OR MORE: 4
MIN 0 OR BELOW: 0 1.00 INCH OR MORE: 3
[HDD (BASE 65) ]
TOTAL THIS MO. 249 CLEAR (SCALE 0-3) 11
DPTR FM NORMAL -155 PTCLDY (SCALE 4-7) 12
TOTAL FM JUL 1 1386 CLOUDY (SCALE 8-10) 5
DPTR FM NORMAL -480
[CDD (BASE 65) ]
TOTAL THIS MO. 68
DPTR FM NORMAL 59 [PRESSURE DATA]
TOTAL FM JAN 1 96 HIGHEST SLP 30.52 ON 4
DPTR FM NORMAL 91 LOWEST SLP 29.72 ON 27
[REMARKS]
#FINAL-02-23#