000
CXUS52 KJAX 011559
CF6JAX
PRELIMINARY LOCAL CLIMATOLOGICAL DATA (WS FORM: F-6)
STATION: JACKSONVILLE
MONTH: APRIL
YEAR: 2023
LATITUDE: 30 30 N
LONGITUDE: 81 42 W
TEMPERATURE IN F: :PCPN: SNOW: WIND :SUNSHINE: SKY :PK WND
================================================================================
1 2 3 4 5 6A 6B 7 8 9 10 11 12 13 14 15 16 17 18
12Z AVG MX 2MIN
DY MAX MIN AVG DEP HDD CDD WTR SNW DPTH SPD SPD DIR MIN PSBL S-S WX SPD DR
================================================================================
1 90 64 77 12 0 12 0.00 0.0 0 12.7 24 240 M M 6 35 240
2 85 58 72 7 0 7 0.00 0.0 0 6.3 16 290 M M 7 1 24 300
3 85 54 70 4 0 5 T 0.0 0 4.4 16 160 M M 8 22 150
4 86 59 73 7 0 8 T 0.0 0 3.5 12 110 M M 4 12 15 120
5 89 62 76 10 0 11 0.00 0.0 0 6.9 17 130 M M 7 12 23 130
6 88 70 79 13 0 14 0.00 0.0 0 8.0 15 130 M M 8 22 120
7 88 64 76 10 0 11 0.00 0.0 0 6.2 16 110 M M 7 1 21 120
8 81 61 71 4 0 6 0.49 0.0 0 10.2 20 30 M M 9 1 28 40
9 63 50 57 -10 8 0 0.08 0.0 0 12.9 24 30 M M 10 1 33 30
10 64 60 62 -5 3 0 0.14 0.0 0 16.9 26 40 M M 9 1 39 50
11 69 60 65 -2 0 0 0.23 0.0 0 12.6 24 70 M M 8 1 33 50
12 77 60 69 2 0 4 0.00 0.0 0 10.7 23 70 M M 8 33 70
13 86 66 76 8 0 11 0.93 0.0 0 8.1 21 20 M M 8 13 28 90
14 89 63 76 8 0 11 0.00 0.0 0 7.2 20 240 M M 4 12 25 260
15 88 55 72 4 0 7 0.00 0.0 0 6.6 24 220 M M 4 35 210
16 88 64 76 8 0 11 0.01 0.0 0 7.1 24 260 M M 8 36 270
17 78 49 64 -4 1 0 0.10 0.0 0 7.8 22 320 M M 6 1 28 320
18 78 42 60 -9 5 0 0.00 0.0 0 3.7 14 30 M M 1 20 30
19 83 48 66 -3 0 1 0.00 0.0 0 4.2 14 130 M M 6 19 70
20 83 52 68 -1 0 3 0.00 0.0 0 6.7 21 130 M M 2 27 120
21 82 54 68 -1 0 3 0.00 0.0 0 6.8 16 110 M M 5 1 24 60
22 88 67 78 8 0 13 T 0.0 0 6.2 14 320 M M 6 3 19 300
23 79 54 67 -3 0 2 0.00 0.0 0 7.6 21 30 M M 4 31 60
24 76 56 66 -4 0 1 T 0.0 0 5.3 15 50 M M 8 18 40
25 82 62 72 2 0 7 T 0.0 0 8.4 20 60 M M 8 24 60
26 83 62 73 3 0 8 T 0.0 0 7.4 17 80 M M 8 3 26 80
27 82 63 73 2 0 8 0.52 0.0 0 9.1 30 270 M M 8 13 40 260
28 87 62 75 4 0 10 0.00 0.0 0 7.4 18 250 M M 8 1 24 220
29 88 69 79 8 0 14 0.12 0.0 0 7.4 23 230 M M 8 13 32 240
30 79 65 72 1 0 7 0.43 0.0 0 16.1 32 270 M M 5 1 50 280
================================================================================
SM 2464 1775 17 195 3.05 0.0 244.4 M 198
================================================================================
AV 82.1 59.2 8.1 FASTST M M 7 MAX(MPH)
MISC ----> 32 270 50 280
================================================================================
NOTES:
# LAST OF SEVERAL OCCURRENCES
COLUMN 17 PEAK WIND IN M.P.H.
PRELIMINARY LOCAL CLIMATOLOGICAL DATA (WS FORM: F-6) , PAGE 2
STATION: JACKSONVILLE
MONTH: APRIL
YEAR: 2023
LATITUDE: 30 30 N
LONGITUDE: 81 42 W
[TEMPERATURE DATA] [PRECIPITATION DATA] SYMBOLS USED IN COLUMN 16
AVERAGE MONTHLY: 70.7 TOTAL FOR MONTH: 3.05 1 = FOG OR MIST
DPTR FM NORMAL: 2.6 DPTR FM NORMAL: 0.12 2 = FOG REDUCING VISIBILITY
HIGHEST: 90 ON 1 GRTST 24HR 0.93 ON 13-13 TO 1/4 MILE OR LESS
LOWEST: 42 ON 18 3 = THUNDER
SNOW, ICE PELLETS, HAIL 4 = ICE PELLETS
TOTAL MONTH: 0.0 INCH 5 = HAIL
GRTST 24HR 0.0 6 = FREEZING RAIN OR DRIZZLE
GRTST DEPTH: 0 7 = DUSTSTORM OR SANDSTORM:
VSBY 1/2 MILE OR LESS
8 = SMOKE OR HAZE
[NO. OF DAYS WITH] [WEATHER - DAYS WITH] 9 = BLOWING SNOW
X = TORNADO
MAX 32 OR BELOW: 0 0.01 INCH OR MORE: 10
MAX 90 OR ABOVE: 1 0.10 INCH OR MORE: 8
MIN 32 OR BELOW: 0 0.50 INCH OR MORE: 2
MIN 0 OR BELOW: 0 1.00 INCH OR MORE: 0
[HDD (BASE 65) ]
TOTAL THIS MO. 17 CLEAR (SCALE 0-3) 2
DPTR FM NORMAL -26 PTCLDY (SCALE 4-7) 22
TOTAL FM JUL 1 856 CLOUDY (SCALE 8-10) 6
DPTR FM NORMAL -369
[CDD (BASE 65) ]
TOTAL THIS MO. 195
DPTR FM NORMAL 59 [PRESSURE DATA]
TOTAL FM JAN 1 464 HIGHEST SLP 30.27 ON 11
DPTR FM NORMAL 225 LOWEST SLP 29.49 ON 30
[REMARKS]
#FINAL-04-23#