000
CXUS54 KMEG 030659
CLMJBR
CLIMATE REPORT
NATIONAL WEATHER SERVICE MEMPHIS TN
1259 AM CST SUN DEC 03 2023
...................................
...THE JONESBORO CLIMATE SUMMARY FOR THE MONTH OF NOVEMBER 2023...
CLIMATE NORMAL PERIOD 1991 TO 2020
CLIMATE RECORD PERIOD 1897 TO 2023
WEATHER OBSERVED NORMAL DEPART LAST YEAR`S
VALUE DATE(S) VALUE FROM VALUE DATE(S)
NORMAL
................................................................
TEMPERATURE (F)
RECORD
HIGH 90 11/26/2003
LOW 9 11/25/1950
HIGHEST 80 11/07 67 13 80 11/09
LOWEST 29 11/01 39 -10 22 11/21
11/27
AVG. MAXIMUM 62.2 59.9 2.3 58.6
AVG. MINIMUM 41.0 40.1 0.9 39.6
MEAN 51.6 50.0 1.6 49.1
DAYS MAX >= 90 0 0.0 0.0 0
DAYS MAX <= 32 0 0.1 -0.1 0
DAYS MIN <= 32 6 6.5 -0.5 12
DAYS MIN <= 0 0 0.0 0.0 0
PRECIPITATION (INCHES)
RECORD
MAXIMUM 14.91 1957
MINIMUM 0.37 1949
TOTALS 2.70 4.40 -1.70 2.63
DAILY AVG. 0.09 0.15 -0.06 0.09
DAYS >= .01 6 8.9 -2.9 8
DAYS >= .10 4 5.5 -1.5 5
DAYS >= .50 2 2.8 -0.8 1
DAYS >= 1.00 2 1.3 0.7 1
GREATEST
24 HR. TOTAL 1.16 11/20 TO 11/20
SNOWFALL (INCHES)
RECORDS
TOTAL 4.0 1971
TOTALS MM MM MM MM
SINCE 7/1 MM MM MM MM
SNOWDEPTH AVG. MM MM
DAYS >= 1.0 MM MM MM MM
GREATEST
SNOW DEPTH MM MM MM
24 HR TOTAL MM
DEGREE DAYS
HEATING TOTAL 403 454 -51 462
SINCE 7/1 517 624 -107 MM
COOLING TOTAL 10 5 5 7
SINCE 1/1 2125 1994 131 MM
................................................................
WIND (MPH)
AVERAGE WIND SPEED 6.6
HIGHEST WIND SPEED/DIRECTION 31/210 DATE 11/08
HIGHEST GUST SPEED/DIRECTION 45/210 DATE 11/08
SKY COVER
POSSIBLE SUNSHINE (PERCENT) MM
AVERAGE SKY COVER 0.24
NUMBER OF DAYS FAIR 21
NUMBER OF DAYS PC 5
NUMBER OF DAYS CLOUDY 4
AVERAGE RH (PERCENT) 65
WEATHER CONDITIONS. NUMBER OF DAYS WITH
THUNDERSTORM 1 MIXED PRECIP 0
HEAVY RAIN 1 RAIN 2
LIGHT RAIN 9 FREEZING RAIN 0
LT FREEZING RAIN 0 HAIL 0
HEAVY SNOW 0 SNOW 0
LIGHT SNOW 0 SLEET 0
FOG 6 FOG W/VIS <= 1/4 MILE 0
HAZE 3
- INDICATES NEGATIVE NUMBERS.
R INDICATES RECORD WAS SET OR TIED.
MM INDICATES DATA IS MISSING.
T INDICATES TRACE AMOUNT.
$$