000
CXUS53 KLSX 011400
CF6JEF
PRELIMINARY LOCAL CLIMATOLOGICAL DATA (WS FORM: F-6)
STATION: JEFFERSON CITY
MONTH: SEPTEMBER
YEAR: 2023
LATITUDE: 38 35 N
LONGITUDE: 92 10 W
TEMPERATURE IN F: :PCPN: SNOW: WIND :SUNSHINE: SKY :PK WND
================================================================================
1 2 3 4 5 6A 6B 7 8 9 10 11 12 13 14 15 16 17 18
12Z AVG MX 2MIN
DY MAX MIN AVG DEP HDD CDD WTR SNW DPTH SPD SPD DIR MIN PSBL S-S WX SPD DR
================================================================================
1 84 53 69 -5 0 4 0.00 0.0 0 3.7 10 160 M M 0 1 12 120
2 90 58 74 1 0 9 0.00 0.0 0 4.7 10 200 M M 0 15 180
3 94 62 78 5 0 13 0.00 0.0 0 5.4 12 190 M M 0 16 190
4 97 72 85 12 0 20 T 0.0 0 7.0 26 200 M M 1 3 42 160
5 91 73 82 10 0 17 0.03 0.0 0 8.2 26 240 M M 1 3 44 250
6 80 62 71 -1 0 6 0.00 0.0 0 6.5 16 280 M M 3 18 23 280
7 83 59 71 -1 0 6 T 0.0 0 3.7 12 310 M M 3 128 16 290
8 79 57 68 -4 0 3 T 0.0 0 2.0 10 90 M M 1 15 10
9 81 53 67 -4 0 2 0.00 0.0 0 2.7 12 30 M M 1 22 50
10 85 56 71 0 0 6 0.00 0.0 0 2.3 9 130 M M 0 18 13 120
11 79 63 71 1 0 6 0.04 0.0 0 3.7 12 340 M M 5 1 18 300
12 79 55 67 -3 0 2 0.00 0.0 0 3.6 12 20 M M 5 23 350
13 82 50 66 -4 0 1 0.00 0.0 0 1.1 8 110 M M 2 12 13 110
14 83 56 70 1 0 5 0.00 0.0 0 2.3 10 90 M M 6 17 120
15 84 50 67 -2 0 2 0.00 0.0 0 2.1 12 30 M M 1 1 15 30
16 78 55 67 -2 0 2 0.05 0.0 0 3.3 12 10 M M 5 3 17 10
17 80 53 67 -1 0 2 0.00 0.0 0 2.8 13 310 M M 1 12 19 310
18 84 50 67 -1 0 2 0.00 0.0 0 2.7 9 190 M M 2 12 13 200
19 90 56 73 5 0 8 0.00 0.0 0 6.9 15 180 M M 1 23 210
20 73 58 66 -1 0 1 0.01 0.0 0 5.7 14 120 M M 6 22 210
21 88 56 72 5 0 7 0.00 0.0 0 2.7 8 120 M M 3 12 12 110
22 82 65 74 8 0 9 0.00 0.0 0 5.0 13 260 M M 2 17 260
23 87 64 76 10 0 11 0.40 0.0 0 7.8 25 140 M M 3 13 34 140
24 86 64 75 9 0 10 0.00 0.0 0 2.9 8 220 M M 3 1 12 160
25 89 59 74 9 0 9 0.00 0.0 0 1.5 12 270 M M 3 12 19 270
26 89 58 74 9 0 9 0.02 0.0 0 2.4 10 90 M M 3 3 17 200
27 86 63 75 10 0 10 0.00 0.0 0 1.6 10 30 M M 4 3 17 30
28 89 61 75 11 0 10 0.00 0.0 0 3.9 12 120 M M 2 18 110
29 95 63 79 15 0 14 0.00 0.0 0 4.4 12 170 M M 0 18 190
30 97 63 80 16 0 15 0.00 0.0 0 3.2 10 160 M M 0 1 18 160
================================================================================
SM 2564 1767 0 221 0.55 0.0 115.8 M 67
================================================================================
AV 85.5 58.9 3.9 FASTST M M 2 MAX(MPH)
MISC ----> # 26 200 44 250
================================================================================
NOTES:
# LAST OF SEVERAL OCCURRENCES
COLUMN 17 PEAK WIND IN M.P.H.
PRELIMINARY LOCAL CLIMATOLOGICAL DATA (WS FORM: F-6) , PAGE 2
STATION: JEFFERSON CITY
MONTH: SEPTEMBER
YEAR: 2023
LATITUDE: 38 35 N
LONGITUDE: 92 10 W
[TEMPERATURE DATA] [PRECIPITATION DATA] SYMBOLS USED IN COLUMN 16
AVERAGE MONTHLY: 72.2 TOTAL FOR MONTH: 0.55 1 = FOG OR MIST
DPTR FM NORMAL: 3.4 DPTR FM NORMAL: -3.18 2 = FOG REDUCING VISIBILITY
HIGHEST: 97 ON 30, 4 GRTST 24HR 0.40 ON 23-23 TO 1/4 MILE OR LESS
LOWEST: 50 ON 18,15 3 = THUNDER
SNOW, ICE PELLETS, HAIL 4 = ICE PELLETS
TOTAL MONTH: 0.0 INCH 5 = HAIL
GRTST 24HR 0.0 6 = FREEZING RAIN OR DRIZZLE
GRTST DEPTH: 0 7 = DUSTSTORM OR SANDSTORM:
VSBY 1/2 MILE OR LESS
8 = SMOKE OR HAZE
[NO. OF DAYS WITH] [WEATHER - DAYS WITH] 9 = BLOWING SNOW
X = TORNADO
MAX 32 OR BELOW: 0 0.01 INCH OR MORE: 6
MAX 90 OR ABOVE: 7 0.10 INCH OR MORE: 1
MIN 32 OR BELOW: 0 0.50 INCH OR MORE: 0
MIN 0 OR BELOW: 0 1.00 INCH OR MORE: 0
[HDD (BASE 65) ]
TOTAL THIS MO. 0 CLEAR (SCALE 0-3) 22
DPTR FM NORMAL -45 PTCLDY (SCALE 4-7) 8
TOTAL FM JUL 1 0 CLOUDY (SCALE 8-10) 0
DPTR FM NORMAL -44
[CDD (BASE 65) ]
TOTAL THIS MO. 221
DPTR FM NORMAL 62 [PRESSURE DATA]
TOTAL FM JAN 1 1681 HIGHEST SLP 30.17 ON 9
DPTR FM NORMAL 263 LOWEST SLP 29.73 ON 5
[REMARKS]
#FINAL-09-23#