000
CXUS51 KOKX 010910
CF6JFK
PRELIMINARY LOCAL CLIMATOLOGICAL DATA (WS FORM: F-6)
STATION: KENNEDY NY
MONTH: JUNE
YEAR: 2023
LATITUDE: 40 39 N
LONGITUDE: 73 47 W
TEMPERATURE IN F: :PCPN: SNOW: WIND :SUNSHINE: SKY :PK WND
================================================================================
1 2 3 4 5 6A 6B 7 8 9 10 11 12 13 14 15 16 17 18
12Z AVG MX 2MIN
DY MAX MIN AVG DEP HDD CDD WTR SNW DPTH SPD SPD DIR MIN PSBL S-S WX SPD DR
================================================================================
1 76 57 67 2 0 2 0.00 0.0 0 5.4 12 180 M M 1 18 190
2 79 60 70 4 0 5 0.02 0.0 0 6.2 14 300 M M 3 3 21 320
3 70 54 62 -4 3 0 0.00 0.0 0 10.9 21 60 M M 8 25 50
4 70 49 60 -6 5 0 0.00 0.0 0 10.5 20 20 M M 7 25 20
5 77 50 64 -3 1 0 0.00 0.0 0 10.5 26 360 M M 6 34 360
6 77 59 68 1 0 3 0.03 0.0 0 10.2 24 330 M M 9 38 29 330
7 72 56 64 -3 1 0 0.00 0.0 0 12.3 22 310 M M 9 8 28 290
8 71 51 61 -7 4 0 0.00 0.0 0 5.5 16 220 M M 7 8 23 220
9 72 58 65 -3 0 0 0.06 0.0 0 7.6 20 190 M M 8 8 22 190
10 80 56 68 0 0 3 0.03 0.0 0 10.4 21 300 M M 6 1 27 290
11 76 62 69 0 0 4 0.02 0.0 0 10.1 25 180 M M 7 1 31 180
12 76 65 71 2 0 6 0.18 0.0 0 12.7 20 110 M M 9 1 26 140
13 80 64 72 2 0 7 0.00 0.0 0 12.0 22 240 M M 6 26 240
14 72 61 67 -3 0 2 0.24 0.0 0 12.6 23 260 M M 5 13 29 280
15 80 61 71 1 0 6 0.00 0.0 0 12.3 18 310 M M 6 32 310
16 78 61 70 0 0 5 0.20 0.0 0 6.5 20 260 M M 8 3 23 260
17 81 60 71 0 0 6 T 0.0 0 14.2 28 360 M M 8 3 40 360
18 82 64 73 2 0 8 0.00 0.0 0 10.2 21 320 M M 6 26 310
19 77 63 70 -2 0 5 0.00 0.0 0 8.9 16 130 M M 5 20 130
20 75 61 68 -4 0 3 0.00 0.0 0 10.2 16 90 M M 9 20 120
21 72 60 66 -6 0 1 0.00 0.0 0 14.5 24 110 M M 8 29 80
22 73 58 66 -6 0 1 T 0.0 0 11.6 21 50 M M 10 1 27 40
23 70 63 67 -6 0 2 T 0.0 0 8.9 16 100 M M 10 1 21 120
24 76 66 71 -2 0 6 0.03 0.0 0 8.1 18 180 M M 9 1 21 180
25 83 65 74 1 0 9 0.00 0.0 0 6.3 15 160 M M 5 1 18 150
26 81 68 75 1 0 10 0.01 0.0 0 9.5 25 230 M M 8 13 35 230
27 78 66 72 -2 0 7 0.02 0.0 0 9.7 22 180 M M 8 13 30 250
28 83 67 75 1 0 10 0.17 0.0 0 7.0 20 290 M M 8 3 24 290
29 82 65 74 0 0 9 0.00 0.0 0 8.9 16 180 M M 5 18 23 220
30 83 67 75 1 0 10 0.00 0.0 0 8.4 16 180 M M 5 18 18 180
================================================================================
SM 2302 1817 14 130 1.01 0.0 292.1 M 209
================================================================================
AV 76.7 60.6 9.7 FASTST M M 7 MAX(MPH)
MISC ----> 28 360 40 360
================================================================================
NOTES:
# LAST OF SEVERAL OCCURRENCES
COLUMN 17 PEAK WIND IN M.P.H.
PRELIMINARY LOCAL CLIMATOLOGICAL DATA (WS FORM: F-6) , PAGE 2
STATION: KENNEDY NY
MONTH: JUNE
YEAR: 2023
LATITUDE: 40 39 N
LONGITUDE: 73 47 W
[TEMPERATURE DATA] [PRECIPITATION DATA] SYMBOLS USED IN COLUMN 16
AVERAGE MONTHLY: 68.6 TOTAL FOR MONTH: 1.01 1 = FOG OR MIST
DPTR FM NORMAL: -1.6 DPTR FM NORMAL: -2.84 2 = FOG REDUCING VISIBILITY
HIGHEST: 83 ON 30,28 GRTST 24HR 0.24 ON 14-14 TO 1/4 MILE OR LESS
LOWEST: 49 ON 4 3 = THUNDER
SNOW, ICE PELLETS, HAIL 4 = ICE PELLETS
TOTAL MONTH: 0.0 INCH 5 = HAIL
GRTST 24HR 0.0 6 = FREEZING RAIN OR DRIZZLE
GRTST DEPTH: 0 7 = DUSTSTORM OR SANDSTORM:
VSBY 1/2 MILE OR LESS
8 = SMOKE OR HAZE
[NO. OF DAYS WITH] [WEATHER - DAYS WITH] 9 = BLOWING SNOW
X = TORNADO
MAX 32 OR BELOW: 0 0.01 INCH OR MORE: 12
MAX 90 OR ABOVE: 0 0.10 INCH OR MORE: 4
MIN 32 OR BELOW: 0 0.50 INCH OR MORE: 0
MIN 0 OR BELOW: 0 1.00 INCH OR MORE: 0
[HDD (BASE 65) ]
TOTAL THIS MO. 14 CLEAR (SCALE 0-3) 2
DPTR FM NORMAL -7 PTCLDY (SCALE 4-7) 19
TOTAL FM JUL 1 4176 CLOUDY (SCALE 8-10) 9
DPTR FM NORMAL -693
[CDD (BASE 65) ]
TOTAL THIS MO. 130
DPTR FM NORMAL -47 [PRESSURE DATA]
TOTAL FM JAN 1 161 HIGHEST SLP M ON M
DPTR FM NORMAL -48 LOWEST SLP 29.49 ON 14
[REMARKS]
#FINAL-06-23#