000
CXUS53 KJKL 011519
CLMJKL
CLIMATE REPORT
NATIONAL WEATHER SERVICE JACKSON KY
1019 AM EST THU FEB 01 2024
...................................
...THE JACKSON KY CLIMATE SUMMARY FOR THE MONTH OF JANUARY 2024...
CLIMATE NORMAL PERIOD 1991 TO 2020
CLIMATE RECORD PERIOD 1981 TO 2024
WEATHER OBSERVED NORMAL DEPART LAST YEAR`S
VALUE DATE(S) VALUE FROM VALUE DATE(S)
NORMAL
................................................................
TEMPERATURE (F)
RECORD
HIGH 78 01/31/2002
LOW -18 01/19/1994
01/21/1985
01/20/1985
HIGHEST 64 01/26 66 -2 71 01/03
LOWEST 2 01/17 4 -2 21 01/15
01/21
AVG. MAXIMUM 42.0 44.2 -2.2 51.3
AVG. MINIMUM 28.0 27.4 0.6 36.4
MEAN 35.0 35.8 -0.8 43.9
DAYS MAX >= 90 0 0.0 0.0 0
DAYS MAX <= 32 7 6.7 0.3 0
DAYS MIN <= 32 19 20.9 -1.9 13
DAYS MIN <= 0 0 0.4 -0.4 0
PRECIPITATION (INCHES)
RECORD
MAXIMUM 7.71 2022
MINIMUM 0.80 1981
TOTALS 4.77 3.96 0.81 4.26
DAILY AVG. 0.15 0.13 0.02 0.14
DAYS >= .01 17 14.4 2.6 17
DAYS >= .10 11 7.9 3.1 12
DAYS >= .50 3 2.6 0.4 4
DAYS >= 1.00 1 1.0 0.0 0
GREATEST
24 HR. TOTAL 1.42 01/08 TO 01/09 0.94
01/09 TO 01/09
01/09 TO 01/10
SNOWFALL (INCHES)
RECORDS
TOTAL 26.3 1994
TOTALS 13.9 7.4 6.5 1.6
SINCE 7/1 14.3 12.3 2.0 2.7
SNOWDEPTH AVG. 1 T
DAYS >= 1.0 3 2.1 0.9 0
GREATEST
SNOW DEPTH 7 01/16 T
24 HR TOTAL 6.5 01/14 TO 01/15 0.5
DEGREE DAYS
HEATING TOTAL 922 905 17 648
SINCE 7/1 2178 2477 -299 2170
COOLING TOTAL 0 0 0 0
SINCE 1/1 0 0 0 0
................................................................
WIND (MPH)
AVERAGE WIND SPEED 4.8
HIGHEST WIND SPEED/DIRECTION 22/220 DATE 01/09
22/240 01/13
HIGHEST GUST SPEED/DIRECTION 44/240 DATE 01/13
SKY COVER
POSSIBLE SUNSHINE (PERCENT) MM
AVERAGE SKY COVER 0.65
NUMBER OF DAYS FAIR 7
NUMBER OF DAYS PC 10
NUMBER OF DAYS CLOUDY 14
AVERAGE RH (PERCENT) 75
WEATHER CONDITIONS. NUMBER OF DAYS WITH
THUNDERSTORM 0 MIXED PRECIP 1
HEAVY RAIN 5 RAIN 7
LIGHT RAIN 15 FREEZING RAIN 0
LT FREEZING RAIN 2 HAIL 0
HEAVY SNOW 1 SNOW 2
LIGHT SNOW 13 SLEET 2
FOG 21 FOG W/VIS <= 1/4 MILE 5
HAZE 0
- INDICATES NEGATIVE NUMBERS.
R INDICATES RECORD WAS SET OR TIED.
MM INDICATES DATA IS MISSING.
T INDICATES TRACE AMOUNT.
$$
CARICO