000
CXUS53 KSGF 010710
CF6JLN
PRELIMINARY LOCAL CLIMATOLOGICAL DATA (WS FORM: F-6)
STATION: JOPLIN MO
MONTH: APRIL
YEAR: 2023
LATITUDE: 37 10 N
LONGITUDE: 94 30 W
TEMPERATURE IN F: :PCPN: SNOW: WIND :SUNSHINE: SKY :PK WND
================================================================================
1 2 3 4 5 6A 6B 7 8 9 10 11 12 13 14 15 16 17 18
12Z AVG MX 2MIN
DY MAX MIN AVG DEP HDD CDD WTR SNW DPTH SPD SPD DIR MIN PSBL S-S WX SPD DR
================================================================================
1 61 37 49 -5 16 0 0.00 M M 12.5 33 290 M M 0 45 300
2 79 42 61 7 4 0 0.00 M M 14.7 32 200 M M 2 42 180
3 86 57 72 18 0 7 0.00 M M 13.9 25 220 M M 2 38 220
4 81 72 77 22 0 12 0.00 M M 23.9 33 190 M M 2 47 200
5 75 38 57 2 8 0 0.17 M M 10.3 31 270 M M 3 13 58 270
6 57 36 47 -8 18 0 0.00 M M 7.1 14 50 M M 2 21 80
7 66 33 50 -6 15 0 0.00 M M 7.8 18 100 M M 2 25 100
8 69 38 54 -2 11 0 0.00 M M 6.1 14 90 M M 0 20 80
9 72 48 60 4 5 0 0.00 M M 8.8 20 150 M M 1 26 130
10 74 50 62 6 3 0 M M M 7.4 13 210 M M 2 20 220
11 76 51 64 7 1 0 0.00 M M 7.4 15 210 M M 2 8 21 190
12 77 50 64 7 1 0 0.00 M M 10.6 23 220 M M 0 18 30 230
13 78 52 65 8 0 0 0.00 M M 7.9 15 150 M M 2 8 23 180
14 82 54 68 10 0 3 0.00 M M 11.8 22 180 M M 0 33 170
15 82 44 63 5 2 0 T M M 13.9 32 310 M M 8 42 320
16 64 41 53 -5 12 0 0.00 M M 16.3 31 300 M M 0 43 280
17 75 34 55 -3 10 0 0.00 M M 7.7 20 210 M M 0 27 230
18 84 59 72 13 0 7 T M M 18.8 31 190 M M 3 43 210
19 76 65 71 12 0 6 0.00 M M 22.6 33 200 M M 5 46 200
20 74 48 61 2 4 0 T M M 15.4 33 180 M M 5 46 200
21 69 40 55 -4 10 0 0.00 M M 6.0 23 310 M M 1 18 32 310
22 55 35 45 -15 20 0 0.00 M M 9.4 20 320 M M 2 28 320
23 60 30 45 -15 20 0 0.00 M M 5.9 16 300 M M 1 1 24 320
24 69 39 54 -6 11 0 0.02 M M 8.3 22 190 M M 3 28 200
25 62 45 54 -6 11 0 0.21 M M 6.3 14 200 M M 8 19 200
26 68 45 57 -4 8 0 0.02 M M 8.0 23 120 M M 8 1 33 130
27 57 46 52 -9 13 0 0.31 M M 5.1 13 90 M M 9 128 19 80
28 62 44 53 -8 12 0 T M M 3.5 12 310 M M 9 128 17 290
29 68 50 59 -3 6 0 0.00 M M 9.9 18 350 M M 5 1 27 350
30 64 40 52 -10 13 0 0.00 M M 12.7 29 300 M M 1 45 330
================================================================================
SM 2122 1363 234 35 0.73 M 320.0 M 88
================================================================================
AV 70.7 45.4 10.7 FASTST M M 3 MAX(MPH)
MISC ----> # 33 290 58 270
================================================================================
NOTES:
# LAST OF SEVERAL OCCURRENCES
COLUMN 17 PEAK WIND IN M.P.H.
PRELIMINARY LOCAL CLIMATOLOGICAL DATA (WS FORM: F-6) , PAGE 2
STATION: JOPLIN MO
MONTH: APRIL
YEAR: 2023
LATITUDE: 37 10 N
LONGITUDE: 94 30 W
[TEMPERATURE DATA] [PRECIPITATION DATA] SYMBOLS USED IN COLUMN 16
AVERAGE MONTHLY: 58.1 TOTAL FOR MONTH: 0.73 1 = FOG OR MIST
DPTR FM NORMAL: 0.2 DPTR FM NORMAL: -4.26 2 = FOG REDUCING VISIBILITY
HIGHEST: 86 ON 3 GRTST 24HR 0.33 ON 26-27 TO 1/4 MILE OR LESS
LOWEST: 30 ON 23 3 = THUNDER
SNOW, ICE PELLETS, HAIL 4 = ICE PELLETS
TOTAL MONTH: M 5 = HAIL
GRTST 24HR M ON M 6 = FREEZING RAIN OR DRIZZLE
GRTST DEPTH: M ON M 7 = DUSTSTORM OR SANDSTORM:
VSBY 1/2 MILE OR LESS
8 = SMOKE OR HAZE
[NO. OF DAYS WITH] [WEATHER - DAYS WITH] 9 = BLOWING SNOW
X = TORNADO
MAX 32 OR BELOW: 0 0.01 INCH OR MORE: 5
MAX 90 OR ABOVE: 0 0.10 INCH OR MORE: 3
MIN 32 OR BELOW: 1 0.50 INCH OR MORE: 0
MIN 0 OR BELOW: 0 1.00 INCH OR MORE: 0
[HDD (BASE 65) ]
TOTAL THIS MO. 234 CLEAR (SCALE 0-3) 21
DPTR FM NORMAL -15 PTCLDY (SCALE 4-7) 7
TOTAL FM JUL 1 3703 CLOUDY (SCALE 8-10) 2
DPTR FM NORMAL -333
[CDD (BASE 65) ]
TOTAL THIS MO. 35
DPTR FM NORMAL -1 [PRESSURE DATA]
TOTAL FM JAN 1 39 HIGHEST SLP M ON M
DPTR FM NORMAL -7 LOWEST SLP 29.40 ON 4
[REMARKS]
#FINAL-04-23#