000
CXUS53 KGRR 011010
CF6JXN
PRELIMINARY LOCAL CLIMATOLOGICAL DATA (WS FORM: F-6)
STATION: JACKSON
MONTH: FEBRUARY
YEAR: 2021
LATITUDE: 42 16 N
LONGITUDE: 84 28 W
TEMPERATURE IN F: :PCPN: SNOW: WIND :SUNSHINE: SKY :PK WND
================================================================================
1 2 3 4 5 6A 6B 7 8 9 10 11 12 13 14 15 16 17 18
12Z AVG MX 2MIN
DY MAX MIN AVG DEP HDD CDD WTR SNW DPTH SPD SPD DIR MIN PSBL S-S WX SPD DR
================================================================================
1 31 20 26 2 39 0 0.00 M M 9.8 18 360 M M 7 29 360
2 33 15 24 0 41 0 0.00 M M 7.4 17 320 M M 0 1 26 320
3 35 14 25 1 40 0 0.00 M M 4.7 10 280 M M 0 16 300
4 34 15 25 1 40 0 0.07 M M 11.1 22 200 M M 4 18 32 190
5 34 14 24 0 41 0 T M M 19.3 32 220 M M 10 168 46 220
6 19 12 16 -8 49 0 T M M 11.7 20 230 M M 9 8 28 230
7 14 5 10 -15 55 0 T M M 8.2 17 230 M M 6 18 25 240
8 17 4 11 -14 54 0 0.03 M M 5.0 10 160 M M 10 18 14 220
9 20 1 11 -14 54 0 T M M 2.8 13 260 M M 5 18 19 240
10 19 1 10 -15 55 0 0.03 M M 1.5 7 140 M M 7 8 9 140
11 21 5 13 -12 52 0 0.00 M M 6.7 14 10 M M 4 22 290
12 M 16 M M M M T M M 6.3 13 30 M M 9 8 19 80
13 43 15 29 3 36 0 0.05 M M 4.8 10 30 M M 10 18 13 30
14 34 13 24 -2 41 0 T M M 5.6 13 260 M M 9 8 20 260
15 14 8 11 -15 54 0 0.14 M M 9.9 18 360 M M 9 18 32 360
16 17 -6 6 -20 59 0 0.05 M M 8.2 20 340 M M 8 128 33 360
17 20 -15 3 -24 62 0 0.00 M M 2.7 9 110 M M 3 18 13 80
18 24 8 16 -11 49 0 T M M 6.0 13 30 M M 8 18 17 20
19 25 6 16 -11 49 0 T M M 7.2 16 240 M M 8 128 22 240
20 25 8 17 -10 48 0 T M M 7.3 16 230 M M 5 18 22 210
21 M 4 M M M M 0.02 M M 8.6 21 110 M M 3 18 30 90
22 M M M M M M 0.05 M M 16.0 25 220 M M 9 8 42 230
23 47 34 41 13 24 0 T M M 13.6 23 210 M M 5 8 32 230
24 48 30 39 11 26 0 0.00 M M 11.7 24 250 M M 2 36 240
25 40 16 28 -1 37 0 0.00 M M 6.9 18 220 M M 2 24 210
26 42 16 29 0 36 0 T M M 6.5 20 130 M M 1 26 130
27 49 32 41 12 24 0 0.09 M M 8.1 15 220 M M 5 18 22 240
28 59 35 47 17 18 0 T M M 11.5 23 240 M M 6 18 36 260
================================================================================
SM 764 326 1083 0 0.53 M 229.1 M 164
================================================================================
AV 30.6 12.1 8.2 FASTST M M 6 MAX(MPH)
MISC ----> 32 220 46 220
================================================================================
NOTES:
# LAST OF SEVERAL OCCURRENCES
COLUMN 17 PEAK WIND IN M.P.H.
PRELIMINARY LOCAL CLIMATOLOGICAL DATA (WS FORM: F-6) , PAGE 2
STATION: JACKSON
MONTH: FEBRUARY
YEAR: 2021
LATITUDE: 42 16 N
LONGITUDE: 84 28 W
[TEMPERATURE DATA] [PRECIPITATION DATA] SYMBOLS USED IN COLUMN 16
AVERAGE MONTHLY: 21.3 TOTAL FOR MONTH: 0.53 1 = FOG OR MIST
DPTR FM NORMAL: -5.0 DPTR FM NORMAL: -0.76 2 = FOG REDUCING VISIBILITY
HIGHEST: 59 ON 28 GRTST 24HR 0.17 ON 15-16 TO 1/4 MILE OR LESS
LOWEST: -15 ON 17 3 = THUNDER
SNOW, ICE PELLETS, HAIL 4 = ICE PELLETS
TOTAL MONTH: M 5 = HAIL
GRTST 24HR M ON M 6 = FREEZING RAIN OR DRIZZLE
GRTST DEPTH: M ON M 7 = DUSTSTORM OR SANDSTORM:
VSBY 1/2 MILE OR LESS
8 = SMOKE OR HAZE
[NO. OF DAYS WITH] [WEATHER - DAYS WITH] 9 = BLOWING SNOW
X = TORNADO
MAX 32 OR BELOW: 13 0.01 INCH OR MORE: 9
MAX 90 OR ABOVE: 0 0.10 INCH OR MORE: 1
MIN 32 OR BELOW: 25 0.50 INCH OR MORE: 0
MIN 0 OR BELOW: 2 1.00 INCH OR MORE: 0
[HDD (BASE 65) ]
TOTAL THIS MO. 1083 CLEAR (SCALE 0-3) 7
DPTR FM NORMAL 0 PTCLDY (SCALE 4-7) 12
TOTAL FM JUL 1 4534 CLOUDY (SCALE 8-10) 9
DPTR FM NORMAL -380
[CDD (BASE 65) ]
TOTAL THIS MO. 0
DPTR FM NORMAL 0 [PRESSURE DATA]
TOTAL FM JAN 1 0 HIGHEST SLP 30.48 ON 17
DPTR FM NORMAL 0 LOWEST SLP 29.27 ON 5
[REMARKS]
#FINAL-02-21#