000
CXUS53 KGRR 010910
CF6JXN
PRELIMINARY LOCAL CLIMATOLOGICAL DATA (WS FORM: F-6)
STATION: JACKSON
MONTH: AUGUST
YEAR: 2023
LATITUDE: 42 16 N
LONGITUDE: 84 28 W
TEMPERATURE IN F: :PCPN: SNOW: WIND :SUNSHINE: SKY :PK WND
================================================================================
1 2 3 4 5 6A 6B 7 8 9 10 11 12 13 14 15 16 17 18
12Z AVG MX 2MIN
DY MAX MIN AVG DEP HDD CDD WTR SNW DPTH SPD SPD DIR MIN PSBL S-S WX SPD DR
================================================================================
1 78 54 66 -5 0 1 0.00 M M 2.0 8 240 M M 0 12 12 320
2 81 58 70 -1 0 5 0.00 M M 4.5 14 190 M M 2 1 18 220
3 84 57 71 0 0 6 0.00 M M 4.3 13 210 M M 1 1 18 230
4 84 61 73 2 0 8 0.00 M M 4.2 12 310 M M 1 16 290
5 81 61 71 0 0 6 0.00 M M 6.5 13 80 M M 2 1 17 80
6 71 64 68 -3 0 3 1.04 M M 6.8 17 70 M M 10 1 26 60
7 75 61 68 -3 0 3 0.00 M M 5.6 12 280 M M 7 1 20 300
8 80 57 69 -2 0 4 0.00 M M 5.1 14 210 M M 1 21 210
9 80 60 70 -1 0 5 0.00 M M 4.2 13 220 M M 0 1 19 210
10 80 58 69 -2 0 4 0.05 M M 7.1 17 250 M M 5 138 33 260
11 80 52 66 -5 0 1 0.16 M M 5.3 17 200 M M 4 1238X 25 190
12 80 62 71 1 0 6 0.14 0.0 0 7.5 18 200 M M 2 138 24 300
13 79 59 69 -1 0 4 T M M 4.0 10 270 M M 3 17 270
14 79 63 71 1 0 6 0.92 M M 8.5 17 70 M M 8 13 28 70
15 70 57 64 -6 1 0 0.22 M M 7.4 17 330 M M 9 1 29 320
16 78 52 65 -5 0 0 0.00 M M 5.6 12 180 M M 0 12 16 200
17 73 59 66 -4 0 1 0.49 M M 10.1 20 180 M M 4 13 30 220
18 72 52 62 -8 3 0 0.00 M M 6.0 17 310 M M 1 28 290
19 77 46 62 -8 3 0 0.00 M M 4.7 13 160 M M 0 1 16 160
20 86 62 74 4 0 9 0.00 M M 3.9 10 240 M M 2 12 15 220
21 81 64 73 3 0 8 0.00 M M 5.3 10 10 M M 3 16 30
22 76 56 66 -3 0 1 0.00 M M 6.7 12 40 M M 5 8 16 40
23 90 60 75 6 0 10 0.00 M M 9.0 18 220 M M 3 28 210
24 89 70 80 11 0 15 1.05 M M 10.7 36 330 M M 6 13 64 330
25 76 64 70 1 0 5 0.00 M M 4.4 10 340 M M 8 12 17 300
26 76 57 67 -2 0 2 0.00 M M 5.8 14 20 M M 6 12 21 360
27 74 52 63 -6 2 0 0.00 M M 4.8 10 80 M M 0 16 20
28 76 47 62 -6 3 0 0.00 M M 1.9 10 320 M M 0 12 14 310
29 78 51 65 -3 0 0 0.09 M M 5.8 15 180 M M 3 13 20 220
30 70 48 59 -9 6 0 0.00 M M 6.4 14 320 M M 5 22 330
31 74 43 59 -9 6 0 0.00 M M 3.3 12 20 M M 0 1 16 20
================================================================================
SM 2428 1767 24 113 4.16 0.0 177.4 M 101
================================================================================
AV 78.3 57.0 5.7 FASTST M M 3 MAX(MPH)
MISC ----> 36 330 64 330
================================================================================
NOTES:
# LAST OF SEVERAL OCCURRENCES
COLUMN 17 PEAK WIND IN M.P.H.
PRELIMINARY LOCAL CLIMATOLOGICAL DATA (WS FORM: F-6) , PAGE 2
STATION: JACKSON
MONTH: AUGUST
YEAR: 2023
LATITUDE: 42 16 N
LONGITUDE: 84 28 W
[TEMPERATURE DATA] [PRECIPITATION DATA] SYMBOLS USED IN COLUMN 16
AVERAGE MONTHLY: 67.7 TOTAL FOR MONTH: 4.16 1 = FOG OR MIST
DPTR FM NORMAL: -2.2 DPTR FM NORMAL: 0.35 2 = FOG REDUCING VISIBILITY
HIGHEST: 90 ON 23 GRTST 24HR 1.14 ON 14-15 TO 1/4 MILE OR LESS
LOWEST: 43 ON 31 3 = THUNDER
SNOW, ICE PELLETS, HAIL 4 = ICE PELLETS
TOTAL MONTH: 0.0 INCH 5 = HAIL
GRTST 24HR 0.0 6 = FREEZING RAIN OR DRIZZLE
GRTST DEPTH: 0 7 = DUSTSTORM OR SANDSTORM:
VSBY 1/2 MILE OR LESS
8 = SMOKE OR HAZE
[NO. OF DAYS WITH] [WEATHER - DAYS WITH] 9 = BLOWING SNOW
X = TORNADO
MAX 32 OR BELOW: 0 0.01 INCH OR MORE: 9
MAX 90 OR ABOVE: 1 0.10 INCH OR MORE: 7
MIN 32 OR BELOW: 0 0.50 INCH OR MORE: 3
MIN 0 OR BELOW: 0 1.00 INCH OR MORE: 2
[HDD (BASE 65) ]
TOTAL THIS MO. 24 CLEAR (SCALE 0-3) 19
DPTR FM NORMAL 6 PTCLDY (SCALE 4-7) 10
TOTAL FM JUL 1 24 CLOUDY (SCALE 8-10) 2
DPTR FM NORMAL 1
[CDD (BASE 65) ]
TOTAL THIS MO. 113
DPTR FM NORMAL -57 [PRESSURE DATA]
TOTAL FM JAN 1 394 HIGHEST SLP 30.30 ON 22
DPTR FM NORMAL -170 LOWEST SLP 29.66 ON 17
[REMARKS]
#FINAL-08-23#