000
CXUS53 KGID 011706
CF6JYR
PRELIMINARY LOCAL CLIMATOLOGICAL DATA (WS FORM: F-6)
STATION: YORK NE
MONTH: APRIL
YEAR: 2022
LATITUDE: 40 54 N
LONGITUDE: 97 37 W
TEMPERATURE IN F: :PCPN: SNOW: WIND :SUNSHINE: SKY :PK WND
================================================================================
1 2 3 4 5 6A 6B 7 8 9 10 11 12 13 14 15 16 17 18
12Z AVG MX 2MIN
DY MAX MIN AVG DEP HDD CDD WTR SNW DPTH SPD SPD DIR MIN PSBL S-S WX SPD DR
================================================================================
1 64 25 45 M 20 0 0.18 M M 0.0 M M M M 3 18 M M
2 61 32 47 M 18 0 0.00 M M 0.0 M M M M 1 M M
3 64 39 52 M 13 0 0.00 M M 0.0 M M M M 1 M M
4 61 25 43 M 22 0 0.00 M M 0.0 M M M M 1 1 M M
5 57 36 47 M 18 0 T M M M M M M M 4 M M
6 54 34 44 M 21 0 T M M M M M M M 6 M M
7 43 36 40 M 25 0 T M M M M M M M 6 8 M M
8 54 25 40 M 25 0 0.00 M M M M M M M 1 M M
9 70 21 46 M 19 0 0.00 M M M M M M M 0 M M
10 63 37 50 M 15 0 0.00 M M M M M M M 1 M M
11 64 30 47 M 18 0 0.00 M M M M M M M 2 M M
12 90 41 66 M 0 1 0.00 M M M M M M M 5 18 M M
13 50 27 39 M 26 0 0.00 M M M M M M M 2 M M
14 57 23 40 M 25 0 0.00 M M M M M M M 2 M M
15 48 23 36 M 29 0 0.00 M M M M M M M 0 M M
16 50 25 38 M 27 0 0.00 M M M M M M M 2 M M
17 52 34 43 M 22 0 0.00 M M M M M M M 6 M M
18 54 30 42 M 23 0 0.00 M M M M M M M 2 M M
19 59 32 46 M 19 0 0.00 M M M M M M M 5 M M
20 72 46 59 M 6 0 0.10 M M M M M M M 5 18 M M
21 70 37 54 M 11 0 0.16 M M M M M M M 5 123 M M
22 84 59 72 M 0 7 0.00 M M M M M M M 6 M M
23 73 46 60 M 5 0 0.02 M M M M M M M 2 1 M M
24 54 41 48 M 17 0 0.00 M M M M M M M 6 8 M M
25 57 34 46 M 19 0 0.00 M M M M M M M 3 M M
26 72 27 50 M 15 0 0.00 M M M M M M M 0 M M
27 82 52 67 M 0 2 0.00 M M M M M M M 1 M M
28 82 55 69 M 0 4 0.58 M M M M M M M 2 13 M M
29 68 50 59 M 6 0 0.60 M M M M M M M 2 13 M M
30 54 45 50 M 15 0 0.12 M M M M M M M 3 1 M M
================================================================================
SM 1883 1067 479 14 1.76 M M M 85
================================================================================
AV 62.8 35.6 M FASTST M M 3 MAX(MPH)
MISC ----> M M M M
================================================================================
NOTES:
# LAST OF SEVERAL OCCURRENCES
COLUMN 17 PEAK WIND IN M.P.H.
PRELIMINARY LOCAL CLIMATOLOGICAL DATA (WS FORM: F-6) , PAGE 2
STATION: YORK NE
MONTH: APRIL
YEAR: 2022
LATITUDE: 40 54 N
LONGITUDE: 97 37 W
[TEMPERATURE DATA] [PRECIPITATION DATA] SYMBOLS USED IN COLUMN 16
AVERAGE MONTHLY: 49.2 TOTAL FOR MONTH: 1.76 1 = FOG OR MIST
DPTR FM NORMAL: M DPTR FM NORMAL: M 2 = FOG REDUCING VISIBILITY
HIGHEST: 90 ON 12 GRTST 24HR 0.60 ON 29-29 TO 1/4 MILE OR LESS
LOWEST: 21 ON 9 3 = THUNDER
SNOW, ICE PELLETS, HAIL 4 = ICE PELLETS
TOTAL MONTH: M 5 = HAIL
GRTST 24HR M ON M 6 = FREEZING RAIN OR DRIZZLE
GRTST DEPTH: M ON M 7 = DUSTSTORM OR SANDSTORM:
VSBY 1/2 MILE OR LESS
8 = SMOKE OR HAZE
[NO. OF DAYS WITH] [WEATHER - DAYS WITH] 9 = BLOWING SNOW
X = TORNADO
MAX 32 OR BELOW: 0 0.01 INCH OR MORE: 7
MAX 90 OR ABOVE: 1 0.10 INCH OR MORE: 5
MIN 32 OR BELOW: 13 0.50 INCH OR MORE: 2
MIN 0 OR BELOW: 0 1.00 INCH OR MORE: 0
[HDD (BASE 65) ]
TOTAL THIS MO. 479 CLEAR (SCALE 0-3) 20
DPTR FM NORMAL M PTCLDY (SCALE 4-7) 10
TOTAL FM JUL 1 5458 CLOUDY (SCALE 8-10) 0
DPTR FM NORMAL M
[CDD (BASE 65) ]
TOTAL THIS MO. 14
DPTR FM NORMAL M [PRESSURE DATA]
TOTAL FM JAN 1 14 HIGHEST SLP M ON M
DPTR FM NORMAL M LOWEST SLP M ON M
[REMARKS]
#FINAL-04-22#