000
CXHW53 PHFO 011250
CF6KOA
PRELIMINARY LOCAL CLIMATOLOGICAL DATA (WS FORM: F-6)
STATION: KONA HI
MONTH: MARCH
YEAR: 2020
LATITUDE: 19 38 N
LONGITUDE: 156 0 W
TEMPERATURE IN F: :PCPN: SNOW: WIND :SUNSHINE: SKY :PK WND
================================================================================
1 2 3 4 5 6A 6B 7 8 9 10 11 12 13 14 15 16 17 18
12Z AVG MX 2MIN
DY MAX MIN AVG DEP HDD CDD WTR SNW DPTH SPD SPD DIR MIN PSBL S-S WX SPD DR
================================================================================
1 82 70 76 1 0 11 0.03 0.0 M 7.9 24 120 M M M 28 130
2 83 68 76 1 0 11 0.00 0.0 M 8.8 17 320 M M M 20 320
3 83 69 76 1 0 11 0.00 0.0 M 7.9 16 310 M M M 18 310
4 84 72 78 3 0 13 0.00 0.0 M 9.5 16 200 M M M 20 210
5 84 71 78 3 0 13 T 0.0 M 7.5 15 270 M M M 17 260
6 84 70 77 1 0 12 T 0.0 M 7.1 32 360 M M M 41 10
7 83 72 78 2 0 13 0.01 0.0 M 7.1 14 190 M M M 18 190
8 82 70 76 0 0 11 0.03 0.0 M 8.9 22 30 M M M 27 40
9 80 69 75 -1 0 10 T 0.0 M 7.2 18 330 M M M 24 320
10 82 66 74 -2 0 9 0.00 0.0 M 7.3 17 350 M M M 22 350
11 84 70 77 1 0 12 0.18 0.0 M 8.5 15 280 M M M 1 18 280
12 82 70 76 0 0 11 0.00 0.0 M 6.6 14 320 M M M 17 310
13 83 71 77 1 0 12 T 0.0 M 6.8 14 140 M M M 17 140
14 79 72 76 0 0 11 0.49 0.0 M 4.6 14 300 M M M 1 16 300
15 82 71 77 1 0 12 T 0.0 M 7.2 16 20 M M M 19 20
16 85 72 79 3 0 14 T 0.0 M 9.5 17 340 M M M 22 330
17 83 71 77 1 0 12 0.18 0.0 M 12.3 29 340 M M M 33 330
18 83 71 77 1 0 12 0.02 0.0 M 9.0 18 130 M M M 22 130
19 82 73 78 2 0 13 T 0.0 M 10.2 21 260 M M M 24 260
20 84 73 79 3 0 14 0.00 0.0 M 9.1 20 30 M M M 23 40
21 83 72 78 2 0 13 0.00 0.0 M 7.4 17 160 M M M 23 160
22 83 72 78 2 0 13 0.00 0.0 M 8.9 18 30 M M M 22 20
23 80 70 75 -2 0 10 0.23 0.0 M 6.9 16 120 M M M 1 18 120
24 82 69 76 -1 0 11 0.09 0.0 M 9.0 17 230 M M M 1 20 240
25 81 70 76 -1 0 11 0.03 0.0 M 8.0 16 150 M M M 20 170
26 78 70 74 -3 0 9 0.47 0.0 M 6.4 17 230 M M M 1 20 240
27 81 70 76 -1 0 11 T 0.0 M 6.0 13 190 M M M 15 110
28 83 68 76 -1 0 11 0.00 0.0 M 6.6 14 290 M M M 16 290
29 83 70 77 0 0 12 0.43 0.0 M 7.1 18 130 M M M 1 23 130
30 82 69 76 -1 0 11 0.00 0.0 M 7.5 15 130 M M M 19 50
31 80 74 77 0 0 12 T 0.0 M 6.3 15 170 M M M 17 150
================================================================================
SM 2550 2185 0 361 2.19 0.0 243.1 M M
================================================================================
AV 82.3 70.5 7.8 FASTST M M 0 MAX(MPH)
MISC ----> # 32 360 # 41 10
================================================================================
NOTES:
# LAST OF SEVERAL OCCURRENCES
COLUMN 17 PEAK WIND IN M.P.H.
PRELIMINARY LOCAL CLIMATOLOGICAL DATA (WS FORM: F-6) , PAGE 2
STATION: KONA HI
MONTH: MARCH
YEAR: 2020
LATITUDE: 19 38 N
LONGITUDE: 156 0 W
[TEMPERATURE DATA] [PRECIPITATION DATA] SYMBOLS USED IN COLUMN 16
AVERAGE MONTHLY: 76.4 TOTAL FOR MONTH: 2.19 1 = FOG OR MIST
DPTR FM NORMAL: 0.3 DPTR FM NORMAL: 0.41 2 = FOG REDUCING VISIBILITY
HIGHEST: 85 ON 16 GRTST 24HR 0.49 ON 14-14 TO 1/4 MILE OR LESS
LOWEST: 66 ON 10 3 = THUNDER
SNOW, ICE PELLETS, HAIL 4 = ICE PELLETS
TOTAL MONTH: 0.0 INCH 5 = HAIL
GRTST 24HR 0.0 6 = FREEZING RAIN OR DRIZZLE
GRTST DEPTH: M ON M 7 = DUSTSTORM OR SANDSTORM:
VSBY 1/2 MILE OR LESS
8 = SMOKE OR HAZE
[NO. OF DAYS WITH] [WEATHER - DAYS WITH] 9 = BLOWING SNOW
X = TORNADO
MAX 32 OR BELOW: 0 0.01 INCH OR MORE: 12
MAX 90 OR ABOVE: 0 0.10 INCH OR MORE: 6
MIN 32 OR BELOW: 0 0.50 INCH OR MORE: 0
MIN 0 OR BELOW: 0 1.00 INCH OR MORE: 0
[HDD (BASE 65) ]
TOTAL THIS MO. 0 CLEAR (SCALE 0-3) 0
DPTR FM NORMAL 0 PTCLDY (SCALE 4-7) 0
TOTAL FM JUL 1 0 CLOUDY (SCALE 8-10) 0
DPTR FM NORMAL 0
[CDD (BASE 65) ]
TOTAL THIS MO. 361
DPTR FM NORMAL 17 [PRESSURE DATA]
TOTAL FM JAN 1 947 HIGHEST SLP 30.15 ON 24
DPTR FM NORMAL 27 LOWEST SLP 29.86 ON 12
[REMARKS]
#FINAL-03-20#