000
CXHW53 PHFO 281250
CF6KOA
PRELIMINARY LOCAL CLIMATOLOGICAL DATA (WS FORM: F-6)
STATION: KONA HI
MONTH: MARCH
YEAR: 2024
LATITUDE: 19 38 N
LONGITUDE: 156 0 W
TEMPERATURE IN F: :PCPN: SNOW: WIND :SUNSHINE: SKY :PK WND
================================================================================
1 2 3 4 5 6A 6B 7 8 9 10 11 12 13 14 15 16 17 18
12Z AVG MX 2MIN
DY MAX MIN AVG DEP HDD CDD WTR SNW DPTH SPD SPD DIR MIN PSBL S-S WX SPD DR
================================================================================
1 83 69 76 1 0 11 T M M 9.0 21 60 M M 3 27 50
2 83 68 76 1 0 11 0.00 M M 7.0 14 180 M M 2 22 220
3 79 70 75 0 0 10 0.00 M M 6.8 15 10 M M 4 19 10
4 82 72 77 2 0 12 0.00 M M 8.0 17 170 M M 6 21 170
5 88 70 79 4 0 14 T M M 8.0 28 40 M M 4 38 40
6 82 69 76 1 0 11 T M M 7.3 16 10 M M 5 3 20 360
7 83 69 76 0 0 11 0.00 M M 7.6 15 180 M M 3 21 170
8 83 71 77 1 0 12 0.00 M M 6.8 14 190 M M 4 19 190
9 85 73 79 3 0 14 T M M 7.0 15 210 M M 7 19 220
10 80 73 77 1 0 12 0.01 M M 6.8 13 140 M M 7 15 150
11 78 72 75 -1 0 10 T M M 9.8 21 160 M M 4 26 150
12 83 72 78 2 0 13 T M M 8.3 15 140 M M 3 20 140
13 84 72 78 2 0 13 0.00 M M 8.7 17 350 M M 3 21 350
14 84 71 78 2 0 13 0.00 M M 10.2 28 360 M M 2 33 10
15 81 72 77 1 0 12 T M M 10.4 25 360 M M 7 31 360
16 84 71 78 2 0 13 0.00 M M 9.0 17 10 M M 4 21 360
17 85 69 77 1 0 12 0.00 M M 7.8 18 330 M M 3 23 330
18 83 71 77 1 0 12 0.00 M M 7.5 16 200 M M 5 22 180
19 82 69 76 0 0 11 0.03 M M 8.2 14 230 M M 6 20 190
20 84 68 76 0 0 11 0.00 M M 9.4 22 360 M M 6 28 350
21 84 67 76 0 0 11 0.00 M M 8.9 29 30 M M 3 36 20
22 85 69 77 1 0 12 0.00 M M 8.5 29 10 M M 3 35 10
23 83 69 76 0 0 11 0.00 M M 8.0 15 240 M M 2 20 240
24 83 70 77 1 0 12 0.00 M M 7.2 15 170 M M 1 19 200
25 84 70 77 1 0 12 0.00 M M 10.4 24 360 M M 3 30 160
26 82 73 78 2 0 13 0.08 M M 8.7 22 160 M M 8 1 28 160
27 82 72 77 1 0 12 0.00 M M 7.9 16 100 M M 8 21 90
================================================================================
SM 2239 1901 0 321 0.12 M 223.2 M 116
================================================================================
AV 82.9 70.4 8.3 FASTST M M 4 MAX(MPH)
MISC ----> # 29 30 38 40
================================================================================
NOTES:
# LAST OF SEVERAL OCCURRENCES
COLUMN 17 PEAK WIND IN M.P.H.
PRELIMINARY LOCAL CLIMATOLOGICAL DATA (WS FORM: F-6) , PAGE 2
STATION: KONA HI
MONTH: MARCH
YEAR: 2024
LATITUDE: 19 38 N
LONGITUDE: 156 0 W
[TEMPERATURE DATA] [PRECIPITATION DATA] SYMBOLS USED IN COLUMN 16
AVERAGE MONTHLY: 76.7 TOTAL FOR MONTH: 0.12 1 = FOG OR MIST
DPTR FM NORMAL: 0.9 DPTR FM NORMAL: -0.73 2 = FOG REDUCING VISIBILITY
HIGHEST: 88 ON 5 GRTST 24HR 0.08 ON 26-26 TO 1/4 MILE OR LESS
LOWEST: 67 ON 21 3 = THUNDER
SNOW, ICE PELLETS, HAIL 4 = ICE PELLETS
TOTAL MONTH: M 5 = HAIL
GRTST 24HR M ON M 6 = FREEZING RAIN OR DRIZZLE
GRTST DEPTH: M ON M 7 = DUSTSTORM OR SANDSTORM:
VSBY 1/2 MILE OR LESS
8 = SMOKE OR HAZE
[NO. OF DAYS WITH] [WEATHER - DAYS WITH] 9 = BLOWING SNOW
X = TORNADO
MAX 32 OR BELOW: 0 0.01 INCH OR MORE: 3
MAX 90 OR ABOVE: 0 0.10 INCH OR MORE: 0
MIN 32 OR BELOW: 0 0.50 INCH OR MORE: 0
MIN 0 OR BELOW: 0 1.00 INCH OR MORE: 0
[HDD (BASE 65) ]
TOTAL THIS MO. 0 CLEAR (SCALE 0-3) 9
DPTR FM NORMAL 0 PTCLDY (SCALE 4-7) 18
TOTAL FM JUL 1 0 CLOUDY (SCALE 8-10) 0
DPTR FM NORMAL 0
[CDD (BASE 65) ]
TOTAL THIS MO. 321
DPTR FM NORMAL 30 [PRESSURE DATA]
TOTAL FM JAN 1 981 HIGHEST SLP M ON M
DPTR FM NORMAL 101 LOWEST SLP 29.86 ON 15
[REMARKS]