000
CXUS53 KIND 010600
CF6LAF
PRELIMINARY LOCAL CLIMATOLOGICAL DATA (WS FORM: F-6)
STATION: LAFAYETTE IN
MONTH: SEPTEMBER
YEAR: 2020
LATITUDE: 40 25 N
LONGITUDE: 86 56 W
TEMPERATURE IN F: :PCPN: SNOW: WIND :SUNSHINE: SKY :PK WND
================================================================================
1 2 3 4 5 6A 6B 7 8 9 10 11 12 13 14 15 16 17 18
12Z AVG MX 2MIN
DY MAX MIN AVG DEP HDD CDD WTR SNW DPTH SPD SPD DIR MIN PSBL S-S WX SPD DR
================================================================================
1 83 66 75 4 0 10 0.08 M M 3.0 24 280 M M 7 1238 34 280
2 84 68 76 5 0 11 0.04 M M 3.5 9 250 M M 6 1 14 240
3 89 61 75 4 0 10 0.00 M M 5.9 18 230 M M 5 12 27 250
4 81 53 67 -3 0 2 0.00 M M 6.0 20 310 M M 0 26 310
5 88 52 70 0 0 5 0.00 M M 6.6 22 260 M M 0 35 240
6 80 59 70 0 0 5 0.42 M M 5.8 17 210 M M 2 13 30 230
7 77 68 73 3 0 8 0.47 M M 5.8 15 20 M M 8 13 25 250
8 89 66 78 9 0 13 0.07 M M 6.4 18 290 M M 6 13 27 290
9 87 67 77 8 0 12 0.00 M M 5.1 12 330 M M 3 18 16 320
10 77 66 72 3 0 7 0.00 M M 8.3 14 20 M M 10 18 18 20
11 80 65 73 5 0 8 T M M 9.5 16 100 M M 6 1 23 110
12 83 67 75 7 0 10 0.49 M M 5.5 14 110 M M 9 18 18 110
13 80 62 71 4 0 6 0.00 M M 4.4 12 290 M M 4 12 16 290
14 77 58 68 1 0 3 0.00 M M 6.8 13 40 M M 0 19 100
15 78 55 67 0 0 2 0.00 M M 3.3 9 90 M M 0 13 120
16 81 50 66 0 0 1 0.00 M M 1.8 9 270 M M 0 1 13 240
17 76 57 67 1 0 2 0.00 M M 8.1 20 60 M M 6 27 60
18 69 49 59 -6 6 0 0.00 M M 11.3 21 40 M M 0 28 40
19 70 42 56 -9 9 0 0.00 M M 4.6 14 100 M M 0 17 110
20 77 43 60 -4 5 0 0.00 M M 9.1 17 100 M M 0 28 90
21 80 45 63 -1 2 0 0.00 M M 4.1 13 130 M M 0 18 21 150
22 80 50 65 1 0 0 0.00 M M 2.7 9 290 M M 0 16 260
23 78 50 64 1 1 0 0.00 M M 2.7 10 270 M M 0 1 15 310
24 81 51 66 3 0 1 0.00 M M 3.0 12 260 M M 0 17 250
25 83 52 68 6 0 3 0.00 M M 4.0 12 100 M M 0 18 17 70
26 80 61 71 9 0 6 0.00 M M 8.5 17 190 M M 3 1 28 190
27 82 64 73 12 0 8 0.46 M M 8.4 15 330 M M 6 13 23 210
28 66 50 58 -3 7 0 0.16 M M 7.7 17 270 M M 8 1 26 290
29 64 44 54 -6 11 0 0.00 M M 5.7 15 270 M M 6 12 20 270
30 70 48 59 -1 6 0 T M M 8.6 29 270 M M 5 40 280
================================================================================
SM 2370 1689 47 133 2.19 M 176.2 M 100
================================================================================
AV 79.0 56.3 5.9 FASTST M M 3 MAX(MPH)
MISC ----> 29 270 40 280
================================================================================
NOTES:
# LAST OF SEVERAL OCCURRENCES
COLUMN 17 PEAK WIND IN M.P.H.
PRELIMINARY LOCAL CLIMATOLOGICAL DATA (WS FORM: F-6) , PAGE 2
STATION: LAFAYETTE IN
MONTH: SEPTEMBER
YEAR: 2020
LATITUDE: 40 25 N
LONGITUDE: 86 56 W
[TEMPERATURE DATA] [PRECIPITATION DATA] SYMBOLS USED IN COLUMN 16
AVERAGE MONTHLY: 67.7 TOTAL FOR MONTH: 2.19 1 = FOG OR MIST
DPTR FM NORMAL: 1.5 DPTR FM NORMAL: -0.47 2 = FOG REDUCING VISIBILITY
HIGHEST: 89 ON 8, 3 GRTST 24HR 0.62 ON 27-28 TO 1/4 MILE OR LESS
LOWEST: 42 ON 19 3 = THUNDER
SNOW, ICE PELLETS, HAIL 4 = ICE PELLETS
TOTAL MONTH: M 5 = HAIL
GRTST 24HR M ON M 6 = FREEZING RAIN OR DRIZZLE
GRTST DEPTH: M ON M 7 = DUSTSTORM OR SANDSTORM:
VSBY 1/2 MILE OR LESS
8 = SMOKE OR HAZE
[NO. OF DAYS WITH] [WEATHER - DAYS WITH] 9 = BLOWING SNOW
X = TORNADO
MAX 32 OR BELOW: 0 0.01 INCH OR MORE: 8
MAX 90 OR ABOVE: 0 0.10 INCH OR MORE: 5
MIN 32 OR BELOW: 0 0.50 INCH OR MORE: 0
MIN 0 OR BELOW: 0 1.00 INCH OR MORE: 0
[HDD (BASE 65) ]
TOTAL THIS MO. 47 CLEAR (SCALE 0-3) 14
DPTR FM NORMAL -32 PTCLDY (SCALE 4-7) 13
TOTAL FM JUL 1 47 CLOUDY (SCALE 8-10) 3
DPTR FM NORMAL -39
[CDD (BASE 65) ]
TOTAL THIS MO. 133
DPTR FM NORMAL 20 [PRESSURE DATA]
TOTAL FM JAN 1 1246 HIGHEST SLP M ON M
DPTR FM NORMAL 281 LOWEST SLP 29.64 ON 30
[REMARKS]
#FINAL-09-20#