000
CXUS52 KTBW 031231
CF6LAL
PRELIMINARY LOCAL CLIMATOLOGICAL DATA (WS FORM: F-6)
STATION: LAKELAND LINDER
MONTH: JULY
YEAR: 2023
LATITUDE: 28 0 N
LONGITUDE: 82 3 W
TEMPERATURE IN F: :PCPN: SNOW: WIND :SUNSHINE: SKY :PK WND
================================================================================
1 2 3 4 5 6A 6B 7 8 9 10 11 12 13 14 15 16 17 18
12Z AVG MX 2MIN
DY MAX MIN AVG DEP HDD CDD WTR SNW DPTH SPD SPD DIR MIN PSBL S-S WX SPD DR
================================================================================
1 94 75 85 2 0 20 0.00 0.0 0 4.1 10 110 M M 2 M M
2 96 76 86 3 0 21 0.00 0.0 0 3.4 8 110 M M 3 17 100
3 96 78 87 4 0 22 0.00 0.0 0 3.8 13 280 M M 2 3 M M
4 96 76 86 3 0 21 0.21 0.0 0 2.7 13 120 M M 3 3 M M
5 96 80 88 5 0 23 0.01 0.0 0 3.1 12 130 M M 2 3 21 140
6 94 77 86 3 0 21 0.57 0.0 0 3.5 18 260 M M 3 3 28 260
7 99 77 88 5 0 23 0.33 0.0 0 4.9 21 310 M M 4 3 27 250
8 89 76 83 0 0 18 1.70 0.0 0 6.0 20 310 M M 3 13 24 310
9 95 76 86 3 0 21 0.00 0.0 0 5.9 14 240 M M 3 18 250
10 94 78 86 3 0 21 0.00 0.0 0 8.5 27 310 M M 3 3 37 310
11 92 75 84 1 0 19 1.25 0.0 0 4.4 15 310 M M 1 13 M M
12 95 78 87 4 0 22 0.01 0.0 0 3.2 15 300 M M 2 M M
13 92 78 85 2 0 20 0.05 0.0 0 3.0 8 310 M M 3 3 M M
14 97 77 87 4 0 22 0.00 0.0 0 3.0 9 320 M M 2 M M
15 95 78 87 4 0 22 0.00 0.0 0 4.0 13 190 M M 2 21 190
16 95 76 86 3 0 21 0.90 0.0 0 2.9 20 310 M M 3 3 24 310
17 92 75 84 1 0 19 0.50 0.0 0 4.6 12 60 M M 3 3 M M
18 92 76 84 1 0 19 0.01 0.0 0 2.9 15 180 M M M 3 M M
19 95 76 86 3 0 21 0.10 0.0 0 1.6 24 120 M M 3 3 28 120
20 95 76 86 3 0 21 0.29 0.0 0 1.4 10 100 M M 3 3 M M
21 95 76 86 3 0 21 0.66 0.0 0 5.6 15 330 M M 2 3 20 330
22 96 76 86 3 0 21 0.00 0.0 0 6.4 18 250 M M 2 27 340
23 96 75 86 2 0 21 0.06 0.0 0 4.4 10 260 M M 1 3 17 240
24 92 76 84 0 0 19 0.01 0.0 0 5.4 18 310 M M 2 3 23 310
25 94 76 85 1 0 20 0.00 0.0 0 3.8 12 350 M M 2 M M
26 95 76 86 2 0 21 0.00 0.0 0 2.2 9 180 M M 2 M M
27 95 77 86 2 0 21 0.01 0.0 0 3.5 9 80 M M 2 M M
28 93 77 85 1 0 20 0.00 0.0 0 3.7 18 140 M M 2 27 140
29 93 77 85 1 0 20 0.49 0.0 0 2.2 15 260 M M 3 3 20 260
30 95 78 87 3 0 22 0.00 0.0 0 2.8 20 40 M M 2 3 25 40
31 95 76 86 2 0 21 0.05 0.0 0 4.1 18 250 M M 2 3 22 250
================================================================================
SM 2928 2374 0 644 7.21 0.0 121.0 M 72
================================================================================
AV 94.5 76.6 3.9 FASTST M M 2 MAX(MPH)
MISC ----> 27 310 37 310
================================================================================
NOTES:
# LAST OF SEVERAL OCCURRENCES
COLUMN 17 PEAK WIND IN M.P.H.
PRELIMINARY LOCAL CLIMATOLOGICAL DATA (WS FORM: F-6) , PAGE 2
STATION: LAKELAND LINDER
MONTH: JULY
YEAR: 2023
LATITUDE: 28 0 N
LONGITUDE: 82 3 W
[TEMPERATURE DATA] [PRECIPITATION DATA] SYMBOLS USED IN COLUMN 16
AVERAGE MONTHLY: 85.5 TOTAL FOR MONTH: 7.21 1 = FOG OR MIST
DPTR FM NORMAL: 2.3 DPTR FM NORMAL: -1.64 2 = FOG REDUCING VISIBILITY
HIGHEST: 99 ON 7 GRTST 24HR 1.70 ON 8- 8 TO 1/4 MILE OR LESS
LOWEST: 75 ON 23,17 3 = THUNDER
SNOW, ICE PELLETS, HAIL 4 = ICE PELLETS
TOTAL MONTH: 0.0 INCH 5 = HAIL
GRTST 24HR 0.0 6 = FREEZING RAIN OR DRIZZLE
GRTST DEPTH: 0 7 = DUSTSTORM OR SANDSTORM:
VSBY 1/2 MILE OR LESS
8 = SMOKE OR HAZE
[NO. OF DAYS WITH] [WEATHER - DAYS WITH] 9 = BLOWING SNOW
X = TORNADO
MAX 32 OR BELOW: 0 0.01 INCH OR MORE: 19
MAX 90 OR ABOVE: 30 0.10 INCH OR MORE: 11
MIN 32 OR BELOW: 0 0.50 INCH OR MORE: 6
MIN 0 OR BELOW: 0 1.00 INCH OR MORE: 2
[HDD (BASE 65) ]
TOTAL THIS MO. 0 CLEAR (SCALE 0-3) 26
DPTR FM NORMAL 0 PTCLDY (SCALE 4-7) 4
TOTAL FM JUL 1 0 CLOUDY (SCALE 8-10) 1
DPTR FM NORMAL 0
[CDD (BASE 65) ]
TOTAL THIS MO. 644
DPTR FM NORMAL 75 [PRESSURE DATA]
TOTAL FM JAN 1 2514 HIGHEST SLP M ON M
DPTR FM NORMAL 478 LOWEST SLP M ON M
[REMARKS]
#FINAL-07-23#