000
CXUS52 KTBW 250824
CF6LAL
PRELIMINARY LOCAL CLIMATOLOGICAL DATA (WS FORM: F-6)
STATION: LAKELAND LINDER
MONTH: APRIL
YEAR: 2023
LATITUDE: 28 0 N
LONGITUDE: 82 3 W
TEMPERATURE IN F: :PCPN: SNOW: WIND :SUNSHINE: SKY :PK WND
================================================================================
1 2 3 4 5 6A 6B 7 8 9 10 11 12 13 14 15 16 17 18
12Z AVG MX 2MIN
DY MAX MIN AVG DEP HDD CDD WTR SNW DPTH SPD SPD DIR MIN PSBL S-S WX SPD DR
================================================================================
1 87 65 76 5 0 11 0.00 0.0 0 5.8 12 270 M M 2 21 260
2 88 67 78 7 0 13 0.00 0.0 0 5.5 12 310 M M 4 17 300
3 91 62 77 6 0 12 0.00 0.0 0 4.0 10 300 M M 3 12 M M
4 91 64 78 7 0 13 0.00 0.0 0 4.1 16 110 M M 3 21 110
5 91 69 80 9 0 15 0.00 0.0 0 8.9 16 90 M M 3 22 100
6 91 70 81 10 0 16 0.00 0.0 0 8.0 13 80 M M 4 18 130
7 91 68 80 9 0 15 0.00 0.0 0 4.8 9 150 M M 4 M M
8 91 69 80 8 0 15 T 0.0 0 5.6 14 320 M M 5 21 170
9 88 70 79 7 0 14 0.00 0.0 0 9.0 16 40 M M 7 21 30
10 82 65 74 2 0 9 0.00 0.0 0 14.5 23 40 M M 8 1 30 40
11 81 63 72 0 0 7 0.02 0.0 0 14.6 24 90 M M 2 33 70
12 79 66 73 1 0 8 0.03 0.0 0 13.9 20 80 M M 7 30 90
13 90 69 80 8 0 15 0.05 0.0 0 9.0 17 260 M M 6 22 260
14 91 67 79 7 0 14 0.06 0.0 0 5.5 16 250 M M 5 22 250
15 92 69 81 8 0 16 0.00 0.0 0 3.5 12 220 M M 5 1 M M
16 92 68 80 7 0 15 0.05 0.0 0 6.1 20 280 M M 3 23 280
17 89 67 78 5 0 13 0.51 0.0 0 6.4 13 320 M M 6 3 18 10
18 82 52 67 -6 0 2 0.00 0.0 0 6.0 14 30 M M 0 18 30
19 84 59 72 -1 0 7 0.00 0.0 0 7.3 14 90 M M 1 28 120
20 86 62 74 0 0 9 0.00 0.0 0 9.5 17 70 M M 2 21 90
21 87 62 75 1 0 10 0.00 0.0 0 4.8 13 100 M M 4 17 100
22 89 65 77 3 0 12 0.00 0.0 0 4.2 13 280 M M 3 18 220
23 88 66 77 3 0 12 0.00 0.0 0 9.1 15 40 M M 2 22 40
24 87 67 77 3 0 12 0.03 0.0 0 8.2 22 310 M M 5 3 35 310
25 87 67 77 3 0 12 0.09 0.0 0 4.9 13 60 M M 7 3 25 60
26 88 65 77 2 0 12 0.02 0.0 0 4.8 16 110 M M 4 22 110
27 90 64 77 2 0 12 0.09 0.0 0 7.3 35 300 M M 4 48 300
28 92 66 79 4 0 14 0.13 0.0 0 6.7 17 280 M M 2 25 280
29 88 72 80 5 0 15 0.01 0.0 0 8.9 17 210 M M 3 27 210
30 83 71 77 2 0 12 0.13 0.0 0 15.7 32 300 M M 5 38 270
================================================================================
SM 2636 1976 0 362 1.22 0.0 226.6 M 119
================================================================================
AV 87.9 65.9 7.6 FASTST M M 4 MAX(MPH)
MISC ----> 35 300 48 300
================================================================================
NOTES:
# LAST OF SEVERAL OCCURRENCES
COLUMN 17 PEAK WIND IN M.P.H.
PRELIMINARY LOCAL CLIMATOLOGICAL DATA (WS FORM: F-6) , PAGE 2
STATION: LAKELAND LINDER
MONTH: APRIL
YEAR: 2023
LATITUDE: 28 0 N
LONGITUDE: 82 3 W
[TEMPERATURE DATA] [PRECIPITATION DATA] SYMBOLS USED IN COLUMN 16
AVERAGE MONTHLY: 76.9 TOTAL FOR MONTH: 1.22 1 = FOG OR MIST
DPTR FM NORMAL: 3.7 DPTR FM NORMAL: -1.60 2 = FOG REDUCING VISIBILITY
HIGHEST: 92 ON 28,16 GRTST 24HR 0.51 ON 17-17 TO 1/4 MILE OR LESS
LOWEST: 52 ON 18 3 = THUNDER
SNOW, ICE PELLETS, HAIL 4 = ICE PELLETS
TOTAL MONTH: 0.0 INCH 5 = HAIL
GRTST 24HR 0.0 6 = FREEZING RAIN OR DRIZZLE
GRTST DEPTH: 0 7 = DUSTSTORM OR SANDSTORM:
VSBY 1/2 MILE OR LESS
8 = SMOKE OR HAZE
[NO. OF DAYS WITH] [WEATHER - DAYS WITH] 9 = BLOWING SNOW
X = TORNADO
MAX 32 OR BELOW: 0 0.01 INCH OR MORE: 13
MAX 90 OR ABOVE: 12 0.10 INCH OR MORE: 3
MIN 32 OR BELOW: 0 0.50 INCH OR MORE: 1
MIN 0 OR BELOW: 0 1.00 INCH OR MORE: 0
[HDD (BASE 65) ]
TOTAL THIS MO. 0 CLEAR (SCALE 0-3) 12
DPTR FM NORMAL -5 PTCLDY (SCALE 4-7) 18
TOTAL FM JUL 1 248 CLOUDY (SCALE 8-10) 0
DPTR FM NORMAL -192
[CDD (BASE 65) ]
TOTAL THIS MO. 362
DPTR FM NORMAL 121 [PRESSURE DATA]
TOTAL FM JAN 1 923 HIGHEST SLP M ON M
DPTR FM NORMAL 401 LOWEST SLP M ON M
[REMARKS]
#FINAL-04-23#