000
CXUS53 KGRR 020059
CLALAN
CLIMATE REPORT
NATIONAL WEATHER SERVICE GRAND RAPIDS, MICHIGAN
749 PM EST SUN JAN 01 2023
...................................
...THE LANSING CLIMATE SUMMARY FOR THE YEAR OF 2022...
CLIMATE NORMAL PERIOD: 1991 TO 2020
CLIMATE RECORD PERIOD: 1864 TO 2022
WEATHER OBSERVED NORMAL DEPART LAST YEAR`S
VALUE DATE(S) VALUE FROM VALUE DATE(S)
NORMAL
................................................................
TEMPERATURE (F)
RECORD
HIGH 103 07/06/2012
LOW -37 02/02/1868
HIGHEST 98 06/21 MM MM 94 06/11
LOWEST -3 02/14 MM MM -9 02/17
AVG. MAXIMUM 59.2 57.9 1.3 60.4
AVG. MINIMUM 40.5 39.2 1.3 41.5
MEAN 49.9 48.6 1.3 51.0
DAYS MAX >= 90 17 9.0 8.0 12
DAYS MAX <= 32 53 52.6 0.4 39
DAYS MIN <= 32 130 142.5 -12.5 134
DAYS MIN <= 0 2 8.4 -6.4 5
PRECIPITATION (INCHES)
RECORD
MAXIMUM 48.41 1883
MINIMUM 18.50 1930
TOTALS 31.80 33.33 -1.53 34.56
DAILY AVG. 0.09 0.09 -0.00 0.10
DAYS >= .01 147 137.7 9.3 MM
DAYS >= .10 76 70.6 5.4 MM
DAYS >= .50 17 20.4 -3.4 MM
DAYS >= 1.00 5 6.0 -1.0 MM
GREATEST
24 HR. TOTAL 2.34 02/02 TO 02/03
SNOWFALL (INCHES)
RECORDS
TOTAL 86.3 2008
SNOW DEPTH 24 01/27/1978
01/28/1978
TOTALS 72.3 50.2 22.1 53.9
SINCE 7/1 26.7 15.4 11.3 MM
SNOWDEPTH AVG. 1 1
DAYS >= TRACE 86 42.1 43.9 MM
DAYS >= 1.0 22 15.3 6.7 MM
GREATEST
SNOW DEPTH 12 02/03 16 02/16
02/17
02/19
DEGREE DAYS
HEATING TOTAL 6289 6612 -323 5910
SINCE 7/1 2245 2482 -237 MM
COOLING TOTAL 918 656 262 971
SINCE 1/1 918 657 261 MM
FREEZE DATES
RECORD
EARLIEST 08/03/1894
LATEST 07/15/1863
EARLIEST 10/27
LATEST 04/28
................................................................
WIND (MPH)
AVERAGE WIND SPEED 8.9
RESULTANT WIND SPEED/DIRECTION 3/230
HIGHEST WIND SPEED/DIRECTION 45/250 DATE 04/24
HIGHEST GUST SPEED/DIRECTION 66/250 DATE 04/24
SKY COVER
POSSIBLE SUNSHINE (PERCENT) MM
AVERAGE SKY COVER 0.49
NUMBER OF DAYS FAIR 141
NUMBER OF DAYS PC 107
NUMBER OF DAYS CLOUDY 116
AVERAGE RH (PERCENT) 67
WEATHER CONDITIONS. NUMBER OF DAYS WITH
THUNDERSTORM 28 MIXED PRECIP 0
HEAVY RAIN 33 RAIN 52
LIGHT RAIN 110 FREEZING RAIN 1
LT FREEZING RAIN 4 HAIL 0
HEAVY SNOW 8 SNOW 19
LIGHT SNOW 73 SLEET 0
FOG 172 FOG W/VIS <= 1/4 MILE 16
HAZE 122
- INDICATES NEGATIVE NUMBERS.
R INDICATES RECORD WAS SET OR TIED.
MM INDICATES DATA IS MISSING.
T INDICATES TRACE AMOUNT.
$$