000
CXUS55 KVEF 032200
CF6LAS
PRELIMINARY LOCAL CLIMATOLOGICAL DATA (WS FORM: F-6)
STATION: LAS VEGAS NV
MONTH: DECEMBER
YEAR: 2020
LATITUDE: 36 4 N
LONGITUDE: 115 10 W
TEMPERATURE IN F: :PCPN: SNOW: WIND :SUNSHINE: SKY :PK WND
================================================================================
1 2 3 4 5 6A 6B 7 8 9 10 11 12 13 14 15 16 17 18
12Z AVG MX 2MIN
DY MAX MIN AVG DEP HDD CDD WTR SNW DPTH SPD SPD DIR MIN PSBL S-S WX SPD DR
================================================================================
1 65 41 53 3 12 0 0.00 0.0 0 4.7 14 60 M M 1 19 50
2 58 40 49 -1 16 0 0.00 0.0 0 10.4 28 60 M M 0 37 60
3 57 36 47 -2 18 0 0.00 0.0 0 2.5 8 220 M M 0 10 50
4 60 33 47 -2 18 0 0.00 0.0 0 2.6 8 210 M M 0 10 200
5 62 36 49 0 16 0 0.00 0.0 0 2.5 9 220 M M 0 11 230
6 60 38 49 0 16 0 0.00 0.0 0 2.5 8 210 M M 5 10 210
7 70 47 59 11 6 0 0.00 0.0 0 5.5 20 50 M M 7 25 30
8 68 42 55 7 10 0 0.00 0.0 0 3.7 9 220 M M 4 11 210
9 66 43 55 7 10 0 0.00 0.0 0 2.6 8 230 M M 5 9 200
10 63 44 54 6 11 0 0.00 0.0 0 2.5 10 320 M M 5 8 11 330
11 54 39 47 -1 18 0 0.00 0.0 0 3.7 8 240 M M 5 11 220
12 59 37 48 0 17 0 0.00 0.0 0 10.3 29 20 M M 5 40 10
13 49 33 41 -6 24 0 0.00 0.0 0 3.5 12 30 M M 6 15 30
14 57 37 47 0 18 0 0.00 0.0 0 7.7 28 350 M M 4 37 350
15 54 39 47 0 18 0 0.00 0.0 0 9.8 26 340 M M 3 36 340
16 56 36 46 -1 19 0 0.00 0.0 0 2.3 10 220 M M 3 13 210
17 62 39 51 4 14 0 0.04 0.0 0 5.6 35 340 M M 6 55 350
18 57 41 49 2 16 0 0.00 0.0 0 11.0 25 350 M M 2 35 350
19 57 36 47 0 18 0 0.00 0.0 0 2.7 9 270 M M 1 11 240
20 62 36 49 2 16 0 0.00 0.0 0 2.3 9 210 M M 1 11 210
21 67 42 55 8 10 0 0.00 0.0 0 3.1 8 210 M M 0 9 210
22 70 43 57 10 8 0 0.00 0.0 0 4.1 17 30 M M 2 23 330
23 53 37 45 -2 20 0 0.00 0.0 0 13.4 28 60 M M 3 35 50
24 48 33 41 -6 24 0 0.00 0.0 0 2.9 8 230 M M 10 11 230
25 57 35 46 -1 19 0 0.00 0.0 0 2.4 8 210 M M 5 9 80
26 56 35 46 -1 19 0 0.00 0.0 0 2.9 9 40 M M 5 15 30
27 56 42 49 2 16 0 0.00 0.0 0 3.6 10 30 M M 8 12 20
28 53 38 46 -1 19 0 T 0.0 0 5.4 16 240 M M 7 24 240
29 56 38 47 0 18 0 0.00 0.0 0 11.1 23 340 M M 4 33 350
30 55 34 45 -2 20 0 0.00 0.0 0 3.6 12 20 M M 4 15 360
31 52 39 46 -1 19 0 0.00 0.0 0 6.2 23 350 M M 8 30 340
================================================================================
SM 1819 1189 503 0 0.04 0.0 157.1 M 119
================================================================================
AV 58.7 38.4 5.1 FASTST M M 4 MAX(MPH)
MISC ----> 35 340 55 350
================================================================================
NOTES:
# LAST OF SEVERAL OCCURRENCES
COLUMN 17 PEAK WIND IN M.P.H.
PRELIMINARY LOCAL CLIMATOLOGICAL DATA (WS FORM: F-6) , PAGE 2
STATION: LAS VEGAS NV
MONTH: DECEMBER
YEAR: 2020
LATITUDE: 36 4 N
LONGITUDE: 115 10 W
[TEMPERATURE DATA] [PRECIPITATION DATA] SYMBOLS USED IN COLUMN 16
AVERAGE MONTHLY: 48.5 TOTAL FOR MONTH: 0.04 1 = FOG OR MIST
DPTR FM NORMAL: 0.8 DPTR FM NORMAL: -0.46 2 = FOG REDUCING VISIBILITY
HIGHEST: 70 ON 22, 7 GRTST 24HR 0.04 ON 17-17 TO 1/4 MILE OR LESS
LOWEST: 33 ON 24,13 3 = THUNDER
SNOW, ICE PELLETS, HAIL 4 = ICE PELLETS
TOTAL MONTH: 0.0 INCH 5 = HAIL
GRTST 24HR 0.0 6 = FREEZING RAIN OR DRIZZLE
GRTST DEPTH: 0 7 = DUSTSTORM OR SANDSTORM:
VSBY 1/2 MILE OR LESS
8 = SMOKE OR HAZE
[NO. OF DAYS WITH] [WEATHER - DAYS WITH] 9 = BLOWING SNOW
X = TORNADO
MAX 32 OR BELOW: 0 0.01 INCH OR MORE: 1
MAX 90 OR ABOVE: 0 0.10 INCH OR MORE: 0
MIN 32 OR BELOW: 0 0.50 INCH OR MORE: 0
MIN 0 OR BELOW: 0 1.00 INCH OR MORE: 0
[HDD (BASE 65) ]
TOTAL THIS MO. 503 CLEAR (SCALE 0-3) 13
DPTR FM NORMAL -35 PTCLDY (SCALE 4-7) 17
TOTAL FM JUL 1 769 CLOUDY (SCALE 8-10) 1
DPTR FM NORMAL -79
[CDD (BASE 65) ]
TOTAL THIS MO. 0
DPTR FM NORMAL 0 [PRESSURE DATA]
TOTAL FM JAN 1 4256 HIGHEST SLP 30.57 ON 23
DPTR FM NORMAL 688 LOWEST SLP 29.75 ON 28
[REMARKS]
#FINAL-12-20#