000
CXUS54 KOUN 250810
CF6LAW
PRELIMINARY LOCAL CLIMATOLOGICAL DATA (WS FORM: F-6)
STATION: LAWTON
MONTH: APRIL
YEAR: 2024
LATITUDE: 34 34 N
LONGITUDE: 98 25 W
TEMPERATURE IN F: :PCPN: SNOW: WIND :SUNSHINE: SKY :PK WND
================================================================================
1 2 3 4 5 6A 6B 7 8 9 10 11 12 13 14 15 16 17 18
12Z AVG MX 2MIN
DY MAX MIN AVG DEP HDD CDD WTR SNW DPTH SPD SPD DIR MIN PSBL S-S WX SPD DR
================================================================================
1 75 52 64 6 1 0 0.49 0.0 0 8.4 28 300 M M 4 13 51 300
2 62 41 52 -7 13 0 0.00 0.0 0 12.0 28 360 M M 4 1 36 360
3 71 39 55 -4 10 0 0.00 0.0 0 9.0 24 360 M M 0 31 350
4 80 38 59 0 6 0 0.00 0.0 0 4.5 10 70 M M 0 14 100
5 84 46 65 6 0 0 0.00 0.0 0 9.8 20 130 M M 0 28 160
6 82 53 68 8 0 3 0.00 0.0 0 14.1 30 160 M M 2 3 40 160
7 76 39 58 -2 7 0 0.00 0.0 0 7.6 17 260 M M 0 30 260
8 77 35 56 -4 9 0 0.00 0.0 0 7.5 24 30 M M 0 1 36 20
9 67 50 59 -1 6 0 0.65 M 0 14.6 29 30 M M 7 13 44 260
10 70 46 58 -2 7 0 0.16 0.0 0 11.2 29 20 M M 6 1 39 20
11 71 43 57 -4 8 0 0.00 0.0 0 10.3 28 10 M M 0 36 360
12 79 39 59 -2 6 0 0.00 0.0 0 8.2 21 180 M M 0 34 180
13 84 47 66 5 0 1 0.00 0.0 0 10.7 26 170 M M 0 1 34 170
14 90 53 72 11 0 7 0.00 0.0 0 8.6 18 170 M M 0 24 170
15 78 65 72 11 0 7 T 0.0 0 14.6 37 130 M M 3 52 140
16 84 56 70 8 0 5 0.00 0.0 0 9.1 22 170 M M 1 36 160
17 89 53 71 9 0 6 0.00 0.0 0 11.4 22 170 M M 3 12 33 140
18 77 56 67 5 0 2 0.00 0.0 0 15.8 26 350 M M 7 1 35 360
19 67 48 58 -4 7 0 0.00 0.0 0 13.1 26 30 M M 5 37 30
20 59 48 54 -9 11 0 0.70 0.0 0 10.3 23 40 M M 10 13 30 30
21 66 42 54 -9 11 0 0.00 0.0 0 8.7 18 20 M M 4 1 24 10
22 72 37 55 -8 10 0 0.00 0.0 M 9.9 24 170 M M 0 1 35 170
23 81 52 67 4 0 2 0.00 0.0 M 9.9 21 190 M M 1 30 180
24 77 62 70 6 0 5 0.03 0.0 M 10.9 26 100 M M 8 138 36 100
================================================================================
SM 1818 1140 112 38 2.03 0.0 250.2 M 65
================================================================================
AV 75.8 47.5 10.4 FASTST M M 3 MAX(MPH)
MISC ----> 37 130 52 140
================================================================================
NOTES:
# LAST OF SEVERAL OCCURRENCES
COLUMN 17 PEAK WIND IN M.P.H.
PRELIMINARY LOCAL CLIMATOLOGICAL DATA (WS FORM: F-6) , PAGE 2
STATION: LAWTON
MONTH: APRIL
YEAR: 2024
LATITUDE: 34 34 N
LONGITUDE: 98 25 W
[TEMPERATURE DATA] [PRECIPITATION DATA] SYMBOLS USED IN COLUMN 16
AVERAGE MONTHLY: 61.6 TOTAL FOR MONTH: 2.03 1 = FOG OR MIST
DPTR FM NORMAL: 0.7 DPTR FM NORMAL: 0.14 2 = FOG REDUCING VISIBILITY
HIGHEST: 90 ON 14 GRTST 24HR 0.70 ON 20-20 TO 1/4 MILE OR LESS
LOWEST: 35 ON 8 3 = THUNDER
SNOW, ICE PELLETS, HAIL 4 = ICE PELLETS
TOTAL MONTH: 0.0 INCH 5 = HAIL
GRTST 24HR 0.0 6 = FREEZING RAIN OR DRIZZLE
GRTST DEPTH: 0 7 = DUSTSTORM OR SANDSTORM:
VSBY 1/2 MILE OR LESS
8 = SMOKE OR HAZE
[NO. OF DAYS WITH] [WEATHER - DAYS WITH] 9 = BLOWING SNOW
X = TORNADO
MAX 32 OR BELOW: 0 0.01 INCH OR MORE: 5
MAX 90 OR ABOVE: 1 0.10 INCH OR MORE: 4
MIN 32 OR BELOW: 0 0.50 INCH OR MORE: 2
MIN 0 OR BELOW: 0 1.00 INCH OR MORE: 0
[HDD (BASE 65) ]
TOTAL THIS MO. 112 CLEAR (SCALE 0-3) 15
DPTR FM NORMAL -27 PTCLDY (SCALE 4-7) 8
TOTAL FM JUL 1 2826 CLOUDY (SCALE 8-10) 1
DPTR FM NORMAL -292
[CDD (BASE 65) ]
TOTAL THIS MO. 38
DPTR FM NORMAL -4 [PRESSURE DATA]
TOTAL FM JAN 1 52 HIGHEST SLP M ON M
DPTR FM NORMAL -8 LOWEST SLP 29.49 ON 1
[REMARKS]