000
CXUS56 KLOX 011255
CF6LAX
PRELIMINARY LOCAL CLIMATOLOGICAL DATA (WS FORM: F-6)
STATION: LOS ANGELES INTL AIRPORT CA
MONTH: DECEMBER
YEAR: 2022
LATITUDE: 33 55 N
LONGITUDE: 118 24 W
TEMPERATURE IN F: :PCPN: SNOW: WIND :SUNSHINE: SKY :PK WND
================================================================================
1 2 3 4 5 6A 6B 7 8 9 10 11 12 13 14 15 16 17 18
12Z AVG MX 2MIN
DY MAX MIN AVG DEP HDD CDD WTR SNW DPTH SPD SPD DIR MIN PSBL S-S WX SPD DR
================================================================================
1 62 55 59 0 6 0 T M M 5.8 15 240 M M 9 24 110
2 61 52 57 -2 8 0 0.12 M M 7.6 15 100 M M 10 1 21 90
3 68 53 61 2 4 0 0.00 M M 4.8 15 260 M M 5 18 270
4 64 54 59 1 6 0 0.13 M M 3.5 9 250 M M 8 18 14 290
5 61 52 57 -1 8 0 0.00 M M 7.4 16 260 M M 5 21 290
6 61 49 55 -3 10 0 0.00 M M 6.3 15 270 M M 5 17 280
7 60 45 53 -5 12 0 0.00 M M 5.3 14 260 M M 3 17 220
8 60 44 52 -6 13 0 0.00 M M 5.7 17 260 M M 2 20 260
9 62 44 53 -5 12 0 0.00 M M 4.5 15 260 M M 2 18 250
10 63 48 56 -2 9 0 T M M 6.6 15 250 M M 7 8 20 190
11 59 52 56 -2 9 0 0.67 M M 16.7 30 260 M M 7 1 39 240
12 57 46 52 -6 13 0 0.36 M M 6.7 15 260 M M 5 1 18 270
13 59 45 52 -5 13 0 0.00 M M 5.7 14 240 M M 3 16 240
14 59 43 51 -6 14 0 0.00 M M 5.4 15 260 M M 1 17 270
15 61 47 54 -3 11 0 0.00 M M 4.4 12 280 M M 8 14 290
16 69 50 60 3 5 0 0.00 M M 5.2 12 260 M M 7 15 300
17 66 47 57 0 8 0 0.00 M M 6.0 13 20 M M 6 16 10
18 64 46 55 -2 10 0 0.00 M M 5.8 14 270 M M 1 17 270
19 65 43 54 -3 11 0 0.00 M M 4.5 13 260 M M 2 15 280
20 63 48 56 -1 9 0 0.00 M M 4.5 12 270 M M 3 15 280
21 66 44 55 -2 10 0 0.00 M M 4.7 12 260 M M 1 16 280
22 69 48 59 2 6 0 0.00 M M 4.4 13 260 M M 5 18 16 270
23 66 45 56 -1 9 0 0.00 M M 4.3 12 250 M M 4 18 13 270
24 76 49 63 6 2 0 0.00 M M 3.4 13 260 M M 0 18 14 260
25 83 54 69 12 0 4 0.00 M M 4.2 15 250 M M 3 17 270
26 78 52 65 8 0 0 0.00 M M 3.9 12 240 M M 5 15 240
27 64 53 59 2 6 0 0.49 M M 4.7 12 240 M M 9 1 19 230
28 63 53 58 1 7 0 0.01 M M 4.5 12 240 M M 8 18 15 220
29 60 55 58 1 7 0 T M M 4.5 10 110 M M 10 13 110
30 60 56 58 1 7 0 0.05 M M 4.2 10 260 M M 10 1 13 230
31 60 57 59 2 6 0 0.96 M M 9.5 24 230 M M 10 1 31 220
================================================================================
SM 1989 1529 251 4 2.79 M 174.7 M 164
================================================================================
AV 64.2 49.3 5.6 FASTST M M 5 MAX(MPH)
MISC ----> 30 260 39 240
================================================================================
NOTES:
# LAST OF SEVERAL OCCURRENCES
COLUMN 17 PEAK WIND IN M.P.H.
PRELIMINARY LOCAL CLIMATOLOGICAL DATA (WS FORM: F-6) , PAGE 2
STATION: LOS ANGELES INTL AIRPORT CA
MONTH: DECEMBER
YEAR: 2022
LATITUDE: 33 55 N
LONGITUDE: 118 24 W
[TEMPERATURE DATA] [PRECIPITATION DATA] SYMBOLS USED IN COLUMN 16
AVERAGE MONTHLY: 56.7 TOTAL FOR MONTH: 2.79 1 = FOG OR MIST
DPTR FM NORMAL: -0.9 DPTR FM NORMAL: 0.56 2 = FOG REDUCING VISIBILITY
HIGHEST: 83 ON 25 GRTST 24HR 0.96 ON 31-31 TO 1/4 MILE OR LESS
LOWEST: 43 ON 19,14 3 = THUNDER
SNOW, ICE PELLETS, HAIL 4 = ICE PELLETS
TOTAL MONTH: M 5 = HAIL
GRTST 24HR M ON M 6 = FREEZING RAIN OR DRIZZLE
GRTST DEPTH: M ON M 7 = DUSTSTORM OR SANDSTORM:
VSBY 1/2 MILE OR LESS
8 = SMOKE OR HAZE
[NO. OF DAYS WITH] [WEATHER - DAYS WITH] 9 = BLOWING SNOW
X = TORNADO
MAX 32 OR BELOW: 0 0.01 INCH OR MORE: 8
MAX 90 OR ABOVE: 0 0.10 INCH OR MORE: 6
MIN 32 OR BELOW: 0 0.50 INCH OR MORE: 2
MIN 0 OR BELOW: 0 1.00 INCH OR MORE: 0
[HDD (BASE 65) ]
TOTAL THIS MO. 251 CLEAR (SCALE 0-3) 10
DPTR FM NORMAL 19 PTCLDY (SCALE 4-7) 14
TOTAL FM JUL 1 392 CLOUDY (SCALE 8-10) 7
DPTR FM NORMAL 15
[CDD (BASE 65) ]
TOTAL THIS MO. 4
DPTR FM NORMAL 1 [PRESSURE DATA]
TOTAL FM JAN 1 1047 HIGHEST SLP 30.32 ON 8
DPTR FM NORMAL 329 LOWEST SLP 29.71 ON 31
[REMARKS]
#FINAL-12-22#