000
CXUS54 KLUB 051547 CCA
CLMLBB
CLIMATE REPORT ...CORRECTED
NATIONAL WEATHER SERVICE LUBBOCK TX
1047 AM CDT WED JUL 5 2023
...................................
...THE LUBBOCK CLIMATE SUMMARY FOR THE MONTH OF JUNE 2023...
CLIMATE NORMAL PERIOD 1991 TO 2020
CLIMATE RECORD PERIOD 1911 TO 2023
WEATHER OBSERVED NORMAL DEPART LAST YEAR`S
VALUE DATE(S) VALUE FROM VALUE DATE(S)
NORMAL
................................................................
TEMPERATURE (F)
RECORD
HIGH 114 06/27/1994
LOW 39 06/02/1917
HIGHEST 109 06/27 107 06/12
LOWEST 56 06/03 57 06/01
06/02
AVG. MAXIMUM 92.9 91.6 1.3 93.9
AVG. MINIMUM 65.2 65.6 -0.4 67.7
MEAN 79.1 78.6 0.5 80.8
DAYS MAX >= 90 20 19.5 0.5 21
DAYS MAX <= 32 0 0.0 0.0 0
DAYS MIN <= 32 0 0.0 0.0 0
DAYS MIN <= 0 0 0.0 0.0 0
PRECIPITATION (INCHES)
RECORD
MAXIMUM 8.48 2000
MINIMUM T 2011
TOTALS 1.69 2.58 -0.89 0.83
DAILY AVG. 0.06 0.09 -0.03 0.03
DAYS >= .01 8 7.6 0.4 4
DAYS >= .10 4 4.7 -0.7 1
DAYS >= .50 2 1.7 0.3 1
DAYS >= 1.00 0 0.5 -0.5 0
GREATEST
24 HR. TOTAL 0.69 06/02 TO 06/02
SNOWFALL (INCHES)
RECORDS
TOTAL 2.0 1951
24 HR TOTAL MM
SNOW DEPTH MM
TOTALS 0.0 0.0 0.0 0.0
SINCE 7/1 7.2 7.0 0.2 MM
SNOWDEPTH AVG. 0 0
DAYS >= TRACE 0 0.0 0.0 0
DAYS >= 1.0 0 0.0 0.0 0
GREATEST
SNOW DEPTH 0 0
24 HR TOTAL 0.0 MM
DEGREE DAYS
HEATING TOTAL 0 1 -1 0
SINCE 7/1 3048 3243 -195 MM
COOLING TOTAL 431 409 22 484
SINCE 1/1 654 682 -28 MM
................................................................
WIND (MPH)
AVERAGE WIND SPEED 11.6
HIGHEST WIND SPEED/DIRECTION 39/050 DATE 06/21
HIGHEST GUST SPEED/DIRECTION 55/050 DATE 06/21
SKY COVER
POSSIBLE SUNSHINE (PERCENT) MM
AVERAGE SKY COVER 0.43
NUMBER OF DAYS FAIR 13
NUMBER OF DAYS PC 14
NUMBER OF DAYS CLOUDY 3
AVERAGE RH (PERCENT) 55
WEATHER CONDITIONS. NUMBER OF DAYS WITH
THUNDERSTORM 7 MIXED PRECIP 0
HEAVY RAIN 3 RAIN 4
LIGHT RAIN 10 FREEZING RAIN 0
LT FREEZING RAIN 0 HAIL 0
HEAVY SNOW 0 SNOW 0
LIGHT SNOW 0 SLEET 0
FOG 9 FOG W/VIS <= 1/4 MILE 1
HAZE 2
- INDICATES NEGATIVE NUMBERS.
R INDICATES RECORD WAS SET OR TIED.
MM INDICATES DATA IS MISSING.
T INDICATES TRACE AMOUNT.
$$