000
CXUS55 KLBF 011410
CF6LBF
PRELIMINARY LOCAL CLIMATOLOGICAL DATA (WS FORM: F-6)
STATION: NORTH PLATTE
MONTH: OCTOBER
YEAR: 2021
LATITUDE: 41 7 N
LONGITUDE: 100 41 W
TEMPERATURE IN F: :PCPN: SNOW: WIND :SUNSHINE: SKY :PK WND
================================================================================
1 2 3 4 5 6A 6B 7 8 9 10 11 12 13 14 15 16 17 18
12Z AVG MX 2MIN
DY MAX MIN AVG DEP HDD CDD WTR SNW DPTH SPD SPD DIR MIN PSBL S-S WX SPD DR
================================================================================
1 76 48 62 5 3 0 0.00 0.0 0 5.1 14 310 M M 5 1 19 310
2 76 45 61 4 4 0 0.00 0.0 0 5.5 17 360 M M 4 12 28 30
3 83 39 61 5 4 0 0.00 0.0 0 3.9 8 100 M M 0 8 11 290
4 84 40 62 6 3 0 T 0.0 0 4.3 13 120 M M 0 16 120
5 80 40 60 5 5 0 0.00 0.0 0 4.5 13 110 M M 0 17 100
6 78 42 60 5 5 0 0.00 0.0 0 11.3 20 120 M M 0 8 29 130
7 78 49 64 10 1 0 0.00 0.0 0 4.9 14 190 M M 1 1 22 120
8 86 45 66 12 0 1 0.00 0.0 0 4.1 12 130 M M 0 18 15 130
9 83 53 68 15 0 3 0.00 0.0 0 10.4 24 290 M M 0 31 290
10 72 39 56 3 9 0 0.00 0.0 0 8.4 24 310 M M 0 33 310
11 73 34 54 2 11 0 0.00 0.0 0 4.8 14 30 M M 0 20 40
12 73 39 56 4 9 0 0.26 0.0 0 15.9 36 130 M M 6 13 51 150
13 58 34 46 -6 19 0 T 0.0 0 22.5 45 280 M M 4 63 290
14 48 30 39 -12 26 0 0.02 0.0 0 3.4 15 290 M M 6 1 21 290
15 57 26 42 -8 23 0 0.00 0.0 0 9.8 26 300 M M 4 1 37 310
16 70 24 47 -3 18 0 0.00 0.0 0 4.5 16 290 M M 0 24 280
17 77 28 53 3 12 0 0.00 0.0 0 5.8 17 180 M M 0 1 25 190
18 70 34 52 3 13 0 0.00 0.0 0 8.1 16 170 M M 0 21 130
19 74 39 57 8 8 0 T 0.0 0 9.8 24 340 M M 2 35 310
20 50 28 39 -9 26 0 0.00 0.0 0 13.8 29 310 M M 6 41 310
21 63 27 45 -3 20 0 0.00 0.0 0 2.7 9 330 M M 0 12 330
22 76 29 53 6 12 0 0.00 0.0 0 5.0 14 60 M M 0 21 60
23 54 34 44 -3 21 0 0.00 0.0 0 8.6 21 100 M M 6 1 27 100
24 64 33 49 3 16 0 0.00 0.0 0 8.8 24 320 M M 3 31 340
25 53 36 45 -1 20 0 0.00 0.0 0 9.4 18 160 M M 7 1 27 150
26 69 47 58 12 7 0 0.31 0.0 0 15.3 35 310 M M 9 13 48 310
27 62 36 49 4 16 0 0.00 0.0 0 16.1 30 350 M M 4 46 330
28 61 30 46 1 19 0 0.00 0.0 0 18.2 39 330 M M 0 56 330
29 68 27 48 4 17 0 0.00 0.0 0 4.3 10 260 M M 0 15 260
30 67 30 49 5 16 0 0.00 0.0 0 9.8 28 340 M M 0 40 350
31 44 34 39 -4 26 0 0.24 2.5 0 5.0 15 30 M M 10 1 21 360
================================================================================
SM 2127 1119 389 4 0.83 2.5 264.0 M 77
================================================================================
AV 68.6 36.1 8.5 FASTST M M 2 MAX(MPH)
MISC ----> 45 280 63 290
================================================================================
NOTES:
# LAST OF SEVERAL OCCURRENCES
COLUMN 17 PEAK WIND IN M.P.H.
PRELIMINARY LOCAL CLIMATOLOGICAL DATA (WS FORM: F-6) , PAGE 2
STATION: NORTH PLATTE
MONTH: OCTOBER
YEAR: 2021
LATITUDE: 41 7 N
LONGITUDE: 100 41 W
[TEMPERATURE DATA] [PRECIPITATION DATA] SYMBOLS USED IN COLUMN 16
AVERAGE MONTHLY: 52.4 TOTAL FOR MONTH: 0.83 1 = FOG OR MIST
DPTR FM NORMAL: 2.2 DPTR FM NORMAL: -0.82 2 = FOG REDUCING VISIBILITY
HIGHEST: 86 ON 8 GRTST 24HR 0.31 ON 26-26 TO 1/4 MILE OR LESS
LOWEST: 24 ON 16 3 = THUNDER
SNOW, ICE PELLETS, HAIL 4 = ICE PELLETS
TOTAL MONTH: 2.5 INCHES 5 = HAIL
GRTST 24HR 2.5 ON 31-31 6 = FREEZING RAIN OR DRIZZLE
GRTST DEPTH: 0 7 = DUSTSTORM OR SANDSTORM:
VSBY 1/2 MILE OR LESS
8 = SMOKE OR HAZE
[NO. OF DAYS WITH] [WEATHER - DAYS WITH] 9 = BLOWING SNOW
X = TORNADO
MAX 32 OR BELOW: 0 0.01 INCH OR MORE: 4
MAX 90 OR ABOVE: 0 0.10 INCH OR MORE: 3
MIN 32 OR BELOW: 10 0.50 INCH OR MORE: 0
MIN 0 OR BELOW: 0 1.00 INCH OR MORE: 0
[HDD (BASE 65) ]
TOTAL THIS MO. 389 CLEAR (SCALE 0-3) 19
DPTR FM NORMAL -78 PTCLDY (SCALE 4-7) 10
TOTAL FM JUL 1 427 CLOUDY (SCALE 8-10) 2
DPTR FM NORMAL -174
[CDD (BASE 65) ]
TOTAL THIS MO. 4
DPTR FM NORMAL -2 [PRESSURE DATA]
TOTAL FM JAN 1 1168 HIGHEST SLP 30.42 ON 31
DPTR FM NORMAL 265 LOWEST SLP 29.33 ON 13
[REMARKS]
#FINAL-10-21#