000
CXUS53 KLBF 011410
CF6LBF
PRELIMINARY LOCAL CLIMATOLOGICAL DATA (WS FORM: F-6)
STATION: NORTH PLATTE
MONTH: SEPTEMBER
YEAR: 2023
LATITUDE: 41 7 N
LONGITUDE: 100 41 W
TEMPERATURE IN F: :PCPN: SNOW: WIND :SUNSHINE: SKY :PK WND
================================================================================
1 2 3 4 5 6A 6B 7 8 9 10 11 12 13 14 15 16 17 18
12Z AVG MX 2MIN
DY MAX MIN AVG DEP HDD CDD WTR SNW DPTH SPD SPD DIR MIN PSBL S-S WX SPD DR
================================================================================
1 100 67 84 15 0 19 0.00 0.0 0 10.8 20 160 M M 0 29 160
2 102 63 83 14 0 18 0.00 0.0 0 8.8 18 190 M M 0 32 170
3 101 57 79 10 0 14 0.00 0.0 0 4.6 16 110 M M 0 20 120
4 98 58 78 10 0 13 0.06 0.0 0 8.0 40 330 M M 0 3 76 320
5 74 46 60 -8 5 0 T 0.0 0 14.3 30 310 M M 2 138 41 350
6 81 42 62 -6 3 0 0.00 0.0 0 5.5 14 170 M M 0 18 19 170
7 92 51 72 4 0 7 0.00 0.0 0 8.2 22 30 M M 0 18 34 40
8 87 47 67 0 0 2 0.00 0.0 M 5.9 17 110 M M 0 18 23 100
9 93 55 74 7 0 9 0.06 0.0 0 10.5 29 70 M M 2 13 41 50
10 67 54 61 -5 4 0 0.78 0.0 0 7.4 18 40 M M 5 13 26 350
11 71 48 60 -6 5 0 0.00 0.0 0 3.2 10 20 M M 4 1 14 80
12 76 44 60 -6 5 0 0.00 0.0 0 6.2 15 170 M M 0 1 19 170
13 78 48 63 -2 2 0 0.00 0.0 0 5.9 14 190 M M 1 23 170
14 78 54 66 1 0 1 0.05 0.0 0 7.0 18 360 M M 6 1 24 360
15 76 50 63 -2 2 0 0.31 0.0 0 3.9 14 20 M M 5 1 21 10
16 82 45 64 0 1 0 0.00 0.0 0 7.1 17 250 M M 0 1 24 250
17 83 45 64 0 1 0 0.00 0.0 0 5.4 15 170 M M 0 1 20 170
18 91 49 70 7 0 5 0.00 0.0 0 4.0 14 260 M M 0 21 240
19 91 45 68 5 0 3 0.00 0.0 0 4.4 12 40 M M 0 15 40
20 90 46 68 5 0 3 0.02 0.0 0 3.5 18 280 M M 1 3 29 290
21 75 54 65 3 0 0 0.01 0.0 0 14.5 29 110 M M 5 138 40 110
22 72 55 64 2 1 0 0.25 0.0 0 7.0 21 100 M M 7 123 26 100
23 73 48 61 0 4 0 0.13 0.0 0 11.1 25 310 M M 3 13 33 270
24 78 43 61 0 4 0 0.00 0.0 0 7.3 22 300 M M 0 29 290
25 83 40 62 2 3 0 0.00 0.0 0 3.3 9 70 M M 0 1 14 40
26 78 47 63 3 2 0 0.00 0.0 0 5.5 14 90 M M 0 19 100
27 80 43 62 3 3 0 0.00 0.0 0 5.6 15 160 M M 1 12 22 160
28 90 50 70 11 0 5 0.00 0.0 0 7.5 15 160 M M 0 27 150
29 82 56 69 11 0 4 0.00 0.0 0 7.5 18 20 M M 0 28 170
30 91 50 71 13 0 6 0.00 0.0 0 7.6 20 160 M M 0 1 29 160
================================================================================
SM 2513 1500 45 109 1.67 0.0 211.5 M 42
================================================================================
AV 83.8 50.0 7.1 FASTST M M 1 MAX(MPH)
MISC ----> 40 330 76 320
================================================================================
NOTES:
# LAST OF SEVERAL OCCURRENCES
COLUMN 17 PEAK WIND IN M.P.H.
PRELIMINARY LOCAL CLIMATOLOGICAL DATA (WS FORM: F-6) , PAGE 2
STATION: NORTH PLATTE
MONTH: SEPTEMBER
YEAR: 2023
LATITUDE: 41 7 N
LONGITUDE: 100 41 W
[TEMPERATURE DATA] [PRECIPITATION DATA] SYMBOLS USED IN COLUMN 16
AVERAGE MONTHLY: 66.9 TOTAL FOR MONTH: 1.67 1 = FOG OR MIST
DPTR FM NORMAL: 2.7 DPTR FM NORMAL: 0.06 2 = FOG REDUCING VISIBILITY
HIGHEST: 102 ON 2 GRTST 24HR 0.84 ON 9-10 TO 1/4 MILE OR LESS
LOWEST: 40 ON 25 3 = THUNDER
SNOW, ICE PELLETS, HAIL 4 = ICE PELLETS
TOTAL MONTH: 0.0 INCH 5 = HAIL
GRTST 24HR 0.0 6 = FREEZING RAIN OR DRIZZLE
GRTST DEPTH: 0 7 = DUSTSTORM OR SANDSTORM:
VSBY 1/2 MILE OR LESS
8 = SMOKE OR HAZE
[NO. OF DAYS WITH] [WEATHER - DAYS WITH] 9 = BLOWING SNOW
X = TORNADO
MAX 32 OR BELOW: 0 0.01 INCH OR MORE: 9
MAX 90 OR ABOVE: 11 0.10 INCH OR MORE: 4
MIN 32 OR BELOW: 0 0.50 INCH OR MORE: 1
MIN 0 OR BELOW: 0 1.00 INCH OR MORE: 0
[HDD (BASE 65) ]
TOTAL THIS MO. 45 CLEAR (SCALE 0-3) 24
DPTR FM NORMAL -75 PTCLDY (SCALE 4-7) 6
TOTAL FM JUL 1 57 CLOUDY (SCALE 8-10) 0
DPTR FM NORMAL -77
[CDD (BASE 65) ]
TOTAL THIS MO. 109
DPTR FM NORMAL 15 [PRESSURE DATA]
TOTAL FM JAN 1 890 HIGHEST SLP 30.28 ON 10
DPTR FM NORMAL -7 LOWEST SLP 29.46 ON 4
[REMARKS]
#FINAL-09-23#