000
CXUS52 KILM 011100
CF6LBT
PRELIMINARY LOCAL CLIMATOLOGICAL DATA (WS FORM: F-6)
STATION: LUMBERTON NORTH CAROLINA
MONTH: FEBRUARY
YEAR: 2021
LATITUDE: 34 35 N
LONGITUDE: 79 4 W
TEMPERATURE IN F: :PCPN: SNOW: WIND :SUNSHINE: SKY :PK WND
================================================================================
1 2 3 4 5 6A 6B 7 8 9 10 11 12 13 14 15 16 17 18
12Z AVG MX 2MIN
DY MAX MIN AVG DEP HDD CDD WTR SNW DPTH SPD SPD DIR MIN PSBL S-S WX SPD DR
================================================================================
1 46 35 41 -3 24 0 0.03 M M M M M M M M M M
2 48 37 43 -1 22 0 0.00 M M M M M M M M M M
3 53 30 42 -3 23 0 0.00 M M M M M M M M M M
4 53 26 40 -5 25 0 0.00 M M M M M M M M M M
5 53 46 50 5 15 0 0.14 M M M M M M M M M M
6 51 39 45 0 20 0 0.24 M M M M M M M M M M
7 52 33 43 -2 22 0 0.25 M M M M M M M M M M
8 59 30 45 0 20 0 0.00 M M M M M M M M M M
9 66 42 54 8 11 0 0.00 M M M M M M M M M M
10 61 46 54 8 11 0 0.00 M M M M M M M M M M
11 62 47 55 9 10 0 0.45 M M M M M M M M M M
12 47 36 42 -4 23 0 0.21 M M M M M M M M M M
13 40 35 38 -8 27 0 1.48 M M M M M M M M M M
14 40 37 39 -7 26 0 0.54 M M M M M M M M M M
15 58 39 49 2 16 0 0.51 M M M M M M M M M M
16 66 42 54 7 11 0 0.05 M M M M M M M M M M
17 49 34 42 -5 23 0 0.00 M M M M M M M M M M
18 44 35 40 -7 25 0 1.67 M M M M M M M M M M
19 47 34 41 -7 24 0 0.75 M M M M M M M M M M
20 50 29 40 -8 25 0 0.00 M M M M M M M M M M
21 50 30 40 -8 25 0 0.00 M M M M M M M M M M
22 66 38 52 4 13 0 0.29 M M M M M M M M M M
23 67 41 54 6 11 0 0.00 M M M M M M M M M M
24 75 37 56 7 9 0 0.00 M M M M M M M M M M
25 72 47 60 11 5 0 0.00 M M M M M M M M M M
26 59 46 53 4 12 0 0.00 M M M M M M M M M M
27 77 45 61 11 4 0 0.00 M M M M M M M M M M
28 81 57 69 19 0 4 0.00 M M M M M M M M M M
================================================================================
SM 1592 1073 482 4 6.61 M M M M
================================================================================
AV 56.9 38.3 M FASTST M M M MAX(MPH)
MISC ----> M M M M
================================================================================
NOTES:
# LAST OF SEVERAL OCCURRENCES
COLUMN 17 PEAK WIND IN M.P.H.
PRELIMINARY LOCAL CLIMATOLOGICAL DATA (WS FORM: F-6) , PAGE 2
STATION: LUMBERTON NORTH CAROLINA
MONTH: FEBRUARY
YEAR: 2021
LATITUDE: 34 35 N
LONGITUDE: 79 4 W
[TEMPERATURE DATA] [PRECIPITATION DATA] SYMBOLS USED IN COLUMN 16
AVERAGE MONTHLY: 47.6 TOTAL FOR MONTH: 6.61 1 = FOG OR MIST
DPTR FM NORMAL: 0.8 DPTR FM NORMAL: 3.71 2 = FOG REDUCING VISIBILITY
HIGHEST: 81 ON 28 GRTST 24HR 1.67 ON 18-18 TO 1/4 MILE OR LESS
LOWEST: 26 ON 4 3 = THUNDER
SNOW, ICE PELLETS, HAIL 4 = ICE PELLETS
TOTAL MONTH: M 5 = HAIL
GRTST 24HR M ON M 6 = FREEZING RAIN OR DRIZZLE
GRTST DEPTH: M ON M 7 = DUSTSTORM OR SANDSTORM:
VSBY 1/2 MILE OR LESS
8 = SMOKE OR HAZE
[NO. OF DAYS WITH] [WEATHER - DAYS WITH] 9 = BLOWING SNOW
X = TORNADO
MAX 32 OR BELOW: 0 0.01 INCH OR MORE: 13
MAX 90 OR ABOVE: 0 0.10 INCH OR MORE: 11
MIN 32 OR BELOW: 5 0.50 INCH OR MORE: 5
MIN 0 OR BELOW: 0 1.00 INCH OR MORE: 2
[HDD (BASE 65) ]
TOTAL THIS MO. 482 CLEAR (SCALE 0-3) 0
DPTR FM NORMAL -29 PTCLDY (SCALE 4-7) 0
TOTAL FM JUL 1 1917 CLOUDY (SCALE 8-10) 28
DPTR FM NORMAL -313
[CDD (BASE 65) ]
TOTAL THIS MO. 4
DPTR FM NORMAL 2 [PRESSURE DATA]
TOTAL FM JAN 1 4 HIGHEST SLP M ON M
DPTR FM NORMAL 3 LOWEST SLP M ON M
[REMARKS]
#FINAL-02-21#