000
CXUS54 KHGX 011410
CF6LBX
PRELIMINARY LOCAL CLIMATOLOGICAL DATA (WS FORM: F-6)
STATION: ANGLETON/LAKE_JACKS
MONTH: OCTOBER
YEAR: 2022
LATITUDE: 29 6 N
LONGITUDE: 95 28 W
TEMPERATURE IN F: :PCPN: SNOW: WIND :SUNSHINE: SKY :PK WND
================================================================================
1 2 3 4 5 6A 6B 7 8 9 10 11 12 13 14 15 16 17 18
12Z AVG MX 2MIN
DY MAX MIN AVG DEP HDD CDD WTR SNW DPTH SPD SPD DIR MIN PSBL S-S WX SPD DR
================================================================================
1 85 51 68 -9 0 3 0.00 0.0 0 4.9 13 100 M M 0 22 90
2 86 51 69 -8 0 4 0.00 0.0 0 3.5 13 350 M M 0 1 17 360
3 88 54 71 -5 0 6 0.00 0.0 0 3.3 13 360 M M 0 1 18 360
4 86 58 72 -4 0 7 0.00 0.0 0 2.7 15 60 M M 1 21 40
5 88 57 73 -3 0 8 0.00 0.0 0 4.7 14 120 M M 0 1 23 110
6 89 56 73 -3 0 8 0.00 0.0 0 4.5 14 140 M M 1 12 20 80
7 88 60 74 -2 0 9 0.00 0.0 0 2.4 10 10 M M 0 18 17 360
8 89 65 77 2 0 12 0.00 0.0 0 5.1 16 110 M M 0 1 25 130
9 86 60 73 -2 0 8 0.00 0.0 0 6.2 15 120 M M 0 1 21 130
10 85 59 72 -3 0 7 0.00 0.0 0 6.3 17 130 M M 0 1 25 130
11 85 61 73 -1 0 8 0.00 0.0 0 5.9 16 140 M M 3 23 130
12 91 69 80 6 0 15 0.00 0.0 0 5.1 20 170 M M 3 12 27 170
13 93 69 81 7 0 16 0.00 0.0 0 4.2 16 70 M M 5 123 24 90
14 86 65 76 2 0 11 0.00 0.0 0 6.2 15 150 M M 1 12 24 150
15 89 63 76 3 0 11 0.00 0.0 0 4.9 15 170 M M 1 1 23 190
16 90 67 79 6 0 14 0.00 0.0 0 4.5 15 120 M M 2 1 22 150
17 75 55 65 -7 0 0 0.04 0.0 0 8.1 22 10 M M 4 12 29 10
18 71 47 59 -13 6 0 0.00 0.0 0 9.3 20 10 M M 0 29 10
19 70 39 55 -17 10 0 0.00 0.0 0 5.5 16 360 M M 0 23 10
20 82 42 62 -10 3 0 0.00 0.0 0 5.1 17 190 M M 0 24 190
21 84 53 69 -2 0 4 0.00 0.0 0 5.8 22 170 M M 1 27 170
22 85 60 73 2 0 8 0.00 0.0 0 10.4 24 180 M M 2 36 180
23 86 65 76 5 0 11 0.00 0.0 0 14.8 25 180 M M 3 34 180
24 82 73 78 8 0 13 0.01 0.0 0 15.8 21 180 M M 7 32 160
25 78 45 62 -8 3 0 0.14 0.0 0 M M M M M M M M
26 75 44 60 -10 5 0 0.00 0.0 0 M M M M M M M M
27 77 47 62 -7 3 0 0.19 0.0 0 7.3 16 140 M M 6 13 23 130
28 77 58 68 -1 0 3 0.69 0.0 0 9.6 22 120 M M 9 1 30 120
29 67 51 59 -10 6 0 0.00 0.0 0 6.0 14 340 M M 6 1 26 330
30 78 47 63 -5 2 0 0.00 0.0 0 3.1 13 330 M M 0 1 18 330
31 79 50 65 -3 0 0 0.00 0.0 0 3.5 14 120 M M 0 1 18 120
================================================================================
SM 2570 1741 38 186 1.07 0.0 178.7 M 55
================================================================================
AV 82.9 56.2 6.2 FASTST M M 2 MAX(MPH)
MISC ----> 25 180 36 180
================================================================================
NOTES:
# LAST OF SEVERAL OCCURRENCES
COLUMN 17 PEAK WIND IN M.P.H.
PRELIMINARY LOCAL CLIMATOLOGICAL DATA (WS FORM: F-6) , PAGE 2
STATION: ANGLETON/LAKE_JACKS
MONTH: OCTOBER
YEAR: 2022
LATITUDE: 29 6 N
LONGITUDE: 95 28 W
[TEMPERATURE DATA] [PRECIPITATION DATA] SYMBOLS USED IN COLUMN 16
AVERAGE MONTHLY: 69.5 TOTAL FOR MONTH: 1.07 1 = FOG OR MIST
DPTR FM NORMAL: -3.2 DPTR FM NORMAL: -3.37 2 = FOG REDUCING VISIBILITY
HIGHEST: 93 ON 13 GRTST 24HR 0.88 ON 27-28 TO 1/4 MILE OR LESS
LOWEST: 39 ON 19 3 = THUNDER
SNOW, ICE PELLETS, HAIL 4 = ICE PELLETS
TOTAL MONTH: 0.0 INCH 5 = HAIL
GRTST 24HR 0.0 6 = FREEZING RAIN OR DRIZZLE
GRTST DEPTH: 0 7 = DUSTSTORM OR SANDSTORM:
VSBY 1/2 MILE OR LESS
8 = SMOKE OR HAZE
[NO. OF DAYS WITH] [WEATHER - DAYS WITH] 9 = BLOWING SNOW
X = TORNADO
MAX 32 OR BELOW: 0 0.01 INCH OR MORE: 5
MAX 90 OR ABOVE: 3 0.10 INCH OR MORE: 3
MIN 32 OR BELOW: 0 0.50 INCH OR MORE: 1
MIN 0 OR BELOW: 0 1.00 INCH OR MORE: 0
[HDD (BASE 65) ]
TOTAL THIS MO. 38 CLEAR (SCALE 0-3) 23
DPTR FM NORMAL 18 PTCLDY (SCALE 4-7) 5
TOTAL FM JUL 1 38 CLOUDY (SCALE 8-10) 3
DPTR FM NORMAL 20
[CDD (BASE 65) ]
TOTAL THIS MO. 186
DPTR FM NORMAL -72 [PRESSURE DATA]
TOTAL FM JAN 1 3338 HIGHEST SLP 30.36 ON 19
DPTR FM NORMAL 243 LOWEST SLP 29.75 ON 24
[REMARKS]
#FINAL-10-22#