000
CXUS53 KLMK 011802 RRA
CF6LEX
PRELIMINARY LOCAL CLIMATOLOGICAL DATA (WS FORM: F-6)
STATION: LEXINGTON KY
MONTH: NOVEMBER
YEAR: 2021
LATITUDE: 38 1 N
LONGITUDE: 84 36 W
TEMPERATURE IN F: :PCPN: SNOW: WIND :SUNSHINE: SKY :PK WND
================================================================================
1 2 3 4 5 6A 6B 7 8 9 10 11 12 13 14 15 16 17 18
12Z AVG MX 2MIN
DY MAX MIN AVG DEP HDD CDD WTR SNW DPTH SPD SPD DIR MIN PSBL S-S WX SPD DR
================================================================================
1 56 39 48 -4 17 0 T 0.0 0 4.2 16 320 M M 3 18 24 330
2 50 34 42 -9 23 0 0.01 0.0 0 5.0 13 290 M M 6 19 280
3 48 27 38 -13 27 0 0.00 0.0 0 1.9 10 40 M M 0 15 50
4 51 26 39 -11 26 0 0.00 0.0 0 3.3 13 50 M M 0 16 20
5 52 28 40 -10 25 0 0.00 0.0 0 6.9 16 90 M M 0 23 90
6 59 25 42 -8 23 0 0.00 0.0 0 0.9 7 10 M M 0 10 110
7 61 27 44 -5 21 0 0.00 0.0 0 1.8 8 270 M M 0 10 290
8 69 33 51 2 14 0 0.00 0.0 0 6.0 14 180 M M 0 18 170
9 67 37 52 4 13 0 0.00 0.0 0 7.2 15 220 M M 0 21 220
10 69 46 58 10 7 0 0.00 0.0 0 5.1 12 180 M M 2 15 180
11 66 44 55 7 10 0 0.60 0.0 0 12.7 28 190 M M 4 1 39 180
12 55 38 47 0 18 0 T 0.0 0 11.3 28 230 M M 6 1 41 250
13 40 34 37 -10 28 0 0.00 0.0 0 8.4 15 270 M M 10 21 260
14 45 33 39 -7 26 0 0.06 T 0 12.2 26 300 M M 8 40 300
15 42 26 34 -12 31 0 T T 0 7.0 16 280 M M 5 23 300
16 65 35 50 4 15 0 0.00 0.0 0 9.5 15 180 M M 2 19 170
17 69 57 63 18 2 0 0.00 0.0 0 15.1 26 210 M M 6 39 210
18 61 31 46 1 19 0 0.32 0.0 0 9.3 25 320 M M 4 1 37 320
19 40 24 32 -13 33 0 0.00 0.0 0 5.6 12 60 M M 0 16 310
20 56 29 43 -1 22 0 0.00 0.0 0 8.1 18 210 M M 3 24 240
21 49 44 47 3 18 0 0.87 0.0 0 7.5 13 280 M M 9 1 19 280
22 44 25 35 -9 30 0 0.00 0.0 0 7.4 17 340 M M 2 1 24 340
23 41 19 30 -13 35 0 0.00 0.0 0 4.0 9 240 M M 0 13 250
24 55 28 42 -1 23 0 0.00 0.0 0 10.5 18 180 M M 0 26 210
25 50 37 44 1 21 0 0.22 0.0 0 12.6 20 300 M M 9 1 29 300
26 37 26 32 -10 33 0 0.00 0.0 0 7.5 18 300 M M 8 28 290
27 52 27 40 -2 25 0 0.00 0.0 0 9.8 17 210 M M 4 26 210
28 49 29 39 -3 26 0 0.00 0.0 0 9.9 22 340 M M 0 30 320
29 43 22 33 -9 32 0 0.00 0.0 0 4.9 13 200 M M 1 19 190
30 57 32 45 4 20 0 0.00 0.0 0 8.4 18 250 M M 0 26 260
================================================================================
SM 1598 962 663 0 2.08 T 224.0 M 92
================================================================================
AV 53.3 32.1 7.5 FASTST M M 3 MAX(MPH)
MISC ----> # 28 190 41 250
================================================================================
NOTES:
# LAST OF SEVERAL OCCURRENCES
COLUMN 17 PEAK WIND IN M.P.H.
PRELIMINARY LOCAL CLIMATOLOGICAL DATA (WS FORM: F-6) , PAGE 2
STATION: LEXINGTON KY
MONTH: NOVEMBER
YEAR: 2021
LATITUDE: 38 1 N
LONGITUDE: 84 36 W
[TEMPERATURE DATA] [PRECIPITATION DATA] SYMBOLS USED IN COLUMN 16
AVERAGE MONTHLY: 42.7 TOTAL FOR MONTH: 2.08 1 = FOG OR MIST
DPTR FM NORMAL: -3.4 DPTR FM NORMAL: -1.29 2 = FOG REDUCING VISIBILITY
HIGHEST: 69 ON 17,10 GRTST 24HR 0.87 ON 21-21 TO 1/4 MILE OR LESS
LOWEST: 19 ON 23 3 = THUNDER
SNOW, ICE PELLETS, HAIL 4 = ICE PELLETS
TOTAL MONTH: T 5 = HAIL
GRTST 24HR T ON 14-14 6 = FREEZING RAIN OR DRIZZLE
GRTST DEPTH: 0 7 = DUSTSTORM OR SANDSTORM:
VSBY 1/2 MILE OR LESS
8 = SMOKE OR HAZE
[NO. OF DAYS WITH] [WEATHER - DAYS WITH] 9 = BLOWING SNOW
X = TORNADO
MAX 32 OR BELOW: 0 0.01 INCH OR MORE: 6
MAX 90 OR ABOVE: 0 0.10 INCH OR MORE: 4
MIN 32 OR BELOW: 17 0.50 INCH OR MORE: 2
MIN 0 OR BELOW: 0 1.00 INCH OR MORE: 0
[HDD (BASE 65) ]
TOTAL THIS MO. 663 CLEAR (SCALE 0-3) 17
DPTR FM NORMAL 94 PTCLDY (SCALE 4-7) 8
TOTAL FM JUL 1 868 CLOUDY (SCALE 8-10) 5
DPTR FM NORMAL 0
[CDD (BASE 65) ]
TOTAL THIS MO. 0
DPTR FM NORMAL -2 [PRESSURE DATA]
TOTAL FM JAN 1 1160 HIGHEST SLP 30.60 ON 19
DPTR FM NORMAL -129 LOWEST SLP 29.73 ON 11
[REMARKS]
#FINAL-11-21#